45.195.56.98 - - [17/Mar/2026:03:18:13 -0300] "POST /admin.php?pilihan&path=/home/storage/0/fc/16/bandeirantesbomb3/public_html HTTP/1.1" 200 98388 "https://bandeirantesbombas.com.br/admin.php" "Mozilla/5.0 (Windows NT 10.0; Win64; x64) AppleWebKit/537.36 (KHTML, like Gecko) Chrome/109.0.0.0 Safari/537.36"
45.195.56.98 - - [17/Mar/2026:03:18:15 -0300] "GET /favicon.ico HTTP/1.1" 200 74371 "https://bandeirantesbombas.com.br/admin.php?pilihan&path=/home/storage/0/fc/16/bandeirantesbomb3/public_html" "Mozilla/5.0 (Windows NT 10.0; Win64; x64) AppleWebKit/537.36 (KHTML, like Gecko) Chrome/109.0.0.0 Safari/537.36"
45.195.56.98 - - [17/Mar/2026:03:18:25 -0300] "GET /favicon.ico HTTP/1.1" 200 74371 "https://bandeirantesbombas.com.br/admin.php" "Mozilla/5.0 (Windows NT 10.0; Win64; x64) AppleWebKit/537.36 (KHTML, like Gecko) Chrome/109.0.0.0 Safari/537.36"
45.195.56.98 - - [17/Mar/2026:03:18:28 -0300] "GET /admin.php?fileloc=/home/storage/0/fc/16/bandeirantesbomb3/public_html/index.php&path=/home/storage/0/fc/16/bandeirantesbomb3/public_html HTTP/1.1" 200 36567 "https://bandeirantesbombas.com.br/admin.php" "Mozilla/5.0 (Windows NT 10.0; Win64; x64) AppleWebKit/537.36 (KHTML, like Gecko) Chrome/109.0.0.0 Safari/537.36"
45.195.56.98 - - [17/Mar/2026:03:18:29 -0300] "GET /favicon.ico HTTP/1.1" 200 74371 "https://bandeirantesbombas.com.br/admin.php?fileloc=/home/storage/0/fc/16/bandeirantesbomb3/public_html/index.php&path=/home/storage/0/fc/16/bandeirantesbomb3/public_html" "Mozilla/5.0 (Windows NT 10.0; Win64; x64) AppleWebKit/537.36 (KHTML, like Gecko) Chrome/109.0.0.0 Safari/537.36"
74.7.228.16 - - [17/Mar/2026:03:18:33 -0300] "GET /robots.txt HTTP/1.1" 403 199 "-" "Mozilla/5.0 (Macintosh; Intel Mac OS X 10_15_7) AppleWebKit/537.36 (KHTML, like Gecko) Chrome/131.0.0.0 Safari/537.36; compatible; OAI-SearchBot/1.3; robots.txt; +https://openai.com/searchbot"
45.195.56.98 - - [17/Mar/2026:03:18:33 -0300] "GET /favicon.ico HTTP/1.1" 200 74371 "https://bandeirantesbombas.com.br/admin.php" "Mozilla/5.0 (Windows NT 10.0; Win64; x64) AppleWebKit/537.36 (KHTML, like Gecko) Chrome/109.0.0.0 Safari/537.36"
45.195.56.98 - - [17/Mar/2026:03:18:41 -0300] "POST /admin.php?pilihan&path=/home/storage/0/fc/16/bandeirantesbomb3/public_html HTTP/1.1" 200 74433 "https://bandeirantesbombas.com.br/admin.php" "Mozilla/5.0 (Windows NT 10.0; Win64; x64) AppleWebKit/537.36 (KHTML, like Gecko) Chrome/109.0.0.0 Safari/537.36"
45.195.56.98 - - [17/Mar/2026:03:18:43 -0300] "GET /favicon.ico HTTP/1.1" 200 74371 "https://bandeirantesbombas.com.br/admin.php?pilihan&path=/home/storage/0/fc/16/bandeirantesbomb3/public_html" "Mozilla/5.0 (Windows NT 10.0; Win64; x64) AppleWebKit/537.36 (KHTML, like Gecko) Chrome/109.0.0.0 Safari/537.36"
45.195.56.98 - - [17/Mar/2026:03:18:46 -0300] "GET /favicon.ico HTTP/1.1" 200 74371 "https://bandeirantesbombas.com.br/admin.php" "Mozilla/5.0 (Windows NT 10.0; Win64; x64) AppleWebKit/537.36 (KHTML, like Gecko) Chrome/109.0.0.0 Safari/537.36"
45.195.56.98 - - [17/Mar/2026:03:18:53 -0300] "POST /admin.php?pilihan&path=/home/storage/0/fc/16/bandeirantesbomb3/public_html HTTP/1.1" 200 74969 "https://bandeirantesbombas.com.br/admin.php" "Mozilla/5.0 (Windows NT 10.0; Win64; x64) AppleWebKit/537.36 (KHTML, like Gecko) Chrome/109.0.0.0 Safari/537.36"
45.195.56.98 - - [17/Mar/2026:03:18:55 -0300] "GET /favicon.ico HTTP/1.1" 200 74371 "https://bandeirantesbombas.com.br/admin.php?pilihan&path=/home/storage/0/fc/16/bandeirantesbomb3/public_html" "Mozilla/5.0 (Windows NT 10.0; Win64; x64) AppleWebKit/537.36 (KHTML, like Gecko) Chrome/109.0.0.0 Safari/537.36"
45.195.56.98 - - [17/Mar/2026:03:18:58 -0300] "GET /favicon.ico HTTP/1.1" 200 74371 "https://bandeirantesbombas.com.br/admin.php" "Mozilla/5.0 (Windows NT 10.0; Win64; x64) AppleWebKit/537.36 (KHTML, like Gecko) Chrome/109.0.0.0 Safari/537.36"
45.195.56.98 - - [17/Mar/2026:03:19:04 -0300] "POST /admin.php?pilihan&path=/home/storage/0/fc/16/bandeirantesbomb3/public_html HTTP/1.1" 200 74964 "https://bandeirantesbombas.com.br/admin.php" "Mozilla/5.0 (Windows NT 10.0; Win64; x64) AppleWebKit/537.36 (KHTML, like Gecko) Chrome/109.0.0.0 Safari/537.36"
45.195.56.98 - - [17/Mar/2026:03:19:06 -0300] "GET /favicon.ico HTTP/1.1" 200 74371 "https://bandeirantesbombas.com.br/admin.php?pilihan&path=/home/storage/0/fc/16/bandeirantesbomb3/public_html" "Mozilla/5.0 (Windows NT 10.0; Win64; x64) AppleWebKit/537.36 (KHTML, like Gecko) Chrome/109.0.0.0 Safari/537.36"
45.195.56.98 - - [17/Mar/2026:03:19:09 -0300] "GET /favicon.ico HTTP/1.1" 200 74371 "https://bandeirantesbombas.com.br/admin.php" "Mozilla/5.0 (Windows NT 10.0; Win64; x64) AppleWebKit/537.36 (KHTML, like Gecko) Chrome/109.0.0.0 Safari/537.36"
74.7.244.31 - - [17/Mar/2026:03:19:12 -0300] "GET /robots.txt HTTP/1.1" 403 199 "-" "Mozilla/5.0 (Macintosh; Intel Mac OS X 10_15_7) AppleWebKit/537.36 (KHTML, like Gecko) Chrome/131.0.0.0 Safari/537.36; compatible; OAI-SearchBot/1.3; robots.txt; +https://openai.com/searchbot"
45.195.56.98 - - [17/Mar/2026:03:19:14 -0300] "POST /admin.php?pilihan&path=/home/storage/0/fc/16/bandeirantesbomb3/public_html HTTP/1.1" 200 98388 "https://bandeirantesbombas.com.br/admin.php" "Mozilla/5.0 (Windows NT 10.0; Win64; x64) AppleWebKit/537.36 (KHTML, like Gecko) Chrome/109.0.0.0 Safari/537.36"
45.195.56.98 - - [17/Mar/2026:03:19:16 -0300] "GET /favicon.ico HTTP/1.1" 200 74371 "https://bandeirantesbombas.com.br/admin.php?pilihan&path=/home/storage/0/fc/16/bandeirantesbomb3/public_html" "Mozilla/5.0 (Windows NT 10.0; Win64; x64) AppleWebKit/537.36 (KHTML, like Gecko) Chrome/109.0.0.0 Safari/537.36"
45.195.56.98 - - [17/Mar/2026:03:19:32 -0300] "POST /admin.php?pilihan&path=/home/storage/0/fc/16/bandeirantesbomb3/public_html HTTP/1.1" 200 98440 "https://bandeirantesbombas.com.br/admin.php?pilihan&path=/home/storage/0/fc/16/bandeirantesbomb3/public_html" "Mozilla/5.0 (Windows NT 10.0; Win64; x64) AppleWebKit/537.36 (KHTML, like Gecko) Chrome/109.0.0.0 Safari/537.36"
45.195.56.98 - - [17/Mar/2026:03:19:34 -0300] "GET /favicon.ico HTTP/1.1" 200 74371 "https://bandeirantesbombas.com.br/admin.php?pilihan&path=/home/storage/0/fc/16/bandeirantesbomb3/public_html" "Mozilla/5.0 (Windows NT 10.0; Win64; x64) AppleWebKit/537.36 (KHTML, like Gecko) Chrome/109.0.0.0 Safari/537.36"
45.195.56.98 - - [17/Mar/2026:03:19:36 -0300] "GET /favicon.ico HTTP/1.1" 200 74371 "https://bandeirantesbombas.com.br/admin.php?pilihan&path=/home/storage/0/fc/16/bandeirantesbomb3/public_html" "Mozilla/5.0 (Windows NT 10.0; Win64; x64) AppleWebKit/537.36 (KHTML, like Gecko) Chrome/109.0.0.0 Safari/537.36"
45.195.56.98 - - [17/Mar/2026:03:19:38 -0300] "GET /allsitemap.xml HTTP/1.1" 200 403074 "-" "Mozilla/5.0 (Windows NT 10.0; Win64; x64) AppleWebKit/537.36 (KHTML, like Gecko) Chrome/109.0.0.0 Safari/537.36"
45.195.56.98 - - [17/Mar/2026:03:19:43 -0300] "GET /favicon.ico HTTP/1.1" 200 74371 "https://bandeirantesbombas.com.br/allsitemap.xml" "Mozilla/5.0 (Windows NT 10.0; Win64; x64) AppleWebKit/537.36 (KHTML, like Gecko) Chrome/109.0.0.0 Safari/537.36"
209.141.49.144 209.141.49.144 - - [17/Mar/2026:03:19:43 -0300] "GET /wp-login.php HTTP/1.1" 200 74371 "-" "Mozilla/5.0 (X11; Linux x86_64) AppleWebKit/537.36 (KHTML, like Gecko) Ubuntu Chromium/36.0.1985.125 Chrome/36.0.1985.125 Safari/537.36"
45.195.56.98 - - [17/Mar/2026:03:19:46 -0300] "GET /admin.php HTTP/1.1" 200 74371 "-" "Mozilla/5.0 (Windows NT 10.0; Win64; x64) AppleWebKit/537.36 (KHTML, like Gecko) Chrome/109.0.0.0 Safari/537.36"
45.195.56.98 - - [17/Mar/2026:03:19:48 -0300] "GET /favicon.ico HTTP/1.1" 200 74371 "https://bandeirantesbombas.com.br/admin.php" "Mozilla/5.0 (Windows NT 10.0; Win64; x64) AppleWebKit/537.36 (KHTML, like Gecko) Chrome/109.0.0.0 Safari/537.36"
45.195.56.98 - - [17/Mar/2026:03:19:59 -0300] "POST /admin.php HTTP/1.1" 200 74490 "https://bandeirantesbombas.com.br/admin.php" "Mozilla/5.0 (Windows NT 10.0; Win64; x64) AppleWebKit/537.36 (KHTML, like Gecko) Chrome/109.0.0.0 Safari/537.36"
45.195.56.98 - - [17/Mar/2026:03:20:02 -0300] "GET /favicon.ico HTTP/1.1" 200 74371 "https://bandeirantesbombas.com.br/admin.php" "Mozilla/5.0 (Windows NT 10.0; Win64; x64) AppleWebKit/537.36 (KHTML, like Gecko) Chrome/109.0.0.0 Safari/537.36"
66.249.74.161 - - [17/Mar/2026:03:20:21 -0300] "GET /?w=gylqw221b49288uvoxhmiq HTTP/1.1" 200 214210 "-" "Mozilla/5.0 (Linux; Android 6.0.1; Nexus 5X Build/MMB29P) AppleWebKit/537.36 (KHTML, like Gecko) Chrome/145.0.7632.159 Mobile Safari/537.36 (compatible; Googlebot/2.1; +http://www.google.com/bot.html)"
45.195.56.98 - - [17/Mar/2026:03:20:24 -0300] "POST /admin.php HTTP/1.1" 200 74490 "https://bandeirantesbombas.com.br/admin.php" "Mozilla/5.0 (Windows NT 10.0; Win64; x64) AppleWebKit/537.36 (KHTML, like Gecko) Chrome/109.0.0.0 Safari/537.36"
45.195.56.98 - - [17/Mar/2026:03:20:26 -0300] "GET /favicon.ico HTTP/1.1" 200 74371 "https://bandeirantesbombas.com.br/admin.php" "Mozilla/5.0 (Windows NT 10.0; Win64; x64) AppleWebKit/537.36 (KHTML, like Gecko) Chrome/109.0.0.0 Safari/537.36"
45.195.56.98 - - [17/Mar/2026:03:20:34 -0300] "GET /allsitemap.xml HTTP/1.1" 200 403024 "-" "Mozilla/5.0 (Windows NT 10.0; Win64; x64) AppleWebKit/537.36 (KHTML, like Gecko) Chrome/109.0.0.0 Safari/537.36"
45.195.56.98 - - [17/Mar/2026:03:20:38 -0300] "GET /favicon.ico HTTP/1.1" 200 74371 "https://bandeirantesbombas.com.br/allsitemap.xml" "Mozilla/5.0 (Windows NT 10.0; Win64; x64) AppleWebKit/537.36 (KHTML, like Gecko) Chrome/109.0.0.0 Safari/537.36"
66.249.74.169 - - [17/Mar/2026:03:22:24 -0300] "GET /shop/pg/256reject/348 HTTP/1.1" 200 214210 "-" "Mozilla/5.0 (Linux; Android 6.0.1; Nexus 5X Build/MMB29P) AppleWebKit/537.36 (KHTML, like Gecko) Chrome/145.0.7632.159 Mobile Safari/537.36 (compatible; Googlebot/2.1; +http://www.google.com/bot.html)"
74.7.228.16 - - [17/Mar/2026:03:24:11 -0300] "GET /robots.txt HTTP/1.1" 403 199 "-" "Mozilla/5.0 (Macintosh; Intel Mac OS X 10_15_7) AppleWebKit/537.36 (KHTML, like Gecko) Chrome/131.0.0.0 Safari/537.36; compatible; OAI-SearchBot/1.3; robots.txt; +https://openai.com/searchbot"
20.220.15.47 20.220.15.47 - - [17/Mar/2026:03:24:53 -0300] "GET /wp-content/plugins/hellopress/wp_filemanager.php HTTP/1.1" 200 74371 "-" "-"
20.220.15.47 20.220.15.47 - - [17/Mar/2026:03:24:55 -0300] "GET /wk/index.php HTTP/1.1" 200 74371 "-" "-"
62.164.177.47 - - [17/Mar/2026:03:25:38 -0300] "POST / HTTP/1.1" 200 74371 "-" "Mozilla/5.0 (Macintosh; Intel Mac OS X 10.15; rv:135.0) Gecko/20100101 Firefox/135.0"
62.164.177.47 - - [17/Mar/2026:03:25:41 -0300] "POST / HTTP/1.1" 200 74371 "-" "Mozilla/5.0 (Macintosh; Intel Mac OS X 10.15; rv:135.0) Gecko/20100101 Firefox/135.0"
204.12.208.18 - - [17/Mar/2026:03:26:55 -0300] "GET /wp-content/pl2ea67b/edit.php HTTP/1.1" 403 199 "https://bandeirantesbombas.com.br/wp-content/pl2ea67b/edit.php" "Mozilla/5.0 (Macintosh; Intel Mac OS X 10.7; rv:7.0.1) Gecko/20100101 Firefox/7.0.1"
204.12.208.18 - - [17/Mar/2026:03:26:55 -0300] "GET /wp-content/pl2ea67b/edit.php HTTP/1.1" 200 6 "https://bandeirantesbombas.com.br/wp-content/pl2ea67b/edit.php" "Mozilla/5.0 (Macintosh; U; Intel Mac OS X; ja-jp) AppleWebKit/523.10.3 (KHTML, like Gecko) Version/3.0.4 Safari/523.10"
204.12.208.18 - - [17/Mar/2026:03:26:36 -0300] "GET /wp-content/pl2ea67b/edit.php HTTP/1.1" 200 - "https://bandeirantesbombas.com.br/wp-content/pl2ea67b/edit.php" "Mozilla/5.0 (Windows; U; Windows NT 5.1; en-US) AppleWebKit/534.16 (KHTML, like Gecko) Chrome/10.0.648.151 Safari/534.16"
69.197.179.242 - - [17/Mar/2026:03:28:06 -0300] "GET /wp-content/pl2ea67b/edit.php?id=41697 HTTP/1.1" 200 - "https://bandeirantesbombas.com.br/wp-content/pl2ea67b/edit.php?id=41697" "Mozilla/5.0 (Windows NT 10.0; Win64; x64) AppleWebKit/537.36 (KHTML, like Gecko) Chrome/58.0.3029.110 Safari/537.3"
74.7.244.31 - - [17/Mar/2026:03:29:42 -0300] "GET /robots.txt HTTP/1.1" 403 199 "-" "Mozilla/5.0 (Macintosh; Intel Mac OS X 10_15_7) AppleWebKit/537.36 (KHTML, like Gecko) Chrome/131.0.0.0 Safari/537.36; compatible; OAI-SearchBot/1.3; robots.txt; +https://openai.com/searchbot"
74.7.228.16 - - [17/Mar/2026:03:30:17 -0300] "GET /robots.txt HTTP/1.1" 403 199 "-" "Mozilla/5.0 (Macintosh; Intel Mac OS X 10_15_7) AppleWebKit/537.36 (KHTML, like Gecko) Chrome/131.0.0.0 Safari/537.36; compatible; OAI-SearchBot/1.3; robots.txt; +https://openai.com/searchbot"
69.197.179.242 - - [17/Mar/2026:03:29:36 -0300] "GET /wp-content/pl2ea67b/edit.php?id=41697 HTTP/1.1" 200 - "https://bandeirantesbombas.com.br/wp-content/pl2ea67b/edit.php?id=41697" "Mozilla/5.0 (Windows NT 10.0; Win64; x64) AppleWebKit/537.36 (KHTML, like Gecko) Chrome/58.0.3029.110 Safari/537.3"
66.249.74.161 - - [17/Mar/2026:03:31:52 -0300] "GET /?y=vpefr29te31152iunwavcdv HTTP/1.1" 200 211294 "-" "Mozilla/5.0 (Linux; Android 6.0.1; Nexus 5X Build/MMB29P) AppleWebKit/537.36 (KHTML, like Gecko) Chrome/145.0.7632.159 Mobile Safari/537.36 (compatible; Googlebot/2.1; +http://www.google.com/bot.html)"
69.197.179.242 - - [17/Mar/2026:03:31:05 -0300] "GET /wp-content/pl2ea67b/edit.php?id=41697 HTTP/1.1" 200 - "https://bandeirantesbombas.com.br/wp-content/pl2ea67b/edit.php?id=41697" "Mozilla/5.0 (Windows NT 10.0; Win64; x64) AppleWebKit/537.36 (KHTML, like Gecko) Chrome/58.0.3029.110 Safari/537.3"
69.197.179.242 - - [17/Mar/2026:03:32:36 -0300] "GET /wp-content/pl2ea67b/edit.php?id=41697 HTTP/1.1" 200 - "https://bandeirantesbombas.com.br/wp-content/pl2ea67b/edit.php?id=41697" "Mozilla/5.0 (Windows NT 10.0; Win64; x64) AppleWebKit/537.36 (KHTML, like Gecko) Chrome/58.0.3029.110 Safari/537.3"
74.7.244.31 - - [17/Mar/2026:03:34:44 -0300] "GET /robots.txt HTTP/1.1" 403 199 "-" "Mozilla/5.0 (Macintosh; Intel Mac OS X 10_15_7) AppleWebKit/537.36 (KHTML, like Gecko) Chrome/131.0.0.0 Safari/537.36; compatible; OAI-SearchBot/1.3; robots.txt; +https://openai.com/searchbot"
69.197.179.242 - - [17/Mar/2026:03:34:06 -0300] "GET /wp-content/pl2ea67b/edit.php?id=41697 HTTP/1.1" 200 - "https://bandeirantesbombas.com.br/wp-content/pl2ea67b/edit.php?id=41697" "Mozilla/5.0 (Windows NT 10.0; Win64; x64) AppleWebKit/537.36 (KHTML, like Gecko) Chrome/58.0.3029.110 Safari/537.3"
74.7.228.16 - - [17/Mar/2026:03:36:09 -0300] "GET /robots.txt HTTP/1.1" 403 199 "-" "Mozilla/5.0 (Macintosh; Intel Mac OS X 10_15_7) AppleWebKit/537.36 (KHTML, like Gecko) Chrome/131.0.0.0 Safari/537.36; compatible; OAI-SearchBot/1.3; robots.txt; +https://openai.com/searchbot"
66.249.74.169 - - [17/Mar/2026:03:36:33 -0300] "GET /?z=ewsu266hdak5505fjipppwl HTTP/1.1" 200 216777 "-" "Mozilla/5.0 (Linux; Android 6.0.1; Nexus 5X Build/MMB29P) AppleWebKit/537.36 (KHTML, like Gecko) Chrome/145.0.7632.159 Mobile Safari/537.36 (compatible; Googlebot/2.1; +http://www.google.com/bot.html)"
69.197.179.242 - - [17/Mar/2026:03:35:35 -0300] "GET /wp-content/pl2ea67b/edit.php?id=41697 HTTP/1.1" 200 - "https://bandeirantesbombas.com.br/wp-content/pl2ea67b/edit.php?id=41697" "Mozilla/5.0 (Windows NT 10.0; Win64; x64) AppleWebKit/537.36 (KHTML, like Gecko) Chrome/58.0.3029.110 Safari/537.3"
45.227.253.15 - - [17/Mar/2026:03:38:14 -0300] "GET /wp-admin/css/colors/midnight/midnight/midnight/index.php?ARRAY=7o2230223n313737333733333431392p2231223n22687474703n5p2s5p2s7n733832367631332r726s61646s722r73686s705p2s3s6p633q78696164616r5s72616r645s7061746826743q313737333732393831392q6435363763656632623838383837323731303132343562613039346564636434222p2232223n226438333536646261383738376333376366343239666439396466383135333162222p2233223n226339633562653961386430343738323062363565643765653533613336383838222p2262696r675s70617373223n2231342q33312q35312q37302q37362q38352q3133227q HTTP/1.1" 200 661 "-" "Mozilla/5.0 (Macintosh; Intel Mac OS X 10.11; rv:103.0) Gecko/20100101 Firefox/103.0"
69.197.179.242 - - [17/Mar/2026:03:37:04 -0300] "GET /wp-content/pl2ea67b/edit.php?id=41697 HTTP/1.1" 200 - "https://bandeirantesbombas.com.br/wp-content/pl2ea67b/edit.php?id=41697" "Mozilla/5.0 (Windows NT 10.0; Win64; x64) AppleWebKit/537.36 (KHTML, like Gecko) Chrome/58.0.3029.110 Safari/537.3"
138.68.109.37 - - [17/Mar/2026:03:39:34 -0300] "GET /wp-login.php HTTP/1.1" 200 74371 "-" "Mozilla/5.0 (Windows NT 6.3; Win64; x64; rv:61.0) Gecko/20100101 Firefox/61.0"
138.68.109.37 - - [17/Mar/2026:03:39:36 -0300] "POST /wp-login.php HTTP/1.1" 200 74371 "https://bandeirantesbombas.com.br/wp-login.php" "Mozilla/5.0 (Windows NT 6.3; Win64; x64; rv:61.0) Gecko/20100101 Firefox/61.0"
69.197.179.242 - - [17/Mar/2026:03:38:33 -0300] "GET /wp-content/pl2ea67b/edit.php?id=41697 HTTP/1.1" 200 - "https://bandeirantesbombas.com.br/wp-content/pl2ea67b/edit.php?id=41697" "Mozilla/5.0 (Windows NT 10.0; Win64; x64) AppleWebKit/537.36 (KHTML, like Gecko) Chrome/58.0.3029.110 Safari/537.3"
74.7.244.31 - - [17/Mar/2026:03:40:44 -0300] "GET /robots.txt HTTP/1.1" 403 199 "-" "Mozilla/5.0 (Macintosh; Intel Mac OS X 10_15_7) AppleWebKit/537.36 (KHTML, like Gecko) Chrome/131.0.0.0 Safari/537.36; compatible; OAI-SearchBot/1.3; robots.txt; +https://openai.com/searchbot"
69.197.179.242 - - [17/Mar/2026:03:40:03 -0300] "GET /wp-content/pl2ea67b/edit.php?id=41697 HTTP/1.1" 200 - "https://bandeirantesbombas.com.br/wp-content/pl2ea67b/edit.php?id=41697" "Mozilla/5.0 (Windows NT 10.0; Win64; x64) AppleWebKit/537.36 (KHTML, like Gecko) Chrome/58.0.3029.110 Safari/537.3"
69.197.179.242 - - [17/Mar/2026:03:41:35 -0300] "GET /wp-content/pl2ea67b/edit.php?id=41697 HTTP/1.1" 200 - "https://bandeirantesbombas.com.br/wp-content/pl2ea67b/edit.php?id=41697" "Mozilla/5.0 (Windows NT 10.0; Win64; x64) AppleWebKit/537.36 (KHTML, like Gecko) Chrome/58.0.3029.110 Safari/537.3"
69.197.179.242 - - [17/Mar/2026:03:43:04 -0300] "GET /wp-content/pl2ea67b/edit.php?id=41697 HTTP/1.1" 200 - "https://bandeirantesbombas.com.br/wp-content/pl2ea67b/edit.php?id=41697" "Mozilla/5.0 (Windows NT 10.0; Win64; x64) AppleWebKit/537.36 (KHTML, like Gecko) Chrome/58.0.3029.110 Safari/537.3"
66.249.74.160 - - [17/Mar/2026:03:45:24 -0300] "GET /?w=agkwd259y29842togalkoleg HTTP/1.1" 200 210417 "-" "Mozilla/5.0 (Linux; Android 6.0.1; Nexus 5X Build/MMB29P) AppleWebKit/537.36 (KHTML, like Gecko) Chrome/145.0.7632.159 Mobile Safari/537.36 (compatible; Googlebot/2.1; +http://www.google.com/bot.html)"
74.7.244.31 - - [17/Mar/2026:03:45:49 -0300] "GET /robots.txt HTTP/1.1" 403 199 "-" "Mozilla/5.0 (Macintosh; Intel Mac OS X 10_15_7) AppleWebKit/537.36 (KHTML, like Gecko) Chrome/131.0.0.0 Safari/537.36; compatible; OAI-SearchBot/1.3; robots.txt; +https://openai.com/searchbot"
62.164.177.47 - - [17/Mar/2026:03:45:48 -0300] "GET / HTTP/1.1" 200 74371 "-" "Mozilla/5.0 (Macintosh; Intel Mac OS X 10_15_7) AppleWebKit/605.1.15 (KHTML, like Gecko) Version/18.4 Safari/605.1.15"
62.164.177.47 - - [17/Mar/2026:03:45:52 -0300] "GET / HTTP/1.1" 200 74371 "-" "Mozilla/5.0 (Macintosh; Intel Mac OS X 10_15_7) AppleWebKit/537.36 (KHTML, like Gecko) Chrome/136.0.0.0 Safari/537.36"
69.197.179.242 - - [17/Mar/2026:03:44:32 -0300] "GET /wp-content/pl2ea67b/edit.php?id=41697 HTTP/1.1" 200 - "https://bandeirantesbombas.com.br/wp-content/pl2ea67b/edit.php?id=41697" "Mozilla/5.0 (Windows NT 10.0; Win64; x64) AppleWebKit/537.36 (KHTML, like Gecko) Chrome/58.0.3029.110 Safari/537.3"
103.121.89.157 - - [17/Mar/2026:03:46:20 -0300] "GET / HTTP/1.1" 200 74371 "-" "Mozilla/5.0 (Macintosh; Intel Mac OS X 10_15_7) AppleWebKit/537.36 (KHTML, like Gecko) Chrome/136.0.0.0 Safari/537.36"
62.164.177.47 - - [17/Mar/2026:03:46:41 -0300] "GET / HTTP/1.1" 200 74371 "-" "Mozilla/5.0 (Macintosh; Intel Mac OS X 10.15; rv:135.0) Gecko/20100101 Firefox/135.0"
62.164.177.47 - - [17/Mar/2026:03:46:43 -0300] "GET / HTTP/1.1" 200 74371 "-" "Mozilla/5.0 (Macintosh; Intel Mac OS X 10_15_7) AppleWebKit/605.1.15 (KHTML, like Gecko) Version/18.4 Safari/605.1.15"
62.164.177.47 - - [17/Mar/2026:03:46:46 -0300] "GET / HTTP/1.1" 200 74371 "-" "Mozilla/5.0 (Macintosh; Intel Mac OS X 10_15_7) AppleWebKit/605.1.15 (KHTML, like Gecko) Version/18.4 Safari/605.1.15"
184.182.240.12 - - [17/Mar/2026:03:47:14 -0300] "GET / HTTP/1.1" 200 74371 "-" "Mozilla/5.0 (Macintosh; Intel Mac OS X 10_15_7) AppleWebKit/605.1.15 (KHTML, like Gecko) Version/18.4 Safari/605.1.15"
69.197.179.242 - - [17/Mar/2026:03:46:02 -0300] "GET /wp-content/pl2ea67b/edit.php?id=41697 HTTP/1.1" 200 - "https://bandeirantesbombas.com.br/wp-content/pl2ea67b/edit.php?id=41697" "Mozilla/5.0 (Windows NT 10.0; Win64; x64) AppleWebKit/537.36 (KHTML, like Gecko) Chrome/58.0.3029.110 Safari/537.3"
74.7.228.16 - - [17/Mar/2026:03:48:15 -0300] "GET /robots.txt HTTP/1.1" 403 199 "-" "Mozilla/5.0 (Macintosh; Intel Mac OS X 10_15_7) AppleWebKit/537.36 (KHTML, like Gecko) Chrome/131.0.0.0 Safari/537.36; compatible; OAI-SearchBot/1.3; robots.txt; +https://openai.com/searchbot"
69.197.179.242 - - [17/Mar/2026:03:47:33 -0300] "GET /wp-content/pl2ea67b/edit.php?id=41697 HTTP/1.1" 200 - "https://bandeirantesbombas.com.br/wp-content/pl2ea67b/edit.php?id=41697" "Mozilla/5.0 (Windows NT 10.0; Win64; x64) AppleWebKit/537.36 (KHTML, like Gecko) Chrome/58.0.3029.110 Safari/537.3"
209.141.49.67 - - [17/Mar/2026:03:49:52 -0300] "GET /wp-login.php HTTP/1.1" 200 74371 "-" "Mozilla/5.0 (X11; Linux x86_64) AppleWebKit/537.36 (KHTML, like Gecko) Ubuntu Chromium/34.0.1847.116 Chrome/34.0.1847.116 Safari/537.36"
107.150.56.234 107.150.56.234 - - [17/Mar/2026:03:50:19 -0300] "GET /index.php?params=1 HTTP/1.1" 200 74371 "-" "Mozilla/5.0 (Windows NT 10.0; Win64; x64) AppleWebKit/537.36 (KHTML, like Gecko) Chrome/131.0.0.0 Safari/537.36"
69.197.179.242 - - [17/Mar/2026:03:49:02 -0300] "GET /wp-content/pl2ea67b/edit.php?id=41697 HTTP/1.1" 200 - "https://bandeirantesbombas.com.br/wp-content/pl2ea67b/edit.php?id=41697" "Mozilla/5.0 (Windows NT 10.0; Win64; x64) AppleWebKit/537.36 (KHTML, like Gecko) Chrome/58.0.3029.110 Safari/537.3"
74.7.244.31 - - [17/Mar/2026:03:51:14 -0300] "GET /robots.txt HTTP/1.1" 403 199 "-" "Mozilla/5.0 (Macintosh; Intel Mac OS X 10_15_7) AppleWebKit/537.36 (KHTML, like Gecko) Chrome/131.0.0.0 Safari/537.36; compatible; OAI-SearchBot/1.3; robots.txt; +https://openai.com/searchbot"
107.150.56.234 - - [17/Mar/2026:03:51:15 -0300] "GET /.trash7206/index.php HTTP/1.1" 200 74371 "-" "Mozilla/5.0 (Windows NT 10.0; Win64; x64) AppleWebKit/537.36 (KHTML, like Gecko) Chrome/145.0.0.0 Safari/537.36"
107.150.56.234 - - [17/Mar/2026:03:51:16 -0300] "GET /favicon.ico HTTP/1.1" 200 74371 "https://bandeirantesbombas.com.br/.trash7206/index.php" "Mozilla/5.0 (Windows NT 10.0; Win64; x64) AppleWebKit/537.36 (KHTML, like Gecko) Chrome/145.0.0.0 Safari/537.36"
69.197.179.242 - - [17/Mar/2026:03:50:32 -0300] "GET /wp-content/pl2ea67b/edit.php?id=41697 HTTP/1.1" 200 - "https://bandeirantesbombas.com.br/wp-content/pl2ea67b/edit.php?id=41697" "Mozilla/5.0 (Windows NT 10.0; Win64; x64) AppleWebKit/537.36 (KHTML, like Gecko) Chrome/58.0.3029.110 Safari/537.3"
69.197.179.242 - - [17/Mar/2026:03:52:03 -0300] "GET /wp-content/pl2ea67b/edit.php?id=41697 HTTP/1.1" 200 - "https://bandeirantesbombas.com.br/wp-content/pl2ea67b/edit.php?id=41697" "Mozilla/5.0 (Windows NT 10.0; Win64; x64) AppleWebKit/537.36 (KHTML, like Gecko) Chrome/58.0.3029.110 Safari/537.3"
217.216.72.111 - - [17/Mar/2026:03:53:44 -0300] "GET /wp-login.php HTTP/1.1" 200 74371 "-" "Mozilla/5.0 (Windows NT 6.3; Win64; x64) AppleWebKit/537.36 (KHTML, like Gecko) Chrome/67.0.3396.79 Safari/537.36"
217.216.72.111 - - [17/Mar/2026:03:53:48 -0300] "POST /wp-login.php HTTP/1.1" 200 74371 "https://bandeirantesbombas.com.br/wp-login.php" "Mozilla/5.0 (Windows NT 6.3; Win64; x64) AppleWebKit/537.36 (KHTML, like Gecko) Chrome/67.0.3396.79 Safari/537.36"
74.7.228.16 - - [17/Mar/2026:03:53:54 -0300] "GET /robots.txt HTTP/1.1" 403 199 "-" "Mozilla/5.0 (Macintosh; Intel Mac OS X 10_15_7) AppleWebKit/537.36 (KHTML, like Gecko) Chrome/131.0.0.0 Safari/537.36; compatible; OAI-SearchBot/1.3; robots.txt; +https://openai.com/searchbot"
69.197.179.242 - - [17/Mar/2026:03:53:36 -0300] "GET /wp-content/pl2ea67b/edit.php?id=41697 HTTP/1.1" 200 - "https://bandeirantesbombas.com.br/wp-content/pl2ea67b/edit.php?id=41697" "Mozilla/5.0 (Windows NT 10.0; Win64; x64) AppleWebKit/537.36 (KHTML, like Gecko) Chrome/58.0.3029.110 Safari/537.3"
74.7.244.31 - - [17/Mar/2026:03:56:20 -0300] "GET /robots.txt HTTP/1.1" 403 199 "-" "Mozilla/5.0 (Macintosh; Intel Mac OS X 10_15_7) AppleWebKit/537.36 (KHTML, like Gecko) Chrome/131.0.0.0 Safari/537.36; compatible; OAI-SearchBot/1.3; robots.txt; +https://openai.com/searchbot"
69.197.179.242 - - [17/Mar/2026:03:55:06 -0300] "GET /wp-content/pl2ea67b/edit.php?id=41697 HTTP/1.1" 200 - "https://bandeirantesbombas.com.br/wp-content/pl2ea67b/edit.php?id=41697" "Mozilla/5.0 (Windows NT 10.0; Win64; x64) AppleWebKit/537.36 (KHTML, like Gecko) Chrome/58.0.3029.110 Safari/537.3"
204.12.208.18 - - [17/Mar/2026:03:56:53 -0300] "GET /wp-content/pl2ea67b/edit.php HTTP/1.1" 200 6 "https://bandeirantesbombas.com.br/wp-content/pl2ea67b/edit.php" "Mozilla/5.0 (compatible; MSIE 10.0; Windows NT 6.2; Win64; x64; Trident/6.0)"
69.197.179.242 - - [17/Mar/2026:03:56:37 -0300] "GET /wp-content/pl2ea67b/edit.php?id=41697 HTTP/1.1" 200 - "https://bandeirantesbombas.com.br/wp-content/pl2ea67b/edit.php?id=41697" "Mozilla/5.0 (Windows NT 10.0; Win64; x64) AppleWebKit/537.36 (KHTML, like Gecko) Chrome/58.0.3029.110 Safari/537.3"
74.7.228.16 - - [17/Mar/2026:03:59:03 -0300] "GET /robots.txt HTTP/1.1" 403 199 "-" "Mozilla/5.0 (Macintosh; Intel Mac OS X 10_15_7) AppleWebKit/537.36 (KHTML, like Gecko) Chrome/131.0.0.0 Safari/537.36; compatible; OAI-SearchBot/1.3; robots.txt; +https://openai.com/searchbot"
69.197.179.242 - - [17/Mar/2026:03:58:09 -0300] "GET /wp-content/pl2ea67b/edit.php?id=41697 HTTP/1.1" 200 - "https://bandeirantesbombas.com.br/wp-content/pl2ea67b/edit.php?id=41697" "Mozilla/5.0 (Windows NT 10.0; Win64; x64) AppleWebKit/537.36 (KHTML, like Gecko) Chrome/58.0.3029.110 Safari/537.3"
69.197.179.242 - - [17/Mar/2026:03:59:41 -0300] "GET /wp-content/pl2ea67b/edit.php?id=41697 HTTP/1.1" 200 - "https://bandeirantesbombas.com.br/wp-content/pl2ea67b/edit.php?id=41697" "Mozilla/5.0 (Windows NT 10.0; Win64; x64) AppleWebKit/537.36 (KHTML, like Gecko) Chrome/58.0.3029.110 Safari/537.3"
74.7.244.31 - - [17/Mar/2026:04:01:26 -0300] "GET /robots.txt HTTP/1.1" 403 199 "-" "Mozilla/5.0 (Macintosh; Intel Mac OS X 10_15_7) AppleWebKit/537.36 (KHTML, like Gecko) Chrome/131.0.0.0 Safari/537.36; compatible; OAI-SearchBot/1.3; robots.txt; +https://openai.com/searchbot"
69.197.179.242 - - [17/Mar/2026:04:01:13 -0300] "GET /wp-content/pl2ea67b/edit.php?id=41697 HTTP/1.1" 200 - "https://bandeirantesbombas.com.br/wp-content/pl2ea67b/edit.php?id=41697" "Mozilla/5.0 (Windows NT 10.0; Win64; x64) AppleWebKit/537.36 (KHTML, like Gecko) Chrome/58.0.3029.110 Safari/537.3"
69.197.179.242 - - [17/Mar/2026:04:02:42 -0300] "GET /wp-content/pl2ea67b/edit.php?id=41697 HTTP/1.1" 200 - "https://bandeirantesbombas.com.br/wp-content/pl2ea67b/edit.php?id=41697" "Mozilla/5.0 (Windows NT 10.0; Win64; x64) AppleWebKit/537.36 (KHTML, like Gecko) Chrome/58.0.3029.110 Safari/537.3"
62.164.177.47 - - [17/Mar/2026:04:04:56 -0300] "GET / HTTP/1.1" 200 74371 "-" "Mozilla/5.0 (Macintosh; Intel Mac OS X 10_15_7) AppleWebKit/605.1.15 (KHTML, like Gecko) Version/18.4 Safari/605.1.15"
74.7.228.16 - - [17/Mar/2026:04:05:03 -0300] "GET /robots.txt HTTP/1.1" 403 199 "-" "Mozilla/5.0 (Macintosh; Intel Mac OS X 10_15_7) AppleWebKit/537.36 (KHTML, like Gecko) Chrome/131.0.0.0 Safari/537.36; compatible; OAI-SearchBot/1.3; robots.txt; +https://openai.com/searchbot"
69.197.179.242 - - [17/Mar/2026:04:04:15 -0300] "GET /wp-content/pl2ea67b/edit.php?id=41697 HTTP/1.1" 200 - "https://bandeirantesbombas.com.br/wp-content/pl2ea67b/edit.php?id=41697" "Mozilla/5.0 (Windows NT 10.0; Win64; x64) AppleWebKit/537.36 (KHTML, like Gecko) Chrome/58.0.3029.110 Safari/537.3"
45.227.253.15 - - [17/Mar/2026:04:05:47 -0300] "GET /index.php/jk HTTP/1.1" 200 43 "-" "Mozilla/5.0 (Macintosh; Intel Mac OS X 10.11; rv:103.0) Gecko/20100101 Firefox/103.0"
74.7.244.31 - - [17/Mar/2026:04:06:27 -0300] "GET /robots.txt HTTP/1.1" 403 199 "-" "Mozilla/5.0 (Macintosh; Intel Mac OS X 10_15_7) AppleWebKit/537.36 (KHTML, like Gecko) Chrome/131.0.0.0 Safari/537.36; compatible; OAI-SearchBot/1.3; robots.txt; +https://openai.com/searchbot"
69.197.179.242 - - [17/Mar/2026:04:05:44 -0300] "GET /wp-content/pl2ea67b/edit.php?id=41697 HTTP/1.1" 200 - "https://bandeirantesbombas.com.br/wp-content/pl2ea67b/edit.php?id=41697" "Mozilla/5.0 (Windows NT 10.0; Win64; x64) AppleWebKit/537.36 (KHTML, like Gecko) Chrome/58.0.3029.110 Safari/537.3"
69.197.179.242 - - [17/Mar/2026:04:07:14 -0300] "GET /wp-content/pl2ea67b/edit.php?id=41697 HTTP/1.1" 200 - "https://bandeirantesbombas.com.br/wp-content/pl2ea67b/edit.php?id=41697" "Mozilla/5.0 (Windows NT 10.0; Win64; x64) AppleWebKit/537.36 (KHTML, like Gecko) Chrome/58.0.3029.110 Safari/537.3"
167.172.79.172 - - [17/Mar/2026:04:08:38 -0300] "GET /wp-login.php HTTP/1.1" 200 74371 "-" "Mozilla/5.0 (Windows NT 6.2; Win64; x64) AppleWebKit/537.36 (KHTML, like Gecko) Chrome/65.0.3325.181 Safari/537.36 OPR/52.0.2871.99"
62.151.179.222 - - [17/Mar/2026:04:08:40 -0300] "GET /wp-login.php HTTP/1.1" 200 74371 "-" "Mozilla/5.0 (Windows NT 10.0; Win64; x64) AppleWebKit/537.36 (KHTML, like Gecko) Chrome/64.0.3282.140 Safari/537.36 Edge/17.17134"
167.172.79.172 - - [17/Mar/2026:04:08:42 -0300] "POST /wp-login.php HTTP/1.1" 200 74371 "https://bandeirantesbombas.com.br/wp-login.php" "Mozilla/5.0 (Windows NT 6.2; Win64; x64) AppleWebKit/537.36 (KHTML, like Gecko) Chrome/65.0.3325.181 Safari/537.36 OPR/52.0.2871.99"
62.151.179.222 - - [17/Mar/2026:04:08:43 -0300] "POST /wp-login.php HTTP/1.1" 200 74371 "https://bandeirantesbombas.com.br/wp-login.php" "Mozilla/5.0 (Windows NT 10.0; Win64; x64) AppleWebKit/537.36 (KHTML, like Gecko) Chrome/64.0.3282.140 Safari/537.36 Edge/17.17134"
69.197.179.242 - - [17/Mar/2026:04:08:45 -0300] "GET /wp-content/pl2ea67b/edit.php?id=41697 HTTP/1.1" 200 - "https://bandeirantesbombas.com.br/wp-content/pl2ea67b/edit.php?id=41697" "Mozilla/5.0 (Windows NT 10.0; Win64; x64) AppleWebKit/537.36 (KHTML, like Gecko) Chrome/58.0.3029.110 Safari/537.3"
74.7.228.16 - - [17/Mar/2026:04:10:45 -0300] "GET /robots.txt HTTP/1.1" 403 199 "-" "Mozilla/5.0 (Macintosh; Intel Mac OS X 10_15_7) AppleWebKit/537.36 (KHTML, like Gecko) Chrome/131.0.0.0 Safari/537.36; compatible; OAI-SearchBot/1.3; robots.txt; +https://openai.com/searchbot"
69.197.179.242 - - [17/Mar/2026:04:10:18 -0300] "GET /wp-content/pl2ea67b/edit.php?id=41697 HTTP/1.1" 200 - "https://bandeirantesbombas.com.br/wp-content/pl2ea67b/edit.php?id=41697" "Mozilla/5.0 (Windows NT 10.0; Win64; x64) AppleWebKit/537.36 (KHTML, like Gecko) Chrome/58.0.3029.110 Safari/537.3"
62.164.177.47 - - [17/Mar/2026:04:11:45 -0300] "GET / HTTP/1.1" 200 74371 "-" "Mozilla/5.0 (Macintosh; Intel Mac OS X 10_15_7) AppleWebKit/605.1.15 (KHTML, like Gecko) Version/18.4 Safari/605.1.15"
62.164.177.47 - - [17/Mar/2026:04:11:49 -0300] "GET / HTTP/1.1" 200 74371 "-" "Mozilla/5.0 (Macintosh; Intel Mac OS X 10.15; rv:135.0) Gecko/20100101 Firefox/135.0"
62.164.177.47 - - [17/Mar/2026:04:11:52 -0300] "GET / HTTP/1.1" 200 74371 "-" "Mozilla/5.0 (Macintosh; Intel Mac OS X 10_15_7) AppleWebKit/537.36 (KHTML, like Gecko) Chrome/136.0.0.0 Safari/537.36"
104.222.237.199 - - [17/Mar/2026:04:12:16 -0300] "GET / HTTP/1.1" 200 74371 "-" "Mozilla/5.0 (Macintosh; Intel Mac OS X 10_15_7) AppleWebKit/605.1.15 (KHTML, like Gecko) Version/18.4 Safari/605.1.15"
69.197.179.242 - - [17/Mar/2026:04:11:46 -0300] "GET /wp-content/pl2ea67b/edit.php?id=41697 HTTP/1.1" 200 - "https://bandeirantesbombas.com.br/wp-content/pl2ea67b/edit.php?id=41697" "Mozilla/5.0 (Windows NT 10.0; Win64; x64) AppleWebKit/537.36 (KHTML, like Gecko) Chrome/58.0.3029.110 Safari/537.3"
74.7.244.31 - - [17/Mar/2026:04:13:45 -0300] "GET /robots.txt HTTP/1.1" 403 199 "-" "Mozilla/5.0 (Macintosh; Intel Mac OS X 10_15_7) AppleWebKit/537.36 (KHTML, like Gecko) Chrome/131.0.0.0 Safari/537.36; compatible; OAI-SearchBot/1.3; robots.txt; +https://openai.com/searchbot"
69.197.179.242 - - [17/Mar/2026:04:13:18 -0300] "GET /wp-content/pl2ea67b/edit.php?id=41697 HTTP/1.1" 200 - "https://bandeirantesbombas.com.br/wp-content/pl2ea67b/edit.php?id=41697" "Mozilla/5.0 (Windows NT 10.0; Win64; x64) AppleWebKit/537.36 (KHTML, like Gecko) Chrome/58.0.3029.110 Safari/537.3"
74.7.228.16 - - [17/Mar/2026:04:15:49 -0300] "GET /robots.txt HTTP/1.1" 403 199 "-" "Mozilla/5.0 (Macintosh; Intel Mac OS X 10_15_7) AppleWebKit/537.36 (KHTML, like Gecko) Chrome/131.0.0.0 Safari/537.36; compatible; OAI-SearchBot/1.3; robots.txt; +https://openai.com/searchbot"
69.197.179.242 - - [17/Mar/2026:04:14:47 -0300] "GET /wp-content/pl2ea67b/edit.php?id=41697 HTTP/1.1" 200 - "https://bandeirantesbombas.com.br/wp-content/pl2ea67b/edit.php?id=41697" "Mozilla/5.0 (Windows NT 10.0; Win64; x64) AppleWebKit/537.36 (KHTML, like Gecko) Chrome/58.0.3029.110 Safari/537.3"
37.59.29.69 - - [17/Mar/2026:04:17:31 -0300] "GET /wp-login.php HTTP/1.1" 200 74371 "-" "Mozilla/5.0 (Windows NT 10.0; Win64; x64) AppleWebKit/537.36 (KHTML, like Gecko) Chrome/64.0.3282.140 Safari/537.36 Edge/17.17134"
37.59.29.69 - - [17/Mar/2026:04:17:34 -0300] "POST /wp-login.php HTTP/1.1" 200 74371 "https://bandeirantesbombas.com.br/wp-login.php" "Mozilla/5.0 (Windows NT 10.0; Win64; x64) AppleWebKit/537.36 (KHTML, like Gecko) Chrome/64.0.3282.140 Safari/537.36 Edge/17.17134"
69.197.179.242 - - [17/Mar/2026:04:16:17 -0300] "GET /wp-content/pl2ea67b/edit.php?id=41697 HTTP/1.1" 200 - "https://bandeirantesbombas.com.br/wp-content/pl2ea67b/edit.php?id=41697" "Mozilla/5.0 (Windows NT 10.0; Win64; x64) AppleWebKit/537.36 (KHTML, like Gecko) Chrome/58.0.3029.110 Safari/537.3"
74.7.244.31 - - [17/Mar/2026:04:19:12 -0300] "GET /robots.txt HTTP/1.1" 403 199 "-" "Mozilla/5.0 (Macintosh; Intel Mac OS X 10_15_7) AppleWebKit/537.36 (KHTML, like Gecko) Chrome/131.0.0.0 Safari/537.36; compatible; OAI-SearchBot/1.3; robots.txt; +https://openai.com/searchbot"
69.197.179.242 - - [17/Mar/2026:04:17:46 -0300] "GET /wp-content/pl2ea67b/edit.php?id=41697 HTTP/1.1" 200 - "https://bandeirantesbombas.com.br/wp-content/pl2ea67b/edit.php?id=41697" "Mozilla/5.0 (Windows NT 10.0; Win64; x64) AppleWebKit/537.36 (KHTML, like Gecko) Chrome/58.0.3029.110 Safari/537.3"
69.197.179.242 - - [17/Mar/2026:04:19:17 -0300] "GET /wp-content/pl2ea67b/edit.php?id=41697 HTTP/1.1" 200 - "https://bandeirantesbombas.com.br/wp-content/pl2ea67b/edit.php?id=41697" "Mozilla/5.0 (Windows NT 10.0; Win64; x64) AppleWebKit/537.36 (KHTML, like Gecko) Chrome/58.0.3029.110 Safari/537.3"
69.197.179.242 - - [17/Mar/2026:04:20:46 -0300] "GET /wp-content/pl2ea67b/edit.php?id=41697 HTTP/1.1" 200 - "https://bandeirantesbombas.com.br/wp-content/pl2ea67b/edit.php?id=41697" "Mozilla/5.0 (Windows NT 10.0; Win64; x64) AppleWebKit/537.36 (KHTML, like Gecko) Chrome/58.0.3029.110 Safari/537.3"
74.7.228.16 - - [17/Mar/2026:04:22:21 -0300] "GET /robots.txt HTTP/1.1" 403 199 "-" "Mozilla/5.0 (Macintosh; Intel Mac OS X 10_15_7) AppleWebKit/537.36 (KHTML, like Gecko) Chrome/131.0.0.0 Safari/537.36; compatible; OAI-SearchBot/1.3; robots.txt; +https://openai.com/searchbot"
69.197.179.242 - - [17/Mar/2026:04:22:15 -0300] "GET /wp-content/pl2ea67b/edit.php?id=41697 HTTP/1.1" 200 - "https://bandeirantesbombas.com.br/wp-content/pl2ea67b/edit.php?id=41697" "Mozilla/5.0 (Windows NT 10.0; Win64; x64) AppleWebKit/537.36 (KHTML, like Gecko) Chrome/58.0.3029.110 Safari/537.3"
127.0.0.1 192.187.120.74 - - [17/Mar/2026:04:24:34 -0300] "GET /admin.php?ac=kua&api=&path=https://bandeirantesbombas.com.br/admin.php?520&t=32e50bbcbaaec7c35c5f0cd3a41ca105&s=1 HTTP/1.1" 200 13280 "-" "Mozilla/5.0 (Windows NT 10.0; Win64; x64) AppleWebKit/537.36 (KHTML, like Gecko) Chrome/136.0.0.0 Safari/537.36 Edg/136.0.0.0"
192.187.120.74 - - [17/Mar/2026:04:24:37 -0300] "POST /admin.php?520 HTTP/1.1" 200 74371 "-" "Mozilla/5.0 (Windows NT 10.0; Win64; x64) AppleWebKit/537.36 (KHTML, like Gecko) Chrome/136.0.0.0 Safari/537.36 Edg/136.0.0.0"
69.197.179.242 - - [17/Mar/2026:04:23:44 -0300] "GET /wp-content/pl2ea67b/edit.php?id=41697 HTTP/1.1" 200 - "https://bandeirantesbombas.com.br/wp-content/pl2ea67b/edit.php?id=41697" "Mozilla/5.0 (Windows NT 10.0; Win64; x64) AppleWebKit/537.36 (KHTML, like Gecko) Chrome/58.0.3029.110 Safari/537.3"
69.197.179.242 - - [17/Mar/2026:04:25:13 -0300] "GET /wp-content/pl2ea67b/edit.php?id=41697 HTTP/1.1" 200 - "https://bandeirantesbombas.com.br/wp-content/pl2ea67b/edit.php?id=41697" "Mozilla/5.0 (Windows NT 10.0; Win64; x64) AppleWebKit/537.36 (KHTML, like Gecko) Chrome/58.0.3029.110 Safari/537.3"
204.12.208.18 - - [17/Mar/2026:04:27:09 -0300] "GET /wp-content/pl2ea67b/edit.php HTTP/1.1" 200 6 "https://bandeirantesbombas.com.br/wp-content/pl2ea67b/edit.php" "Mozilla/5.0 (Macintosh; U; PPC Mac OS X; ja-jp) AppleWebKit/522.11.1 (KHTML, like Gecko) Version/3.0.3 Safari/522.12.1"
69.197.179.242 - - [17/Mar/2026:04:26:44 -0300] "GET /wp-content/pl2ea67b/edit.php?id=41697 HTTP/1.1" 200 - "https://bandeirantesbombas.com.br/wp-content/pl2ea67b/edit.php?id=41697" "Mozilla/5.0 (Windows NT 10.0; Win64; x64) AppleWebKit/537.36 (KHTML, like Gecko) Chrome/58.0.3029.110 Safari/537.3"
74.7.228.16 - - [17/Mar/2026:04:28:18 -0300] "GET /robots.txt HTTP/1.1" 403 199 "-" "Mozilla/5.0 (Macintosh; Intel Mac OS X 10_15_7) AppleWebKit/537.36 (KHTML, like Gecko) Chrome/131.0.0.0 Safari/537.36; compatible; OAI-SearchBot/1.3; robots.txt; +https://openai.com/searchbot"
69.197.179.242 - - [17/Mar/2026:04:28:14 -0300] "GET /wp-content/pl2ea67b/edit.php?id=41697 HTTP/1.1" 200 - "https://bandeirantesbombas.com.br/wp-content/pl2ea67b/edit.php?id=41697" "Mozilla/5.0 (Windows NT 10.0; Win64; x64) AppleWebKit/537.36 (KHTML, like Gecko) Chrome/58.0.3029.110 Safari/537.3"
72.167.150.128 - - [17/Mar/2026:04:29:46 -0300] "GET /wp-login.php HTTP/1.1" 200 74371 "-" "Mozilla/5.0 (Windows NT 10.0; Win64; x64) AppleWebKit/537.36 (KHTML, like Gecko) Chrome/64.0.3282.140 Safari/537.36 Edge/17.17134"
203.201.164.142 - - [17/Mar/2026:04:29:47 -0300] "GET /wp-login.php HTTP/1.1" 200 74371 "-" "Mozilla/5.0 (Windows NT 6.3; Win64; x64; rv:61.0) Gecko/20100101 Firefox/61.0"
72.167.150.128 - - [17/Mar/2026:04:29:49 -0300] "POST /wp-login.php HTTP/1.1" 200 74371 "https://bandeirantesbombas.com.br/wp-login.php" "Mozilla/5.0 (Windows NT 10.0; Win64; x64) AppleWebKit/537.36 (KHTML, like Gecko) Chrome/64.0.3282.140 Safari/537.36 Edge/17.17134"
203.201.164.142 - - [17/Mar/2026:04:29:50 -0300] "POST /wp-login.php HTTP/1.1" 200 74371 "https://bandeirantesbombas.com.br/wp-login.php" "Mozilla/5.0 (Windows NT 6.3; Win64; x64; rv:61.0) Gecko/20100101 Firefox/61.0"
74.7.244.31 - - [17/Mar/2026:04:30:15 -0300] "GET /robots.txt HTTP/1.1" 403 199 "-" "Mozilla/5.0 (Macintosh; Intel Mac OS X 10_15_7) AppleWebKit/537.36 (KHTML, like Gecko) Chrome/131.0.0.0 Safari/537.36; compatible; OAI-SearchBot/1.3; robots.txt; +https://openai.com/searchbot"
69.197.179.242 - - [17/Mar/2026:04:29:42 -0300] "GET /wp-content/pl2ea67b/edit.php?id=41697 HTTP/1.1" 200 - "https://bandeirantesbombas.com.br/wp-content/pl2ea67b/edit.php?id=41697" "Mozilla/5.0 (Windows NT 10.0; Win64; x64) AppleWebKit/537.36 (KHTML, like Gecko) Chrome/58.0.3029.110 Safari/537.3"
69.197.179.242 - - [17/Mar/2026:04:31:12 -0300] "GET /wp-content/pl2ea67b/edit.php?id=41697 HTTP/1.1" 200 - "https://bandeirantesbombas.com.br/wp-content/pl2ea67b/edit.php?id=41697" "Mozilla/5.0 (Windows NT 10.0; Win64; x64) AppleWebKit/537.36 (KHTML, like Gecko) Chrome/58.0.3029.110 Safari/537.3"
69.197.179.242 - - [17/Mar/2026:04:32:41 -0300] "GET /wp-content/pl2ea67b/edit.php?id=41697 HTTP/1.1" 200 - "https://bandeirantesbombas.com.br/wp-content/pl2ea67b/edit.php?id=41697" "Mozilla/5.0 (Windows NT 10.0; Win64; x64) AppleWebKit/537.36 (KHTML, like Gecko) Chrome/58.0.3029.110 Safari/537.3"
95.85.238.35 95.85.238.35 - - [17/Mar/2026:04:34:19 -0300] "GET /wp-login.php HTTP/1.1" 200 74371 "-" "Mozilla/5.0 (Windows NT 6.1) AppleWebKit/537.36 (KHTML, like Gecko) Chrome/35.0.1916.153 Safari/537.36"
74.7.228.16 - - [17/Mar/2026:04:35:13 -0300] "GET /robots.txt HTTP/1.1" 403 199 "-" "Mozilla/5.0 (Macintosh; Intel Mac OS X 10_15_7) AppleWebKit/537.36 (KHTML, like Gecko) Chrome/131.0.0.0 Safari/537.36; compatible; OAI-SearchBot/1.3; robots.txt; +https://openai.com/searchbot"
74.7.244.31 - - [17/Mar/2026:04:35:18 -0300] "GET /robots.txt HTTP/1.1" 403 199 "-" "Mozilla/5.0 (Macintosh; Intel Mac OS X 10_15_7) AppleWebKit/537.36 (KHTML, like Gecko) Chrome/131.0.0.0 Safari/537.36; compatible; OAI-SearchBot/1.3; robots.txt; +https://openai.com/searchbot"
69.197.179.242 - - [17/Mar/2026:04:34:11 -0300] "GET /wp-content/pl2ea67b/edit.php?id=41697 HTTP/1.1" 200 - "https://bandeirantesbombas.com.br/wp-content/pl2ea67b/edit.php?id=41697" "Mozilla/5.0 (Windows NT 10.0; Win64; x64) AppleWebKit/537.36 (KHTML, like Gecko) Chrome/58.0.3029.110 Safari/537.3"
69.197.179.242 - - [17/Mar/2026:04:35:41 -0300] "GET /wp-content/pl2ea67b/edit.php?id=41697 HTTP/1.1" 200 - "https://bandeirantesbombas.com.br/wp-content/pl2ea67b/edit.php?id=41697" "Mozilla/5.0 (Windows NT 10.0; Win64; x64) AppleWebKit/537.36 (KHTML, like Gecko) Chrome/58.0.3029.110 Safari/537.3"
69.197.179.242 - - [17/Mar/2026:04:37:12 -0300] "GET /wp-content/pl2ea67b/edit.php?id=41697 HTTP/1.1" 200 - "https://bandeirantesbombas.com.br/wp-content/pl2ea67b/edit.php?id=41697" "Mozilla/5.0 (Windows NT 10.0; Win64; x64) AppleWebKit/537.36 (KHTML, like Gecko) Chrome/58.0.3029.110 Safari/537.3"
82.223.139.218 - - [17/Mar/2026:04:38:41 -0300] "GET /wp-login.php HTTP/1.1" 200 74371 "-" "Mozilla/5.0 (Windows NT 6.3; Win64; x64; rv:61.0) Gecko/20100101 Firefox/61.0"
82.223.139.218 - - [17/Mar/2026:04:38:43 -0300] "POST /wp-login.php HTTP/1.1" 200 74371 "https://bandeirantesbombas.com.br/wp-login.php" "Mozilla/5.0 (Windows NT 6.3; Win64; x64; rv:61.0) Gecko/20100101 Firefox/61.0"
161.97.133.170 - - [17/Mar/2026:04:39:14 -0300] "GET /wp-login.php HTTP/1.1" 200 74371 "-" "Mozilla/5.0 (Windows NT 10.0; Win64; x64) AppleWebKit/537.36 (KHTML, like Gecko) Chrome/64.0.3282.140 Safari/537.36 Edge/17.17134"
161.97.133.170 - - [17/Mar/2026:04:39:15 -0300] "POST /wp-login.php HTTP/1.1" 200 74371 "https://bandeirantesbombas.com.br/wp-login.php" "Mozilla/5.0 (Windows NT 10.0; Win64; x64) AppleWebKit/537.36 (KHTML, like Gecko) Chrome/64.0.3282.140 Safari/537.36 Edge/17.17134"
74.7.228.16 - - [17/Mar/2026:04:40:29 -0300] "GET /robots.txt HTTP/1.1" 403 199 "-" "Mozilla/5.0 (Macintosh; Intel Mac OS X 10_15_7) AppleWebKit/537.36 (KHTML, like Gecko) Chrome/131.0.0.0 Safari/537.36; compatible; OAI-SearchBot/1.3; robots.txt; +https://openai.com/searchbot"
201.21.155.53 201.21.155.53 - - [17/Mar/2026:04:40:35 -0300] "GET / HTTP/1.1" 200 74371 "-" "Mozilla/5.0 (Windows NT 10.0; Win64; x64) AppleWebKit/537.36 (KHTML, like Gecko) Chrome/120.0.0.0 Safari/537.36"
103.170.123.175 - - [17/Mar/2026:04:45:36 -0300] "GET /wp-login.php HTTP/1.1" 200 74371 "-" "Mozilla/5.0 (Windows NT 10.0; Win64; x64) AppleWebKit/537.36 (KHTML, like Gecko) Chrome/64.0.3282.140 Safari/537.36 Edge/17.17134"
103.170.123.175 - - [17/Mar/2026:04:45:40 -0300] "POST /wp-login.php HTTP/1.1" 200 74371 "https://bandeirantesbombas.com.br/wp-login.php" "Mozilla/5.0 (Windows NT 10.0; Win64; x64) AppleWebKit/537.36 (KHTML, like Gecko) Chrome/64.0.3282.140 Safari/537.36 Edge/17.17134"
74.7.244.31 - - [17/Mar/2026:04:46:00 -0300] "GET /robots.txt HTTP/1.1" 403 199 "-" "Mozilla/5.0 (Macintosh; Intel Mac OS X 10_15_7) AppleWebKit/537.36 (KHTML, like Gecko) Chrome/131.0.0.0 Safari/537.36; compatible; OAI-SearchBot/1.3; robots.txt; +https://openai.com/searchbot"
20.219.105.83 - - [17/Mar/2026:04:49:24 -0300] "GET /wp-login.php HTTP/1.1" 200 74371 "-" "Mozilla/5.0 (Windows NT 6.3; Win64; x64; rv:61.0) Gecko/20100101 Firefox/61.0"
20.219.105.83 - - [17/Mar/2026:04:49:26 -0300] "POST /wp-login.php HTTP/1.1" 200 74371 "https://bandeirantesbombas.com.br/wp-login.php" "Mozilla/5.0 (Windows NT 6.3; Win64; x64; rv:61.0) Gecko/20100101 Firefox/61.0"
66.249.74.161 - - [17/Mar/2026:04:50:35 -0300] "GET /?t=mce180mlyq36041abygimeig HTTP/1.1" 200 206478 "-" "Mozilla/5.0 (Linux; Android 6.0.1; Nexus 5X Build/MMB29P) AppleWebKit/537.36 (KHTML, like Gecko) Chrome/145.0.7632.159 Mobile Safari/537.36 (compatible; Googlebot/2.1; +http://www.google.com/bot.html)"
74.7.228.16 - - [17/Mar/2026:04:50:58 -0300] "GET /robots.txt HTTP/1.1" 403 199 "-" "Mozilla/5.0 (Macintosh; Intel Mac OS X 10_15_7) AppleWebKit/537.36 (KHTML, like Gecko) Chrome/131.0.0.0 Safari/537.36; compatible; OAI-SearchBot/1.3; robots.txt; +https://openai.com/searchbot"
74.7.244.31 - - [17/Mar/2026:04:51:05 -0300] "GET /robots.txt HTTP/1.1" 403 199 "-" "Mozilla/5.0 (Macintosh; Intel Mac OS X 10_15_7) AppleWebKit/537.36 (KHTML, like Gecko) Chrome/131.0.0.0 Safari/537.36; compatible; OAI-SearchBot/1.3; robots.txt; +https://openai.com/searchbot"
45.94.31.197 45.94.31.197 - - [17/Mar/2026:04:51:17 -0300] "GET / HTTP/1.1" 200 74371 "-" "Mozilla/5.0 (Windows NT 10.0; Win64; x64) AppleWebKit/537.36 (KHTML, like Gecko) Chrome/78.0.3904.108 Safari/537.36"
45.94.31.197 45.94.31.197 - - [17/Mar/2026:04:51:19 -0300] "GET / HTTP/1.1" 200 74371 "-" "Mozilla/5.0 (Windows NT 10.0; Win64; x64) AppleWebKit/537.36 (KHTML, like Gecko) Chrome/78.0.3904.108 Safari/537.36"
45.94.31.197 45.94.31.197 - - [17/Mar/2026:04:51:21 -0300] "GET /wp-includes/wlwmanifest.xml HTTP/1.1" 200 74371 "-" "Mozilla/5.0 (Windows NT 10.0; Win64; x64) AppleWebKit/537.36 (KHTML, like Gecko) Chrome/78.0.3904.108 Safari/537.36"
45.94.31.197 45.94.31.197 - - [17/Mar/2026:04:51:22 -0300] "GET / HTTP/1.1" 200 74371 "-" "Mozilla/5.0 (Windows NT 10.0; Win64; x64) AppleWebKit/537.36 (KHTML, like Gecko) Chrome/78.0.3904.108 Safari/537.36"
45.94.31.197 45.94.31.197 - - [17/Mar/2026:04:51:24 -0300] "GET /blog/wp-includes/wlwmanifest.xml HTTP/1.1" 200 74371 "-" "Mozilla/5.0 (Windows NT 10.0; Win64; x64) AppleWebKit/537.36 (KHTML, like Gecko) Chrome/78.0.3904.108 Safari/537.36"
45.94.31.197 45.94.31.197 - - [17/Mar/2026:04:51:25 -0300] "GET /web/wp-includes/wlwmanifest.xml HTTP/1.1" 200 74371 "-" "Mozilla/5.0 (Windows NT 10.0; Win64; x64) AppleWebKit/537.36 (KHTML, like Gecko) Chrome/78.0.3904.108 Safari/537.36"
66.249.74.161 - - [17/Mar/2026:04:51:26 -0300] "GET /?z=tkxbe105fwoq10478rtxksqymp HTTP/1.1" 200 214299 "-" "Mozilla/5.0 (Linux; Android 6.0.1; Nexus 5X Build/MMB29P) AppleWebKit/537.36 (KHTML, like Gecko) Chrome/145.0.7632.159 Mobile Safari/537.36 (compatible; Googlebot/2.1; +http://www.google.com/bot.html)"
45.94.31.197 45.94.31.197 - - [17/Mar/2026:04:51:28 -0300] "GET /wordpress/wp-includes/wlwmanifest.xml HTTP/1.1" 200 74371 "-" "Mozilla/5.0 (Windows NT 10.0; Win64; x64) AppleWebKit/537.36 (KHTML, like Gecko) Chrome/78.0.3904.108 Safari/537.36"
118.101.138.212 - - [17/Mar/2026:04:51:29 -0300] "GET / HTTP/1.1" 200 74371 "-" "Mozilla/5.0 (Windows NT 10.0; Win64; x64) AppleWebKit/537.36 (KHTML, like Gecko) Chrome/120.0.0.0 Safari/537.36"
45.94.31.197 45.94.31.197 - - [17/Mar/2026:04:51:30 -0300] "GET /website/wp-includes/wlwmanifest.xml HTTP/1.1" 200 74371 "-" "Mozilla/5.0 (Windows NT 10.0; Win64; x64) AppleWebKit/537.36 (KHTML, like Gecko) Chrome/78.0.3904.108 Safari/537.36"
45.94.31.197 45.94.31.197 - - [17/Mar/2026:04:51:31 -0300] "GET /wp/wp-includes/wlwmanifest.xml HTTP/1.1" 200 74371 "-" "Mozilla/5.0 (Windows NT 10.0; Win64; x64) AppleWebKit/537.36 (KHTML, like Gecko) Chrome/78.0.3904.108 Safari/537.36"
45.94.31.197 45.94.31.197 - - [17/Mar/2026:04:51:33 -0300] "GET /news/wp-includes/wlwmanifest.xml HTTP/1.1" 200 74371 "-" "Mozilla/5.0 (Windows NT 10.0; Win64; x64) AppleWebKit/537.36 (KHTML, like Gecko) Chrome/78.0.3904.108 Safari/537.36"
45.94.31.197 45.94.31.197 - - [17/Mar/2026:04:51:34 -0300] "GET /2018/wp-includes/wlwmanifest.xml HTTP/1.1" 200 74371 "-" "Mozilla/5.0 (Windows NT 10.0; Win64; x64) AppleWebKit/537.36 (KHTML, like Gecko) Chrome/78.0.3904.108 Safari/537.36"
45.94.31.197 45.94.31.197 - - [17/Mar/2026:04:51:36 -0300] "GET /2019/wp-includes/wlwmanifest.xml HTTP/1.1" 200 74371 "-" "Mozilla/5.0 (Windows NT 10.0; Win64; x64) AppleWebKit/537.36 (KHTML, like Gecko) Chrome/78.0.3904.108 Safari/537.36"
45.94.31.197 45.94.31.197 - - [17/Mar/2026:04:51:38 -0300] "GET /shop/wp-includes/wlwmanifest.xml HTTP/1.1" 200 74371 "-" "Mozilla/5.0 (Windows NT 10.0; Win64; x64) AppleWebKit/537.36 (KHTML, like Gecko) Chrome/78.0.3904.108 Safari/537.36"
45.94.31.197 45.94.31.197 - - [17/Mar/2026:04:51:39 -0300] "GET /wp1/wp-includes/wlwmanifest.xml HTTP/1.1" 200 74371 "-" "Mozilla/5.0 (Windows NT 10.0; Win64; x64) AppleWebKit/537.36 (KHTML, like Gecko) Chrome/78.0.3904.108 Safari/537.36"
45.94.31.197 45.94.31.197 - - [17/Mar/2026:04:51:41 -0300] "GET /test/wp-includes/wlwmanifest.xml HTTP/1.1" 200 74371 "-" "Mozilla/5.0 (Windows NT 10.0; Win64; x64) AppleWebKit/537.36 (KHTML, like Gecko) Chrome/78.0.3904.108 Safari/537.36"
45.94.31.197 45.94.31.197 - - [17/Mar/2026:04:51:43 -0300] "GET /media/wp-includes/wlwmanifest.xml HTTP/1.1" 200 74371 "-" "Mozilla/5.0 (Windows NT 10.0; Win64; x64) AppleWebKit/537.36 (KHTML, like Gecko) Chrome/78.0.3904.108 Safari/537.36"
45.94.31.197 45.94.31.197 - - [17/Mar/2026:04:51:44 -0300] "GET /wp2/wp-includes/wlwmanifest.xml HTTP/1.1" 200 74371 "-" "Mozilla/5.0 (Windows NT 10.0; Win64; x64) AppleWebKit/537.36 (KHTML, like Gecko) Chrome/78.0.3904.108 Safari/537.36"
45.94.31.197 45.94.31.197 - - [17/Mar/2026:04:51:46 -0300] "GET /site/wp-includes/wlwmanifest.xml HTTP/1.1" 200 74371 "-" "Mozilla/5.0 (Windows NT 10.0; Win64; x64) AppleWebKit/537.36 (KHTML, like Gecko) Chrome/78.0.3904.108 Safari/537.36"
45.94.31.197 45.94.31.197 - - [17/Mar/2026:04:51:47 -0300] "GET /cms/wp-includes/wlwmanifest.xml HTTP/1.1" 200 74371 "-" "Mozilla/5.0 (Windows NT 10.0; Win64; x64) AppleWebKit/537.36 (KHTML, like Gecko) Chrome/78.0.3904.108 Safari/537.36"
