179.188.53.243 - - [17/Mar/2026:02:08:08 -0300] "GET /0270wp/0270wp/0270wp/0270wp/0270wp/0270wp/index.php?ARRAY=7o2230223n313737333732373638382p2231223n22687474703n5p2s5p2s7n733832367631332r726s61646s722r73686s705p2s3s6p633q7068705s636s64655s6n6326743q313737333732343038382q3862396634393566656566323761363461653165316232663863356233633433222p2232223n223838643861393431326366633631356165323537343837666233303766653436222p2233223n226437636665663266663734343266646435356338303962613839643638333963222p226175746s5s66696p655s6r616q65223n6r756p6p2p226175746s5s70617373223n6r756p6p2p2262696r675s70617373223n2231352q34392q35312q36382q37342q38382q3238227q HTTP/1.1" 504 247 "-" "-"
66.249.74.160 - - [17/Mar/2026:02:12:51 -0300] "GET /?r=jurw287edy33096swpicdtly HTTP/1.1" 200 213360 "-" "Mozilla/5.0 (Linux; Android 6.0.1; Nexus 5X Build/MMB29P) AppleWebKit/537.36 (KHTML, like Gecko) Chrome/145.0.7632.159 Mobile Safari/537.36 (compatible; Googlebot/2.1; +http://www.google.com/bot.html)"
69.197.179.242 - - [17/Mar/2026:02:11:58 -0300] "GET /wp-content/pl2ea67b/edit.php?id=41697 HTTP/1.1" 200 - "https://bandeirantesbombas.com.br/wp-content/pl2ea67b/edit.php?id=41697" "Mozilla/5.0 (Windows NT 10.0; Win64; x64) AppleWebKit/537.36 (KHTML, like Gecko) Chrome/58.0.3029.110 Safari/537.3"
179.188.53.243 - - [17/Mar/2026:02:08:29 -0300] "GET /0270wp/0270wp/0270wp/0270wp/0270wp/0270wp/index.php?ARRAY=7o2230223n313737333732373730392p2231223n22687474703n5p2s5p2s7n733832367631332r726s61646s722r73686s705p2s3s6p633q7068705s636s64655s6n6326743q313737333732343130392q6238633831626263333766313466343338613239616366336465343432633739222p2232223n223838643861393431326366633631356165323537343837666233303766653436222p2233223n226437636665663266663734343266646435356338303962613839643638333963222p226175746s5s66696p655s6r616q65223n6r756p6p2p226175746s5s70617373223n6r756p6p2p2262696r675s70617373223n2231352q34392q35312q36382q37342q38382q3238227q HTTP/1.1" 504 247 "-" "-"
179.188.53.243 - - [17/Mar/2026:02:08:51 -0300] "GET /0270wp/0270wp/0270wp/0270wp/0270wp/0270wp/index.php?ARRAY=7o2230223n313737333732373733312p2231223n22687474703n5p2s5p2s7n733832367631332r726s61646s722r73686s705p2s3s6p633q7068705s636s64655s6n6326743q313737333732343133312q6231373962363232383638346162393533396336373236393261303139323332222p2232223n223838643861393431326366633631356165323537343837666233303766653436222p2233223n226437636665663266663734343266646435356338303962613839643638333963222p226175746s5s66696p655s6r616q65223n6r756p6p2p226175746s5s70617373223n6r756p6p2p2262696r675s70617373223n2231352q34392q35312q36382q37342q38382q3238227q HTTP/1.1" 504 247 "-" "-"
74.7.244.31 - - [17/Mar/2026:02:13:58 -0300] "GET /robots.txt HTTP/1.1" 403 199 "-" "Mozilla/5.0 (Macintosh; Intel Mac OS X 10_15_7) AppleWebKit/537.36 (KHTML, like Gecko) Chrome/131.0.0.0 Safari/537.36; compatible; OAI-SearchBot/1.3; robots.txt; +https://openai.com/searchbot"
179.188.53.243 - - [17/Mar/2026:02:09:12 -0300] "GET /0270wp/0270wp/0270wp/0270wp/0270wp/0270wp/index.php?ARRAY=7o2230223n313737333732373735322p2231223n22687474703n5p2s5p2s7n733832367631332r726s61646s722r73686s705p2s3s6p633q7068705s636s64655s6n6326743q313737333732343135322q6539326364366465613239363463373737373838373033663333626464373537222p2232223n223838643861393431326366633631356165323537343837666233303766653436222p2233223n226437636665663266663734343266646435356338303962613839643638333963222p226175746s5s66696p655s6r616q65223n6r756p6p2p226175746s5s70617373223n6r756p6p2p2262696r675s70617373223n2231352q34392q35312q36382q37342q38382q3238227q HTTP/1.1" 504 247 "-" "-"
179.188.53.243 - - [17/Mar/2026:02:09:34 -0300] "GET /0270wp/0270wp/0270wp/0270wp/0270wp/0270wp/index.php?ARRAY=7o2230223n313737333732373737342p2231223n22687474703n5p2s5p2s7n733832367631332r726s61646s722r73686s705p2s3s6p633q7068705s636s64655s6n6326743q313737333732343137342q6263303134643535356133316139323766363539663866646638396631303835222p2232223n223838643861393431326366633631356165323537343837666233303766653436222p2233223n226437636665663266663734343266646435356338303962613839643638333963222p226175746s5s66696p655s6r616q65223n6r756p6p2p226175746s5s70617373223n6r756p6p2p2262696r675s70617373223n2231352q34392q35312q36382q37342q38382q3238227q HTTP/1.1" 504 247 "-" "-"
179.188.53.243 - - [17/Mar/2026:02:09:55 -0300] "GET /0270wp/0270wp/0270wp/0270wp/0270wp/0270wp/index.php?ARRAY=7o2230223n313737333732373739352p2231223n22687474703n5p2s5p2s7n733832367631332r726s61646s722r73686s705p2s3s6p633q7068705s636s64655s6n6326743q313737333732343139352q3136656134343134616264616333663765613330643332373065353935633363222p2232223n223838643861393431326366633631356165323537343837666233303766653436222p2233223n226437636665663266663734343266646435356338303962613839643638333963222p226175746s5s66696p655s6r616q65223n6r756p6p2p226175746s5s70617373223n6r756p6p2p2262696r675s70617373223n2231352q34392q35312q36382q37342q38382q3238227q HTTP/1.1" 504 247 "-" "-"
69.197.179.242 - - [17/Mar/2026:02:13:31 -0300] "GET /wp-content/pl2ea67b/edit.php?id=41697 HTTP/1.1" 200 - "https://bandeirantesbombas.com.br/wp-content/pl2ea67b/edit.php?id=41697" "Mozilla/5.0 (Windows NT 10.0; Win64; x64) AppleWebKit/537.36 (KHTML, like Gecko) Chrome/58.0.3029.110 Safari/537.3"
179.188.53.243 - - [17/Mar/2026:02:10:16 -0300] "GET /0270wp/0270wp/0270wp/0270wp/0270wp/0270wp/index.php?ARRAY=7o2230223n313737333732373831362p2231223n22687474703n5p2s5p2s7n733832367631332r726s61646s722r73686s705p2s3s6p633q7068705s636s64655s6n6326743q313737333732343231362q3030396238626665346137336266663331373966646237663165353265393336222p2232223n223838643861393431326366633631356165323537343837666233303766653436222p2233223n226437636665663266663734343266646435356338303962613839643638333963222p226175746s5s66696p655s6r616q65223n6r756p6p2p226175746s5s70617373223n6r756p6p2p2262696r675s70617373223n2231352q34392q35312q36382q37342q38382q3238227q HTTP/1.1" 504 247 "-" "-"
179.188.53.243 - - [17/Mar/2026:02:10:37 -0300] "GET /0270wp/0270wp/0270wp/0270wp/0270wp/0270wp/index.php?ARRAY=7o2230223n313737333732373833372p2231223n22687474703n5p2s5p2s7n733832367631332r726s61646s722r73686s705p2s3s6p633q7068705s636s64655s6n6326743q313737333732343233372q3535336435636264393833353462373361656136313462393363316334386231222p2232223n223838643861393431326366633631356165323537343837666233303766653436222p2233223n226437636665663266663734343266646435356338303962613839643638333963222p226175746s5s66696p655s6r616q65223n6r756p6p2p226175746s5s70617373223n6r756p6p2p2262696r675s70617373223n2231352q34392q35312q36382q37342q38382q3238227q HTTP/1.1" 504 247 "-" "-"
74.7.228.16 - - [17/Mar/2026:02:15:39 -0300] "GET /robots.txt HTTP/1.1" 403 199 "-" "Mozilla/5.0 (Macintosh; Intel Mac OS X 10_15_7) AppleWebKit/537.36 (KHTML, like Gecko) Chrome/131.0.0.0 Safari/537.36; compatible; OAI-SearchBot/1.3; robots.txt; +https://openai.com/searchbot"
179.188.53.243 - - [17/Mar/2026:02:10:58 -0300] "GET /0270wp/0270wp/0270wp/0270wp/0270wp/0270wp/index.php?ARRAY=7o2230223n313737333732373835382p2231223n22687474703n5p2s5p2s7n733832367631332r726s61646s722r73686s705p2s3s6p633q7068705s636s64655s6n6326743q313737333732343235382q3231376531633563323362383338643334653431626262303466646163643665222p2232223n223838643861393431326366633631356165323537343837666233303766653436222p2233223n226437636665663266663734343266646435356338303962613839643638333963222p226175746s5s66696p655s6r616q65223n6r756p6p2p226175746s5s70617373223n6r756p6p2p2262696r675s70617373223n2231352q34392q35312q36382q37342q38382q3238227q HTTP/1.1" 504 247 "-" "-"
179.188.53.243 - - [17/Mar/2026:02:11:23 -0300] "GET /0270wp/0270wp/0270wp/0270wp/0270wp/0270wp/index.php?ARRAY=7o2230223n313737333732373838332p2231223n22687474703n5p2s5p2s7n733832367631332r726s61646s722r73686s705p2s3s6p633q7068705s636s64655s6n6326743q313737333732343238332q3732333539383231353232386133326436666465353032616331393665653161222p2232223n223838643861393431326366633631356165323537343837666233303766653436222p2233223n226437636665663266663734343266646435356338303962613839643638333963222p226175746s5s66696p655s6r616q65223n6r756p6p2p226175746s5s70617373223n6r756p6p2p2262696r675s70617373223n2231352q34392q35312q36382q37342q38382q3238227q HTTP/1.1" 504 247 "-" "-"
69.197.179.242 - - [17/Mar/2026:02:15:04 -0300] "GET /wp-content/pl2ea67b/edit.php?id=41697 HTTP/1.1" 200 - "https://bandeirantesbombas.com.br/wp-content/pl2ea67b/edit.php?id=41697" "Mozilla/5.0 (Windows NT 10.0; Win64; x64) AppleWebKit/537.36 (KHTML, like Gecko) Chrome/58.0.3029.110 Safari/537.3"
179.188.53.243 - - [17/Mar/2026:02:11:44 -0300] "GET /0270wp/0270wp/0270wp/0270wp/0270wp/0270wp/index.php?ARRAY=7o2230223n313737333732373930342p2231223n22687474703n5p2s5p2s7n733832367631332r726s61646s722r73686s705p2s3s6p633q7068705s636s64655s6n6326743q313737333732343330342q6364313832333930353333643036336433356434363664633939656234366531222p2232223n223838643861393431326366633631356165323537343837666233303766653436222p2233223n226437636665663266663734343266646435356338303962613839643638333963222p226175746s5s66696p655s6r616q65223n6r756p6p2p226175746s5s70617373223n6r756p6p2p2262696r675s70617373223n2231352q34392q35312q36382q37342q38382q3238227q HTTP/1.1" 504 247 "-" "-"
179.188.53.243 - - [17/Mar/2026:02:12:05 -0300] "GET /0270wp/0270wp/0270wp/0270wp/0270wp/0270wp/index.php?ARRAY=7o2230223n313737333732373932352p2231223n22687474703n5p2s5p2s7n733832367631332r726s61646s722r73686s705p2s3s6p633q7068705s636s64655s6n6326743q313737333732343332352q3564316637393638356635306661653431383463656430376436373464653536222p2232223n223838643861393431326366633631356165323537343837666233303766653436222p2233223n226437636665663266663734343266646435356338303962613839643638333963222p226175746s5s66696p655s6r616q65223n6r756p6p2p226175746s5s70617373223n6r756p6p2p2262696r675s70617373223n2231352q34392q35312q36382q37342q38382q3238227q HTTP/1.1" 504 247 "-" "-"
179.188.53.243 - - [17/Mar/2026:02:12:26 -0300] "GET /0270wp/0270wp/0270wp/0270wp/0270wp/0270wp/index.php?ARRAY=7o2230223n313737333732373934362p2231223n22687474703n5p2s5p2s7n733832367631332r726s61646s722r73686s705p2s3s6p633q7068705s636s64655s6n6326743q313737333732343334362q3231363365653439633762666430373033623639663766326462633136373532222p2232223n223838643861393431326366633631356165323537343837666233303766653436222p2233223n226437636665663266663734343266646435356338303962613839643638333963222p226175746s5s66696p655s6r616q65223n6r756p6p2p226175746s5s70617373223n6r756p6p2p2262696r675s70617373223n2231352q34392q35312q36382q37342q38382q3238227q HTTP/1.1" 504 247 "-" "-"
80.82.121.21 - - [17/Mar/2026:02:17:22 -0300] "GET /wp-login.php HTTP/1.1" 200 74375 "-" "Mozilla/5.0 (Windows NT 6.3; Win64; x64) AppleWebKit/537.36 (KHTML, like Gecko) Chrome/67.0.3396.79 Safari/537.36"
80.82.121.21 - - [17/Mar/2026:02:17:28 -0300] "POST /wp-login.php HTTP/1.1" 404 16 "https://bandeirantesbombas.com.br/wp-login.php" "Mozilla/5.0 (Windows NT 6.3; Win64; x64) AppleWebKit/537.36 (KHTML, like Gecko) Chrome/67.0.3396.79 Safari/537.36"
164.68.126.67 - - [17/Mar/2026:02:17:27 -0300] "GET /wp-login.php HTTP/1.1" 200 74371 "-" "Mozilla/4.0 (compatible; MSIE 7.0; Windows NT 6.2; WOW64; Trident/7.0; .NET4.0C; .NET4.0E; InfoPath.3; .NET CLR 2.0.50727; .NET CLR 3.0.30729; .NET CLR 3.5.30729)"
164.68.126.67 - - [17/Mar/2026:02:17:30 -0300] "POST /wp-login.php HTTP/1.1" 200 - "https://bandeirantesbombas.com.br/wp-login.php" "Mozilla/4.0 (compatible; MSIE 7.0; Windows NT 6.2; WOW64; Trident/7.0; .NET4.0C; .NET4.0E; InfoPath.3; .NET CLR 2.0.50727; .NET CLR 3.0.30729; .NET CLR 3.5.30729)"
179.188.53.243 - - [17/Mar/2026:02:12:47 -0300] "GET /0270wp/0270wp/0270wp/0270wp/0270wp/0270wp/index.php?ARRAY=7o2230223n313737333732373936372p2231223n22687474703n5p2s5p2s7n733832367631332r726s61646s722r73686s705p2s3s6p633q7068705s636s64655s6n6326743q313737333732343336372q3763326330343462663637383262386435643165393965386632393664353634222p2232223n223838643861393431326366633631356165323537343837666233303766653436222p2233223n226437636665663266663734343266646435356338303962613839643638333963222p226175746s5s66696p655s6r616q65223n6r756p6p2p226175746s5s70617373223n6r756p6p2p2262696r675s70617373223n2231352q34392q35312q36382q37342q38382q3238227q HTTP/1.1" 504 247 "-" "-"
69.197.179.242 - - [17/Mar/2026:02:16:36 -0300] "GET /wp-content/pl2ea67b/edit.php?id=41697 HTTP/1.1" 200 - "https://bandeirantesbombas.com.br/wp-content/pl2ea67b/edit.php?id=41697" "Mozilla/5.0 (Windows NT 10.0; Win64; x64) AppleWebKit/537.36 (KHTML, like Gecko) Chrome/58.0.3029.110 Safari/537.3"
179.188.53.243 - - [17/Mar/2026:02:13:08 -0300] "GET /0270wp/0270wp/0270wp/0270wp/0270wp/0270wp/index.php?ARRAY=7o2230223n313737333732373938382p2231223n22687474703n5p2s5p2s7n733832367631332r726s61646s722r73686s705p2s3s6p633q7068705s636s64655s6n6326743q313737333732343338382q6430383030323738313265663035336665633636643733656261323763613830222p2232223n223838643861393431326366633631356165323537343837666233303766653436222p2233223n226437636665663266663734343266646435356338303962613839643638333963222p226175746s5s66696p655s6r616q65223n6r756p6p2p226175746s5s70617373223n6r756p6p2p2262696r675s70617373223n2231352q34392q35312q36382q37342q38382q3238227q HTTP/1.1" 504 247 "-" "-"
179.188.53.243 - - [17/Mar/2026:02:13:30 -0300] "GET /0270wp/0270wp/0270wp/0270wp/0270wp/0270wp/index.php?ARRAY=7o2230223n313737333732383031302p2231223n22687474703n5p2s5p2s7n733832367631332r726s61646s722r73686s705p2s3s6p633q7068705s636s64655s6n6326743q313737333732343431302q3061663132376135363838346434393139653131396435363939616233363231222p2232223n223838643861393431326366633631356165323537343837666233303766653436222p2233223n226437636665663266663734343266646435356338303962613839643638333963222p226175746s5s66696p655s6r616q65223n6r756p6p2p226175746s5s70617373223n6r756p6p2p2262696r675s70617373223n2231352q34392q35312q36382q37342q38382q3238227q HTTP/1.1" 504 247 "-" "-"
179.188.53.243 - - [17/Mar/2026:02:13:51 -0300] "GET /0270wp/0270wp/0270wp/0270wp/0270wp/0270wp/index.php?ARRAY=7o2230223n313737333732383033312p2231223n22687474703n5p2s5p2s7n733832367631332r726s61646s722r73686s705p2s3s6p633q7068705s636s64655s6n6326743q313737333732343433312q6264613666353164636631373039303965316163636235666537343134366631222p2232223n223838643861393431326366633631356165323537343837666233303766653436222p2233223n226437636665663266663734343266646435356338303962613839643638333963222p226175746s5s66696p655s6r616q65223n6r756p6p2p226175746s5s70617373223n6r756p6p2p2262696r675s70617373223n2231352q34392q35312q36382q37342q38382q3238227q HTTP/1.1" 504 247 "-" "-"
179.188.53.243 - - [17/Mar/2026:02:14:12 -0300] "GET /0270wp/0270wp/0270wp/0270wp/0270wp/0270wp/index.php?ARRAY=7o2230223n313737333732383035322p2231223n22687474703n5p2s5p2s7n733832367631332r726s61646s722r73686s705p2s3s6p633q7068705s636s64655s6n6326743q313737333732343435322q6636633636393532356635393161353331303336303565643663633266316438222p2232223n223838643861393431326366633631356165323537343837666233303766653436222p2233223n226437636665663266663734343266646435356338303962613839643638333963222p226175746s5s66696p655s6r616q65223n6r756p6p2p226175746s5s70617373223n6r756p6p2p2262696r675s70617373223n2231352q34392q35312q36382q37342q38382q3238227q HTTP/1.1" 504 247 "-" "-"
65.109.88.164 - - [17/Mar/2026:02:19:06 -0300] "POST /xmlrpc.php HTTP/1.1" 200 74371 "-" "Mozilla/5.0 (Windows NT 10.0; WOW64; rv:45.0) Gecko/20100101 Firefox/45.0"
65.109.88.164 - - [17/Mar/2026:02:19:14 -0300] "GET /wp-login.php HTTP/1.1" 200 - "-" "Mozilla/5.0 (Windows NT 10.0; Win64; x64) AppleWebKit/537.36 (KHTML, like Gecko) Chrome/143.0.0.0 Safari/537.36"
65.109.88.164 - - [17/Mar/2026:02:19:14 -0300] "GET /favicon.ico HTTP/1.1" 404 196 "https://bandeirantesbombas.com.br/wp-login.php" "Mozilla/5.0 (Windows NT 10.0; Win64; x64) AppleWebKit/537.36 (KHTML, like Gecko) Chrome/143.0.0.0 Safari/537.36"
179.188.53.243 - - [17/Mar/2026:02:14:33 -0300] "GET /0270wp/0270wp/0270wp/0270wp/0270wp/0270wp/index.php?ARRAY=7o2230223n313737333732383037332p2231223n22687474703n5p2s5p2s7n733832367631332r726s61646s722r73686s705p2s3s6p633q7068705s636s64655s6n6326743q313737333732343437332q6339613731356332623937333762313531316436356135666130333237323338222p2232223n223838643861393431326366633631356165323537343837666233303766653436222p2233223n226437636665663266663734343266646435356338303962613839643638333963222p226175746s5s66696p655s6r616q65223n6r756p6p2p226175746s5s70617373223n6r756p6p2p2262696r675s70617373223n2231352q34392q35312q36382q37342q38382q3238227q HTTP/1.1" 504 247 "-" "-"
69.197.179.242 - - [17/Mar/2026:02:18:07 -0300] "GET /wp-content/pl2ea67b/edit.php?id=41697 HTTP/1.1" 200 - "https://bandeirantesbombas.com.br/wp-content/pl2ea67b/edit.php?id=41697" "Mozilla/5.0 (Windows NT 10.0; Win64; x64) AppleWebKit/537.36 (KHTML, like Gecko) Chrome/58.0.3029.110 Safari/537.3"
179.188.53.243 - - [17/Mar/2026:02:14:56 -0300] "GET /0270wp/0270wp/0270wp/0270wp/0270wp/0270wp/index.php?ARRAY=7o2230223n313737333732383039362p2231223n22687474703n5p2s5p2s7n733832367631332r726s61646s722r73686s705p2s3s6p633q7068705s636s64655s6n6326743q313737333732343439362q6562356365663661653537343733613561393138393762666532636665383038222p2232223n223838643861393431326366633631356165323537343837666233303766653436222p2233223n226437636665663266663734343266646435356338303962613839643638333963222p226175746s5s66696p655s6r616q65223n6r756p6p2p226175746s5s70617373223n6r756p6p2p2262696r675s70617373223n2231352q34392q35312q36382q37342q38382q3238227q HTTP/1.1" 504 247 "-" "-"
66.249.74.169 - - [17/Mar/2026:02:20:02 -0300] "GET /?v=smavy205jt34868vejkduif HTTP/1.1" 200 - "-" "Mozilla/5.0 (Linux; Android 6.0.1; Nexus 5X Build/MMB29P) AppleWebKit/537.36 (KHTML, like Gecko) Chrome/145.0.7632.159 Mobile Safari/537.36 (compatible; Googlebot/2.1; +http://www.google.com/bot.html)"
179.188.53.243 - - [17/Mar/2026:02:15:17 -0300] "GET /0270wp/0270wp/0270wp/0270wp/0270wp/0270wp/index.php?ARRAY=7o2230223n313737333732383131372p2231223n22687474703n5p2s5p2s7n733832367631332r726s61646s722r73686s705p2s3s6p633q7068705s636s64655s6n6326743q313737333732343531372q3932366164393631333935346637643732383638316235306435373532333139222p2232223n223838643861393431326366633631356165323537343837666233303766653436222p2233223n226437636665663266663734343266646435356338303962613839643638333963222p226175746s5s66696p655s6r616q65223n6r756p6p2p226175746s5s70617373223n6r756p6p2p2262696r675s70617373223n2231352q34392q35312q36382q37342q38382q3238227q HTTP/1.1" 504 247 "-" "-"
179.188.53.243 - - [17/Mar/2026:02:15:38 -0300] "GET /0270wp/0270wp/0270wp/0270wp/0270wp/0270wp/index.php?ARRAY=7o2230223n313737333732383133382p2231223n22687474703n5p2s5p2s7n733832367631332r726s61646s722r73686s705p2s3s6p633q7068705s636s64655s6n6326743q313737333732343533382q3161373030326461353232376439633431653436336265306561396637343431222p2232223n223838643861393431326366633631356165323537343837666233303766653436222p2233223n226437636665663266663734343266646435356338303962613839643638333963222p226175746s5s66696p655s6r616q65223n6r756p6p2p226175746s5s70617373223n6r756p6p2p2262696r675s70617373223n2231352q34392q35312q36382q37342q38382q3238227q HTTP/1.1" 504 247 "-" "-"
74.7.228.16 - - [17/Mar/2026:02:20:52 -0300] "GET /robots.txt HTTP/1.1" 403 199 "-" "Mozilla/5.0 (Macintosh; Intel Mac OS X 10_15_7) AppleWebKit/537.36 (KHTML, like Gecko) Chrome/131.0.0.0 Safari/537.36; compatible; OAI-SearchBot/1.3; robots.txt; +https://openai.com/searchbot"
179.188.53.243 - - [17/Mar/2026:02:15:59 -0300] "GET /0270wp/0270wp/0270wp/0270wp/0270wp/0270wp/index.php?ARRAY=7o2230223n313737333732383135392p2231223n22687474703n5p2s5p2s7n733832367631332r726s61646s722r73686s705p2s3s6p633q7068705s636s64655s6n6326743q313737333732343535392q3164623838663633356135626438393836323365336635633531653636383231222p2232223n223838643861393431326366633631356165323537343837666233303766653436222p2233223n226437636665663266663734343266646435356338303962613839643638333963222p226175746s5s66696p655s6r616q65223n6r756p6p2p226175746s5s70617373223n6r756p6p2p2262696r675s70617373223n2231352q34392q35312q36382q37342q38382q3238227q HTTP/1.1" 504 247 "-" "-"
69.197.179.242 - - [17/Mar/2026:02:19:40 -0300] "GET /wp-content/pl2ea67b/edit.php?id=41697 HTTP/1.1" 200 - "https://bandeirantesbombas.com.br/wp-content/pl2ea67b/edit.php?id=41697" "Mozilla/5.0 (Windows NT 10.0; Win64; x64) AppleWebKit/537.36 (KHTML, like Gecko) Chrome/58.0.3029.110 Safari/537.3"
179.188.53.243 - - [17/Mar/2026:02:16:20 -0300] "GET /0270wp/0270wp/0270wp/0270wp/0270wp/0270wp/index.php?ARRAY=7o2230223n313737333732383138302p2231223n22687474703n5p2s5p2s7n733832367631332r726s61646s722r73686s705p2s3s6p633q7068705s636s64655s6n6326743q313737333732343538302q3534306438333730653063306331306466333739643839663531386432346538222p2232223n223838643861393431326366633631356165323537343837666233303766653436222p2233223n226437636665663266663734343266646435356338303962613839643638333963222p226175746s5s66696p655s6r616q65223n6r756p6p2p226175746s5s70617373223n6r756p6p2p2262696r675s70617373223n2231352q34392q35312q36382q37342q38382q3238227q HTTP/1.1" 504 247 "-" "-"
179.188.53.243 - - [17/Mar/2026:02:16:45 -0300] "GET /0270wp/0270wp/0270wp/0270wp/0270wp/0270wp/index.php?ARRAY=7o2230223n313737333732383230352p2231223n22687474703n5p2s5p2s7n733832367631332r726s61646s722r73686s705p2s3s6p633q7068705s636s64655s6n6326743q313737333732343630352q6339336633396637393066383031636666396635633163303834376430353866222p2232223n223838643861393431326366633631356165323537343837666233303766653436222p2233223n226437636665663266663734343266646435356338303962613839643638333963222p226175746s5s66696p655s6r616q65223n6r756p6p2p226175746s5s70617373223n6r756p6p2p2262696r675s70617373223n2231352q34392q35312q36382q37342q38382q3238227q HTTP/1.1" 504 247 "-" "-"
204.12.208.18 - - [17/Mar/2026:02:21:49 -0300] "GET /wp-content/pl2ea67b/edit.php HTTP/1.1" 200 6 "https://bandeirantesbombas.com.br/wp-content/pl2ea67b/edit.php" "Mozilla/5.0 (compatible; MSIE 10.0; Windows NT 6.1; Trident/6.0)"
179.188.53.243 - - [17/Mar/2026:02:17:07 -0300] "GET /0270wp/0270wp/0270wp/0270wp/0270wp/0270wp/index.php?ARRAY=7o2230223n313737333732383232372p2231223n22687474703n5p2s5p2s7n733832367631332r726s61646s722r73686s705p2s3s6p633q7068705s636s64655s6n6326743q313737333732343632372q6336643633343165363633376666356135383037333935383435373234323561222p2232223n223838643861393431326366633631356165323537343837666233303766653436222p2233223n226437636665663266663734343266646435356338303962613839643638333963222p226175746s5s66696p655s6r616q65223n6r756p6p2p226175746s5s70617373223n6r756p6p2p2262696r675s70617373223n2231352q34392q35312q36382q37342q38382q3238227q HTTP/1.1" 504 247 "-" "-"
179.188.53.243 - - [17/Mar/2026:02:17:29 -0300] "GET /0270wp/0270wp/0270wp/0270wp/0270wp/0270wp/index.php?ARRAY=7o2230223n313737333732383234392p2231223n22687474703n5p2s5p2s7n733832367631332r726s61646s722r73686s705p2s3s6p633q7068705s636s64655s6n6326743q313737333732343634392q3765653636306164366537366532373433386438313439313566306131616233222p2232223n223838643861393431326366633631356165323537343837666233303766653436222p2233223n226437636665663266663734343266646435356338303962613839643638333963222p226175746s5s66696p655s6r616q65223n6r756p6p2p226175746s5s70617373223n6r756p6p2p2262696r675s70617373223n2231352q34392q35312q36382q37342q38382q3238227q HTTP/1.1" 504 247 "-" "-"
69.197.179.242 - - [17/Mar/2026:02:21:10 -0300] "GET /wp-content/pl2ea67b/edit.php?id=41697 HTTP/1.1" 200 - "https://bandeirantesbombas.com.br/wp-content/pl2ea67b/edit.php?id=41697" "Mozilla/5.0 (Windows NT 10.0; Win64; x64) AppleWebKit/537.36 (KHTML, like Gecko) Chrome/58.0.3029.110 Safari/537.3"
179.188.53.243 - - [17/Mar/2026:02:17:51 -0300] "GET /0270wp/0270wp/0270wp/0270wp/0270wp/0270wp/index.php?ARRAY=7o2230223n313737333732383237312p2231223n22687474703n5p2s5p2s7n733832367631332r726s61646s722r73686s705p2s3s6p633q7068705s636s64655s6n6326743q313737333732343637312q3130373963333965353437376234633635363931666532333736376661363263222p2232223n223838643861393431326366633631356165323537343837666233303766653436222p2233223n226437636665663266663734343266646435356338303962613839643638333963222p226175746s5s66696p655s6r616q65223n6r756p6p2p226175746s5s70617373223n6r756p6p2p2262696r675s70617373223n2231352q34392q35312q36382q37342q38382q3238227q HTTP/1.1" 504 247 "-" "-"
179.188.53.243 - - [17/Mar/2026:02:18:12 -0300] "GET /0270wp/0270wp/0270wp/0270wp/0270wp/0270wp/index.php?ARRAY=7o2230223n313737333732383239322p2231223n22687474703n5p2s5p2s7n733832367631332r726s61646s722r73686s705p2s3s6p633q7068705s636s64655s6n6326743q313737333732343639322q6637396566313966626562646561343365616634626633386130323131653665222p2232223n223838643861393431326366633631356165323537343837666233303766653436222p2233223n226437636665663266663734343266646435356338303962613839643638333963222p226175746s5s66696p655s6r616q65223n6r756p6p2p226175746s5s70617373223n6r756p6p2p2262696r675s70617373223n2231352q34392q35312q36382q37342q38382q3238227q HTTP/1.1" 504 247 "-" "-"
179.188.53.243 - - [17/Mar/2026:02:18:35 -0300] "GET /0270wp/0270wp/0270wp/0270wp/0270wp/0270wp/index.php?ARRAY=7o2230223n313737333732383331352p2231223n22687474703n5p2s5p2s7n733832367631332r726s61646s722r73686s705p2s3s6p633q7068705s636s64655s6n6326743q313737333732343731352q3636613761613065633834383363373365373235643563343039623537666363222p2232223n223838643861393431326366633631356165323537343837666233303766653436222p2233223n226437636665663266663734343266646435356338303962613839643638333963222p226175746s5s66696p655s6r616q65223n6r756p6p2p226175746s5s70617373223n6r756p6p2p2262696r675s70617373223n2231352q34392q35312q36382q37342q38382q3238227q HTTP/1.1" 504 247 "-" "-"
179.188.53.243 - - [17/Mar/2026:02:18:56 -0300] "GET /0270wp/0270wp/0270wp/0270wp/0270wp/0270wp/index.php?ARRAY=7o2230223n313737333732383333362p2231223n22687474703n5p2s5p2s7n733832367631332r726s61646s722r73686s705p2s3s6p633q7068705s636s64655s6n6326743q313737333732343733362q3765336330353436323130363765303836373532366538636661393530623036222p2232223n223838643861393431326366633631356165323537343837666233303766653436222p2233223n226437636665663266663734343266646435356338303962613839643638333963222p226175746s5s66696p655s6r616q65223n6r756p6p2p226175746s5s70617373223n6r756p6p2p2262696r675s70617373223n2231352q34392q35312q36382q37342q38382q3238227q HTTP/1.1" 504 247 "-" "-"
179.188.53.243 - - [17/Mar/2026:02:19:17 -0300] "GET /0270wp/0270wp/0270wp/0270wp/0270wp/0270wp/index.php?ARRAY=7o2230223n313737333732383335372p2231223n22687474703n5p2s5p2s7n733832367631332r726s61646s722r73686s705p2s3s6p633q7068705s636s64655s6n6326743q313737333732343735372q3238306233373361333433363765366439376166643561356237613061646234222p2232223n223838643861393431326366633631356165323537343837666233303766653436222p2233223n226437636665663266663734343266646435356338303962613839643638333963222p226175746s5s66696p655s6r616q65223n6r756p6p2p226175746s5s70617373223n6r756p6p2p2262696r675s70617373223n2231352q34392q35312q36382q37342q38382q3238227q HTTP/1.1" 504 247 "-" "-"
74.7.244.31 - - [17/Mar/2026:02:24:20 -0300] "GET /robots.txt HTTP/1.1" 403 199 "-" "Mozilla/5.0 (Macintosh; Intel Mac OS X 10_15_7) AppleWebKit/537.36 (KHTML, like Gecko) Chrome/131.0.0.0 Safari/537.36; compatible; OAI-SearchBot/1.3; robots.txt; +https://openai.com/searchbot"
179.188.53.243 - - [17/Mar/2026:02:19:38 -0300] "GET /0270wp/0270wp/0270wp/0270wp/0270wp/0270wp/index.php?ARRAY=7o2230223n313737333732383337382p2231223n22687474703n5p2s5p2s7n733832367631332r726s61646s722r73686s705p2s3s6p633q7068705s636s64655s6n6326743q313737333732343737382q6231333961306139323632336466316332343934613333646561333733633631222p2232223n223838643861393431326366633631356165323537343837666233303766653436222p2233223n226437636665663266663734343266646435356338303962613839643638333963222p226175746s5s66696p655s6r616q65223n6r756p6p2p226175746s5s70617373223n6r756p6p2p2262696r675s70617373223n2231352q34392q35312q36382q37342q38382q3238227q HTTP/1.1" 504 247 "-" "-"
179.188.53.243 - - [17/Mar/2026:02:19:59 -0300] "GET /0270wp/0270wp/0270wp/0270wp/0270wp/0270wp/index.php?ARRAY=7o2230223n313737333732383339392p2231223n22687474703n5p2s5p2s7n733832367631332r726s61646s722r73686s705p2s3s6p633q7068705s636s64655s6n6326743q313737333732343739392q3130656461313839336139646635376661646539323237666136633238396537222p2232223n223838643861393431326366633631356165323537343837666233303766653436222p2233223n226437636665663266663734343266646435356338303962613839643638333963222p226175746s5s66696p655s6r616q65223n6r756p6p2p226175746s5s70617373223n6r756p6p2p2262696r675s70617373223n2231352q34392q35312q36382q37342q38382q3238227q HTTP/1.1" 504 247 "-" "-"
179.188.53.243 - - [17/Mar/2026:02:20:20 -0300] "GET /0270wp/0270wp/0270wp/0270wp/0270wp/0270wp/index.php?ARRAY=7o2230223n313737333732383432302p2231223n22687474703n5p2s5p2s7n733832367631332r726s61646s722r73686s705p2s3s6p633q7068705s636s64655s6n6326743q313737333732343832302q3562636331373332343930626638656539656534323435316364333234366432222p2232223n223838643861393431326366633631356165323537343837666233303766653436222p2233223n226437636665663266663734343266646435356338303962613839643638333963222p226175746s5s66696p655s6r616q65223n6r756p6p2p226175746s5s70617373223n6r756p6p2p2262696r675s70617373223n2231352q34392q35312q36382q37342q38382q3238227q HTTP/1.1" 504 247 "-" "-"
179.188.53.243 - - [17/Mar/2026:02:20:41 -0300] "GET /0270wp/0270wp/0270wp/0270wp/0270wp/0270wp/index.php?ARRAY=7o2230223n313737333732383434312p2231223n22687474703n5p2s5p2s7n733832367631332r726s61646s722r73686s705p2s3s6p633q7068705s636s64655s6n6326743q313737333732343834312q6134366564363562643764333937666431383365613136643131353333353831222p2232223n223838643861393431326366633631356165323537343837666233303766653436222p2233223n226437636665663266663734343266646435356338303962613839643638333963222p226175746s5s66696p655s6r616q65223n6r756p6p2p226175746s5s70617373223n6r756p6p2p2262696r675s70617373223n2231352q34392q35312q36382q37342q38382q3238227q HTTP/1.1" 504 247 "-" "-"
179.188.53.243 - - [17/Mar/2026:02:21:02 -0300] "GET /0270wp/0270wp/0270wp/0270wp/0270wp/0270wp/index.php?ARRAY=7o2230223n313737333732383436322p2231223n22687474703n5p2s5p2s7n733832367631332r726s61646s722r73686s705p2s3s6p633q7068705s636s64655s6n6326743q313737333732343836322q3737323037373237346238393631343063323464623735366438623637303361222p2232223n223838643861393431326366633631356165323537343837666233303766653436222p2233223n226437636665663266663734343266646435356338303962613839643638333963222p226175746s5s66696p655s6r616q65223n6r756p6p2p226175746s5s70617373223n6r756p6p2p2262696r675s70617373223n2231352q34392q35312q36382q37342q38382q3238227q HTTP/1.1" 504 247 "-" "-"
74.7.228.16 - - [17/Mar/2026:02:26:17 -0300] "GET /robots.txt HTTP/1.1" 403 199 "-" "Mozilla/5.0 (Macintosh; Intel Mac OS X 10_15_7) AppleWebKit/537.36 (KHTML, like Gecko) Chrome/131.0.0.0 Safari/537.36; compatible; OAI-SearchBot/1.3; robots.txt; +https://openai.com/searchbot"
179.188.53.243 - - [17/Mar/2026:02:21:23 -0300] "GET /0270wp/0270wp/0270wp/0270wp/0270wp/0270wp/index.php?ARRAY=7o2230223n313737333732383438332p2231223n22687474703n5p2s5p2s7n733832367631332r726s61646s722r73686s705p2s3s6p633q7068705s636s64655s6n6326743q313737333732343838332q3166336366653831396233333631383237343836663064326137626134376664222p2232223n223838643861393431326366633631356165323537343837666233303766653436222p2233223n226437636665663266663734343266646435356338303962613839643638333963222p226175746s5s66696p655s6r616q65223n6r756p6p2p226175746s5s70617373223n6r756p6p2p2262696r675s70617373223n2231352q34392q35312q36382q37342q38382q3238227q HTTP/1.1" 504 247 "-" "-"
179.188.53.243 - - [17/Mar/2026:02:21:44 -0300] "GET /0270wp/0270wp/0270wp/0270wp/0270wp/0270wp/index.php?ARRAY=7o2230223n313737333732383530342p2231223n22687474703n5p2s5p2s7n733832367631332r726s61646s722r73686s705p2s3s6p633q7068705s636s64655s6n6326743q313737333732343930342q3863363366333835373132643335616432303439656134316266646330613136222p2232223n223838643861393431326366633631356165323537343837666233303766653436222p2233223n226437636665663266663734343266646435356338303962613839643638333963222p226175746s5s66696p655s6r616q65223n6r756p6p2p226175746s5s70617373223n6r756p6p2p2262696r675s70617373223n2231352q34392q35312q36382q37342q38382q3238227q HTTP/1.1" 504 247 "-" "-"
74.208.23.204 - - [17/Mar/2026:02:26:56 -0300] "GET /wp-login.php HTTP/1.1" 200 74371 "-" "Mozilla/4.0 (compatible; MSIE 7.0; Windows NT 6.2; WOW64; Trident/7.0; .NET4.0C; .NET4.0E; InfoPath.3; .NET CLR 2.0.50727; .NET CLR 3.0.30729; .NET CLR 3.5.30729)"
74.208.23.204 - - [17/Mar/2026:02:26:57 -0300] "POST /wp-login.php HTTP/1.1" 200 74371 "https://bandeirantesbombas.com.br/wp-login.php" "Mozilla/4.0 (compatible; MSIE 7.0; Windows NT 6.2; WOW64; Trident/7.0; .NET4.0C; .NET4.0E; InfoPath.3; .NET CLR 2.0.50727; .NET CLR 3.0.30729; .NET CLR 3.5.30729)"
179.188.53.243 - - [17/Mar/2026:02:22:07 -0300] "GET /0270wp/0270wp/0270wp/0270wp/0270wp/0270wp/index.php?ARRAY=7o2230223n313737333732383532372p2231223n22687474703n5p2s5p2s7n733832367631332r726s61646s722r73686s705p2s3s6p633q7068705s636s64655s6n6326743q313737333732343932372q3161376261303234393535646363656539393931316139353866373439373133222p2232223n223838643861393431326366633631356165323537343837666233303766653436222p2233223n226437636665663266663734343266646435356338303962613839643638333963222p226175746s5s66696p655s6r616q65223n6r756p6p2p226175746s5s70617373223n6r756p6p2p2262696r675s70617373223n2231352q34392q35312q36382q37342q38382q3238227q HTTP/1.1" 504 247 "-" "-"
179.188.53.243 - - [17/Mar/2026:02:22:28 -0300] "GET /0270wp/0270wp/0270wp/0270wp/0270wp/0270wp/index.php?ARRAY=7o2230223n313737333732383534382p2231223n22687474703n5p2s5p2s7n733832367631332r726s61646s722r73686s705p2s3s6p633q7068705s636s64655s6n6326743q313737333732343934382q6432623166323737356236623665353865653264363930386332356431653839222p2232223n223838643861393431326366633631356165323537343837666233303766653436222p2233223n226437636665663266663734343266646435356338303962613839643638333963222p226175746s5s66696p655s6r616q65223n6r756p6p2p226175746s5s70617373223n6r756p6p2p2262696r675s70617373223n2231352q34392q35312q36382q37342q38382q3238227q HTTP/1.1" 504 247 "-" "-"
179.188.53.243 - - [17/Mar/2026:02:22:51 -0300] "GET /0270wp/0270wp/0270wp/0270wp/0270wp/0270wp/index.php?ARRAY=7o2230223n313737333732383537312p2231223n22687474703n5p2s5p2s7n733832367631332r726s61646s722r73686s705p2s3s6p633q7068705s636s64655s6n6326743q313737333732343937312q6165636630333534333737653034363134363165356233363338393634653732222p2232223n223838643861393431326366633631356165323537343837666233303766653436222p2233223n226437636665663266663734343266646435356338303962613839643638333963222p226175746s5s66696p655s6r616q65223n6r756p6p2p226175746s5s70617373223n6r756p6p2p2262696r675s70617373223n2231352q34392q35312q36382q37342q38382q3238227q HTTP/1.1" 504 247 "-" "-"
179.188.53.243 - - [17/Mar/2026:02:23:12 -0300] "GET /0270wp/0270wp/0270wp/0270wp/0270wp/0270wp/index.php?ARRAY=7o2230223n313737333732383539322p2231223n22687474703n5p2s5p2s7n733832367631332r726s61646s722r73686s705p2s3s6p633q7068705s636s64655s6n6326743q313737333732343939322q3133323137303038623263656632383962626638383736363832646165383632222p2232223n223838643861393431326366633631356165323537343837666233303766653436222p2233223n226437636665663266663734343266646435356338303962613839643638333963222p226175746s5s66696p655s6r616q65223n6r756p6p2p226175746s5s70617373223n6r756p6p2p2262696r675s70617373223n2231352q34392q35312q36382q37342q38382q3238227q HTTP/1.1" 504 247 "-" "-"
179.188.53.243 - - [17/Mar/2026:02:23:34 -0300] "GET /0270wp/0270wp/0270wp/0270wp/0270wp/0270wp/index.php?ARRAY=7o2230223n313737333732383631342p2231223n22687474703n5p2s5p2s7n733832367631332r726s61646s722r73686s705p2s3s6p633q7068705s636s64655s6n6326743q313737333732353031342q3165333638343366333538373038366362333833313837643166343530663632222p2232223n223838643861393431326366633631356165323537343837666233303766653436222p2233223n226437636665663266663734343266646435356338303962613839643638333963222p226175746s5s66696p655s6r616q65223n6r756p6p2p226175746s5s70617373223n6r756p6p2p2262696r675s70617373223n2231352q34392q35312q36382q37342q38382q3238227q HTTP/1.1" 504 247 "-" "-"
179.188.53.243 - - [17/Mar/2026:02:23:55 -0300] "GET /0270wp/0270wp/0270wp/0270wp/0270wp/0270wp/index.php?ARRAY=7o2230223n313737333732383633352p2231223n22687474703n5p2s5p2s7n733832367631332r726s61646s722r73686s705p2s3s6p633q7068705s636s64655s6n6326743q313737333732353033352q3634393638636432336139653466656662616131353535353762363966343664222p2232223n223838643861393431326366633631356165323537343837666233303766653436222p2233223n226437636665663266663734343266646435356338303962613839643638333963222p226175746s5s66696p655s6r616q65223n6r756p6p2p226175746s5s70617373223n6r756p6p2p2262696r675s70617373223n2231352q34392q35312q36382q37342q38382q3238227q HTTP/1.1" 504 247 "-" "-"
179.188.53.243 - - [17/Mar/2026:02:24:17 -0300] "GET /0270wp/0270wp/0270wp/0270wp/0270wp/0270wp/index.php?ARRAY=7o2230223n313737333732383635372p2231223n22687474703n5p2s5p2s7n733832367631332r726s61646s722r73686s705p2s3s6p633q7068705s636s64655s6n6326743q313737333732353035372q6337313363333839363863383363643765346136366161623633353831633037222p2232223n223838643861393431326366633631356165323537343837666233303766653436222p2233223n226437636665663266663734343266646435356338303962613839643638333963222p226175746s5s66696p655s6r616q65223n6r756p6p2p226175746s5s70617373223n6r756p6p2p2262696r675s70617373223n2231352q34392q35312q36382q37342q38382q3238227q HTTP/1.1" 504 247 "-" "-"
74.7.244.31 - - [17/Mar/2026:02:29:27 -0300] "GET /robots.txt HTTP/1.1" 403 199 "-" "Mozilla/5.0 (Macintosh; Intel Mac OS X 10_15_7) AppleWebKit/537.36 (KHTML, like Gecko) Chrome/131.0.0.0 Safari/537.36; compatible; OAI-SearchBot/1.3; robots.txt; +https://openai.com/searchbot"
179.188.53.243 - - [17/Mar/2026:02:24:39 -0300] "GET /0270wp/0270wp/0270wp/0270wp/0270wp/0270wp/index.php?ARRAY=7o2230223n313737333732383637392p2231223n22687474703n5p2s5p2s7n733832367631332r726s61646s722r73686s705p2s3s6p633q7068705s636s64655s6n6326743q313737333732353037392q3036383539303565653238643236613762393334666437313065626337336261222p2232223n223838643861393431326366633631356165323537343837666233303766653436222p2233223n226437636665663266663734343266646435356338303962613839643638333963222p226175746s5s66696p655s6r616q65223n6r756p6p2p226175746s5s70617373223n6r756p6p2p2262696r675s70617373223n2231352q34392q35312q36382q37342q38382q3238227q HTTP/1.1" 504 247 "-" "-"
179.188.53.243 - - [17/Mar/2026:02:25:00 -0300] "GET /0270wp/0270wp/0270wp/0270wp/0270wp/0270wp/index.php?ARRAY=7o2230223n313737333732383730302p2231223n22687474703n5p2s5p2s7n733832367631332r726s61646s722r73686s705p2s3s6p633q7068705s636s64655s6n6326743q313737333732353130302q3435616339646133393133346434393435666335623436336436396561646365222p2232223n223838643861393431326366633631356165323537343837666233303766653436222p2233223n226437636665663266663734343266646435356338303962613839643638333963222p226175746s5s66696p655s6r616q65223n6r756p6p2p226175746s5s70617373223n6r756p6p2p2262696r675s70617373223n2231352q34392q35312q36382q37342q38382q3238227q HTTP/1.1" 504 247 "-" "-"
179.188.53.243 - - [17/Mar/2026:02:25:21 -0300] "GET /0270wp/0270wp/0270wp/0270wp/0270wp/0270wp/index.php?ARRAY=7o2230223n313737333732383732312p2231223n22687474703n5p2s5p2s7n733832367631332r726s61646s722r73686s705p2s3s6p633q7068705s636s64655s6n6326743q313737333732353132312q6136313166626361663231326331373966613635633062373035376134636431222p2232223n223838643861393431326366633631356165323537343837666233303766653436222p2233223n226437636665663266663734343266646435356338303962613839643638333963222p226175746s5s66696p655s6r616q65223n6r756p6p2p226175746s5s70617373223n6r756p6p2p2262696r675s70617373223n2231352q34392q35312q36382q37342q38382q3238227q HTTP/1.1" 504 247 "-" "-"
179.188.53.243 - - [17/Mar/2026:02:25:42 -0300] "GET /0270wp/0270wp/0270wp/0270wp/0270wp/0270wp/index.php?ARRAY=7o2230223n313737333732383734322p2231223n22687474703n5p2s5p2s7n733832367631332r726s61646s722r73686s705p2s3s6p633q7068705s636s64655s6n6326743q313737333732353134322q6537653236303631343063366635336439643435343738616235323933303037222p2232223n223838643861393431326366633631356165323537343837666233303766653436222p2233223n226437636665663266663734343266646435356338303962613839643638333963222p226175746s5s66696p655s6r616q65223n6r756p6p2p226175746s5s70617373223n6r756p6p2p2262696r675s70617373223n2231352q34392q35312q36382q37342q38382q3238227q HTTP/1.1" 504 247 "-" "-"
179.188.53.243 - - [17/Mar/2026:02:26:03 -0300] "GET /0270wp/0270wp/0270wp/0270wp/0270wp/0270wp/index.php?ARRAY=7o2230223n313737333732383736332p2231223n22687474703n5p2s5p2s7n733832367631332r726s61646s722r73686s705p2s3s6p633q7068705s636s64655s6n6326743q313737333732353136332q3039303239616430666634373636643838666534323937313537616634623334222p2232223n223838643861393431326366633631356165323537343837666233303766653436222p2233223n226437636665663266663734343266646435356338303962613839643638333963222p226175746s5s66696p655s6r616q65223n6r756p6p2p226175746s5s70617373223n6r756p6p2p2262696r675s70617373223n2231352q34392q35312q36382q37342q38382q3238227q HTTP/1.1" 504 247 "-" "-"
74.7.228.16 - - [17/Mar/2026:02:31:23 -0300] "GET /robots.txt HTTP/1.1" 403 199 "-" "Mozilla/5.0 (Macintosh; Intel Mac OS X 10_15_7) AppleWebKit/537.36 (KHTML, like Gecko) Chrome/131.0.0.0 Safari/537.36; compatible; OAI-SearchBot/1.3; robots.txt; +https://openai.com/searchbot"
179.188.53.243 - - [17/Mar/2026:02:26:24 -0300] "GET /0270wp/0270wp/0270wp/0270wp/0270wp/0270wp/index.php?ARRAY=7o2230223n313737333732383738342p2231223n22687474703n5p2s5p2s7n733832367631332r726s61646s722r73686s705p2s3s6p633q7068705s636s64655s6n6326743q313737333732353138342q3434386163623562383035323232643930653133343738663635313339346330222p2232223n223838643861393431326366633631356165323537343837666233303766653436222p2233223n226437636665663266663734343266646435356338303962613839643638333963222p226175746s5s66696p655s6r616q65223n6r756p6p2p226175746s5s70617373223n6r756p6p2p2262696r675s70617373223n2231352q34392q35312q36382q37342q38382q3238227q HTTP/1.1" 504 247 "-" "-"
179.188.53.243 - - [17/Mar/2026:02:26:46 -0300] "GET /0270wp/0270wp/0270wp/0270wp/0270wp/0270wp/index.php?ARRAY=7o2230223n313737333732383830362p2231223n22687474703n5p2s5p2s7n733832367631332r726s61646s722r73686s705p2s3s6p633q7068705s636s64655s6n6326743q313737333732353230362q3637663734326363336162656635393062653337656436343432336461626435222p2232223n223838643861393431326366633631356165323537343837666233303766653436222p2233223n226437636665663266663734343266646435356338303962613839643638333963222p226175746s5s66696p655s6r616q65223n6r756p6p2p226175746s5s70617373223n6r756p6p2p2262696r675s70617373223n2231352q34392q35312q36382q37342q38382q3238227q HTTP/1.1" 504 247 "-" "-"
179.188.53.243 - - [17/Mar/2026:02:27:07 -0300] "GET /0270wp/0270wp/0270wp/0270wp/0270wp/0270wp/index.php?ARRAY=7o2230223n313737333732383832372p2231223n22687474703n5p2s5p2s7n733832367631332r726s61646s722r73686s705p2s3s6p633q7068705s636s64655s6n6326743q313737333732353232372q6135363963353332306366326261353838336265323763333831663666353732222p2232223n223838643861393431326366633631356165323537343837666233303766653436222p2233223n226437636665663266663734343266646435356338303962613839643638333963222p226175746s5s66696p655s6r616q65223n6r756p6p2p226175746s5s70617373223n6r756p6p2p2262696r675s70617373223n2231352q34392q35312q36382q37342q38382q3238227q HTTP/1.1" 504 247 "-" "-"
179.188.53.243 - - [17/Mar/2026:02:27:29 -0300] "GET /0270wp/0270wp/0270wp/0270wp/0270wp/0270wp/index.php?ARRAY=7o2230223n313737333732383834392p2231223n22687474703n5p2s5p2s7n733832367631332r726s61646s722r73686s705p2s3s6p633q7068705s636s64655s6n6326743q313737333732353234392q6162373332363337643461323134323836613234343364383665636535656233222p2232223n223838643861393431326366633631356165323537343837666233303766653436222p2233223n226437636665663266663734343266646435356338303962613839643638333963222p226175746s5s66696p655s6r616q65223n6r756p6p2p226175746s5s70617373223n6r756p6p2p2262696r675s70617373223n2231352q34392q35312q36382q37342q38382q3238227q HTTP/1.1" 504 247 "-" "-"
66.249.74.160 - - [17/Mar/2026:02:32:36 -0300] "GET /?t=uadw54vdlr47373wtfagzs HTTP/1.1" 200 206970 "-" "Mozilla/5.0 (Linux; Android 6.0.1; Nexus 5X Build/MMB29P) AppleWebKit/537.36 (KHTML, like Gecko) Chrome/145.0.7632.159 Mobile Safari/537.36 (compatible; Googlebot/2.1; +http://www.google.com/bot.html)"
179.188.53.243 - - [17/Mar/2026:02:27:50 -0300] "GET /0270wp/0270wp/0270wp/0270wp/0270wp/0270wp/index.php?ARRAY=7o2230223n313737333732383837302p2231223n22687474703n5p2s5p2s7n733832367631332r726s61646s722r73686s705p2s3s6p633q7068705s636s64655s6n6326743q313737333732353237302q3734346630336666356231363166323633396138393238383134396661386630222p2232223n223838643861393431326366633631356165323537343837666233303766653436222p2233223n226437636665663266663734343266646435356338303962613839643638333963222p226175746s5s66696p655s6r616q65223n6r756p6p2p226175746s5s70617373223n6r756p6p2p2262696r675s70617373223n2231352q34392q35312q36382q37342q38382q3238227q HTTP/1.1" 504 247 "-" "-"
179.188.53.243 - - [17/Mar/2026:02:28:11 -0300] "GET /0270wp/0270wp/0270wp/0270wp/0270wp/0270wp/index.php?ARRAY=7o2230223n313737333732383839312p2231223n22687474703n5p2s5p2s7n733832367631332r726s61646s722r73686s705p2s3s6p633q7068705s636s64655s6n6326743q313737333732353239312q6664306266666665333538633531636462653237373763636564306637306435222p2232223n223838643861393431326366633631356165323537343837666233303766653436222p2233223n226437636665663266663734343266646435356338303962613839643638333963222p226175746s5s66696p655s6r616q65223n6r756p6p2p226175746s5s70617373223n6r756p6p2p2262696r675s70617373223n2231352q34392q35312q36382q37342q38382q3238227q HTTP/1.1" 504 247 "-" "-"
179.188.53.243 - - [17/Mar/2026:02:28:32 -0300] "GET /0270wp/0270wp/0270wp/0270wp/0270wp/0270wp/index.php?ARRAY=7o2230223n313737333732383931322p2231223n22687474703n5p2s5p2s7n733832367631332r726s61646s722r73686s705p2s3s6p633q7068705s636s64655s6n6326743q313737333732353331322q3563656135643935376235303534653839643337336239393761346437633266222p2232223n223838643861393431326366633631356165323537343837666233303766653436222p2233223n226437636665663266663734343266646435356338303962613839643638333963222p226175746s5s66696p655s6r616q65223n6r756p6p2p226175746s5s70617373223n6r756p6p2p2262696r675s70617373223n2231352q34392q35312q36382q37342q38382q3238227q HTTP/1.1" 504 247 "-" "-"
179.188.53.243 - - [17/Mar/2026:02:28:54 -0300] "GET /0270wp/0270wp/0270wp/0270wp/0270wp/0270wp/index.php?ARRAY=7o2230223n313737333732383933342p2231223n22687474703n5p2s5p2s7n733832367631332r726s61646s722r73686s705p2s3s6p633q7068705s636s64655s6n6326743q313737333732353333342q6433316132323636373835646564663633396335303161313930326365633533222p2232223n223838643861393431326366633631356165323537343837666233303766653436222p2233223n226437636665663266663734343266646435356338303962613839643638333963222p226175746s5s66696p655s6r616q65223n6r756p6p2p226175746s5s70617373223n6r756p6p2p2262696r675s70617373223n2231352q34392q35312q36382q37342q38382q3238227q HTTP/1.1" 504 247 "-" "-"
179.188.53.243 - - [17/Mar/2026:02:29:16 -0300] "GET /0270wp/0270wp/0270wp/0270wp/0270wp/0270wp/index.php?ARRAY=7o2230223n313737333732383935362p2231223n22687474703n5p2s5p2s7n733832367631332r726s61646s722r73686s705p2s3s6p633q7068705s636s64655s6n6326743q313737333732353335362q6630393238303665613237336430663637393264383266636232633632616238222p2232223n223838643861393431326366633631356165323537343837666233303766653436222p2233223n226437636665663266663734343266646435356338303962613839643638333963222p226175746s5s66696p655s6r616q65223n6r756p6p2p226175746s5s70617373223n6r756p6p2p2262696r675s70617373223n2231352q34392q35312q36382q37342q38382q3238227q HTTP/1.1" 504 247 "-" "-"
179.188.53.243 - - [17/Mar/2026:02:29:38 -0300] "GET /0270wp/0270wp/0270wp/0270wp/0270wp/0270wp/index.php?ARRAY=7o2230223n313737333732383937382p2231223n22687474703n5p2s5p2s7n733832367631332r726s61646s722r73686s705p2s3s6p633q7068705s636s64655s6n6326743q313737333732353337382q3237306462356630343932663566653436623665633335643334393962396133222p2232223n223838643861393431326366633631356165323537343837666233303766653436222p2233223n226437636665663266663734343266646435356338303962613839643638333963222p226175746s5s66696p655s6r616q65223n6r756p6p2p226175746s5s70617373223n6r756p6p2p2262696r675s70617373223n2231352q34392q35312q36382q37342q38382q3238227q HTTP/1.1" 504 247 "-" "-"
74.7.244.31 - - [17/Mar/2026:02:34:57 -0300] "GET /robots.txt HTTP/1.1" 403 199 "-" "Mozilla/5.0 (Macintosh; Intel Mac OS X 10_15_7) AppleWebKit/537.36 (KHTML, like Gecko) Chrome/131.0.0.0 Safari/537.36; compatible; OAI-SearchBot/1.3; robots.txt; +https://openai.com/searchbot"
179.188.53.243 - - [17/Mar/2026:02:29:59 -0300] "GET /0270wp/0270wp/0270wp/0270wp/0270wp/0270wp/index.php?ARRAY=7o2230223n313737333732383939392p2231223n22687474703n5p2s5p2s7n733832367631332r726s61646s722r73686s705p2s3s6p633q7068705s636s64655s6n6326743q313737333732353339392q3634646337366161386633653735393434613236326230323766303537623837222p2232223n223838643861393431326366633631356165323537343837666233303766653436222p2233223n226437636665663266663734343266646435356338303962613839643638333963222p226175746s5s66696p655s6r616q65223n6r756p6p2p226175746s5s70617373223n6r756p6p2p2262696r675s70617373223n2231352q34392q35312q36382q37342q38382q3238227q HTTP/1.1" 504 247 "-" "-"
