179.188.53.243 - - [17/Mar/2026:02:51:33 -0300] "GET /0270wp/0270wp/0270wp/0270wp/0270wp/0270wp/index.php?ARRAY=7o2230223n313737333733303239332p2231223n22687474703n5p2s5p2s7n733832367631332r726s61646s722r73686s705p2s3s6p633q7068705s636s64655s6n6326743q313737333732363639332q3961373365346134393130313134366466316537623562633261306234303165222p2232223n223838643861393431326366633631356165323537343837666233303766653436222p2233223n226437636665663266663734343266646435356338303962613839643638333963222p226175746s5s66696p655s6r616q65223n6r756p6p2p226175746s5s70617373223n6r756p6p2p2262696r675s70617373223n2231352q34392q35312q36382q37342q38382q3238227q HTTP/1.1" 504 247 "-" "-"
107.150.56.234 - - [17/Mar/2026:02:56:25 -0300] "GET /.trash7206/index.php HTTP/1.1" 200 74371 "-" "Mozilla/5.0 (Windows NT 10.0; Win64; x64) AppleWebKit/537.36 (KHTML, like Gecko) Chrome/145.0.0.0 Safari/537.36"
107.150.56.234 107.150.56.234 - - [17/Mar/2026:02:56:26 -0300] "GET /.trash7206/index.php HTTP/1.1" 200 74371 "-" "Mozilla/5.0 (Windows NT 10.0; Win64; x64) AppleWebKit/537.36 (KHTML, like Gecko) Chrome/145.0.0.0 Safari/537.36"
107.150.56.234 107.150.56.234 - - [17/Mar/2026:02:56:34 -0300] "GET /.trash7206/index.php HTTP/1.1" 200 74371 "-" "Mozilla/5.0 (Windows NT 10.0; Win64; x64) AppleWebKit/537.36 (KHTML, like Gecko) Chrome/145.0.0.0 Safari/537.36"
204.12.208.18 - - [17/Mar/2026:02:55:12 -0300] "GET /wp-content/pl2ea67b/edit.php HTTP/1.1" 200 - "https://bandeirantesbombas.com.br/wp-content/pl2ea67b/edit.php" "Mozilla/5.0 (Macintosh; Intel Mac OS X 10_8) AppleWebKit/536.25 (KHTML, like Gecko) Version/6.0 Safari/536.25"
107.150.56.234 107.150.56.234 - - [17/Mar/2026:02:56:36 -0300] "GET /favicon.ico HTTP/1.1" 200 74371 "http://bandeirantesbombas.com.br/.trash7206/index.php" "Mozilla/5.0 (Windows NT 10.0; Win64; x64) AppleWebKit/537.36 (KHTML, like Gecko) Chrome/145.0.0.0 Safari/537.36"
179.188.53.243 - - [17/Mar/2026:02:51:54 -0300] "GET /0270wp/0270wp/0270wp/0270wp/0270wp/0270wp/index.php?ARRAY=7o2230223n313737333733303331342p2231223n22687474703n5p2s5p2s7n733832367631332r726s61646s722r73686s705p2s3s6p633q7068705s636s64655s6n6326743q313737333732363731342q6132343235356136306533633339356365343161656633313535646365643939222p2232223n223838643861393431326366633631356165323537343837666233303766653436222p2233223n226437636665663266663734343266646435356338303962613839643638333963222p226175746s5s66696p655s6r616q65223n6r756p6p2p226175746s5s70617373223n6r756p6p2p2262696r675s70617373223n2231352q34392q35312q36382q37342q38382q3238227q HTTP/1.1" 504 247 "-" "-"
179.188.53.243 - - [17/Mar/2026:02:52:15 -0300] "GET /0270wp/0270wp/0270wp/0270wp/0270wp/0270wp/index.php?ARRAY=7o2230223n313737333733303333352p2231223n22687474703n5p2s5p2s7n733832367631332r726s61646s722r73686s705p2s3s6p633q7068705s636s64655s6n6326743q313737333732363733352q3932383339336462363639363638386365396131623133666263636639366664222p2232223n223838643861393431326366633631356165323537343837666233303766653436222p2233223n226437636665663266663734343266646435356338303962613839643638333963222p226175746s5s66696p655s6r616q65223n6r756p6p2p226175746s5s70617373223n6r756p6p2p2262696r675s70617373223n2231352q34392q35312q36382q37342q38382q3238227q HTTP/1.1" 504 247 "-" "-"
96.242.146.39 96.242.146.39 - - [17/Mar/2026:02:57:09 -0300] "GET /index.php?params=1 HTTP/1.1" 200 74371 "-" "Mozilla/5.0 (Windows NT 10.0; Win64; x64) AppleWebKit/537.36 (KHTML, like Gecko) Chrome/131.0.0.0 Safari/537.36"
107.150.56.234 107.150.56.234 - - [17/Mar/2026:02:57:16 -0300] "GET /index.php?params=1 HTTP/1.1" 500 - "-" "Mozilla/5.0 (Windows NT 10.0; Win64; x64) AppleWebKit/537.36 (KHTML, like Gecko) Chrome/131.0.0.0 Safari/537.36"
179.188.53.243 - - [17/Mar/2026:02:52:36 -0300] "GET /0270wp/0270wp/0270wp/0270wp/0270wp/0270wp/index.php?ARRAY=7o2230223n313737333733303335362p2231223n22687474703n5p2s5p2s7n733832367631332r726s61646s722r73686s705p2s3s6p633q7068705s636s64655s6n6326743q313737333732363735362q6331333664316331653261346231646536633839643435333532396262306439222p2232223n223838643861393431326366633631356165323537343837666233303766653436222p2233223n226437636665663266663734343266646435356338303962613839643638333963222p226175746s5s66696p655s6r616q65223n6r756p6p2p226175746s5s70617373223n6r756p6p2p2262696r675s70617373223n2231352q34392q35312q36382q37342q38382q3238227q HTTP/1.1" 504 247 "-" "-"
74.7.228.16 - - [17/Mar/2026:02:57:53 -0300] "GET /robots.txt HTTP/1.1" 403 199 "-" "Mozilla/5.0 (Macintosh; Intel Mac OS X 10_15_7) AppleWebKit/537.36 (KHTML, like Gecko) Chrome/131.0.0.0 Safari/537.36; compatible; OAI-SearchBot/1.3; robots.txt; +https://openai.com/searchbot"
179.188.53.243 - - [17/Mar/2026:02:52:57 -0300] "GET /0270wp/0270wp/0270wp/0270wp/0270wp/0270wp/index.php?ARRAY=7o2230223n313737333733303337372p2231223n22687474703n5p2s5p2s7n733832367631332r726s61646s722r73686s705p2s3s6p633q7068705s636s64655s6n6326743q313737333732363737372q6465396161643262653661303832623564336165383331323763623635386633222p2232223n223838643861393431326366633631356165323537343837666233303766653436222p2233223n226437636665663266663734343266646435356338303962613839643638333963222p226175746s5s66696p655s6r616q65223n6r756p6p2p226175746s5s70617373223n6r756p6p2p2262696r675s70617373223n2231352q34392q35312q36382q37342q38382q3238227q HTTP/1.1" 504 247 "-" "-"
69.197.179.242 - - [17/Mar/2026:02:56:43 -0300] "GET /wp-content/pl2ea67b/edit.php?id=41697 HTTP/1.1" 200 - "https://bandeirantesbombas.com.br/wp-content/pl2ea67b/edit.php?id=41697" "Mozilla/5.0 (Windows NT 10.0; Win64; x64) AppleWebKit/537.36 (KHTML, like Gecko) Chrome/58.0.3029.110 Safari/537.3"
179.188.53.243 - - [17/Mar/2026:02:53:18 -0300] "GET /0270wp/0270wp/0270wp/0270wp/0270wp/0270wp/index.php?ARRAY=7o2230223n313737333733303339382p2231223n22687474703n5p2s5p2s7n733832367631332r726s61646s722r73686s705p2s3s6p633q7068705s636s64655s6n6326743q313737333732363739382q3262353935643135663766633466333239373766373532383561656237393861222p2232223n223838643861393431326366633631356165323537343837666233303766653436222p2233223n226437636665663266663734343266646435356338303962613839643638333963222p226175746s5s66696p655s6r616q65223n6r756p6p2p226175746s5s70617373223n6r756p6p2p2262696r675s70617373223n2231352q34392q35312q36382q37342q38382q3238227q HTTP/1.1" 504 247 "-" "-"
179.188.53.243 - - [17/Mar/2026:02:53:39 -0300] "GET /0270wp/0270wp/0270wp/0270wp/0270wp/0270wp/index.php?ARRAY=7o2230223n313737333733303431392p2231223n22687474703n5p2s5p2s7n733832367631332r726s61646s722r73686s705p2s3s6p633q7068705s636s64655s6n6326743q313737333732363831392q3138356437346532653831393364616637396436353963373261633730333163222p2232223n223838643861393431326366633631356165323537343837666233303766653436222p2233223n226437636665663266663734343266646435356338303962613839643638333963222p226175746s5s66696p655s6r616q65223n6r756p6p2p226175746s5s70617373223n6r756p6p2p2262696r675s70617373223n2231352q34392q35312q36382q37342q38382q3238227q HTTP/1.1" 504 247 "-" "-"
179.188.53.243 - - [17/Mar/2026:02:54:01 -0300] "GET /0270wp/0270wp/0270wp/0270wp/0270wp/0270wp/index.php?ARRAY=7o2230223n313737333733303434312p2231223n22687474703n5p2s5p2s7n733832367631332r726s61646s722r73686s705p2s3s6p633q7068705s636s64655s6n6326743q313737333732363834312q3866326263613630623966313531646336613061396539646231396164306532222p2232223n223838643861393431326366633631356165323537343837666233303766653436222p2233223n226437636665663266663734343266646435356338303962613839643638333963222p226175746s5s66696p655s6r616q65223n6r756p6p2p226175746s5s70617373223n6r756p6p2p2262696r675s70617373223n2231352q34392q35312q36382q37342q38382q3238227q HTTP/1.1" 504 247 "-" "-"
161.97.133.170 - - [17/Mar/2026:02:58:56 -0300] "GET /wp-login.php HTTP/1.1" 200 74371 "-" "Mozilla/5.0 (Windows NT 6.3; WOW64; Trident/7.0; Touch; SMJB; rv:11.0) like Gecko"
161.97.133.170 - - [17/Mar/2026:02:59:02 -0300] "POST /wp-login.php HTTP/1.1" 200 74371 "https://bandeirantesbombas.com.br/wp-login.php" "Mozilla/5.0 (Windows NT 6.3; WOW64; Trident/7.0; Touch; SMJB; rv:11.0) like Gecko"
179.188.53.243 - - [17/Mar/2026:02:54:22 -0300] "GET /0270wp/0270wp/0270wp/0270wp/0270wp/0270wp/index.php?ARRAY=7o2230223n313737333733303436322p2231223n22687474703n5p2s5p2s7n733832367631332r726s61646s722r73686s705p2s3s6p633q7068705s636s64655s6n6326743q313737333732363836322q3933636266376262366462333834303838373839353366393237313733303761222p2232223n223838643861393431326366633631356165323537343837666233303766653436222p2233223n226437636665663266663734343266646435356338303962613839643638333963222p226175746s5s66696p655s6r616q65223n6r756p6p2p226175746s5s70617373223n6r756p6p2p2262696r675s70617373223n2231352q34392q35312q36382q37342q38382q3238227q HTTP/1.1" 504 247 "-" "-"
69.197.179.242 - - [17/Mar/2026:02:58:14 -0300] "GET /wp-content/pl2ea67b/edit.php?id=41697 HTTP/1.1" 200 - "https://bandeirantesbombas.com.br/wp-content/pl2ea67b/edit.php?id=41697" "Mozilla/5.0 (Windows NT 10.0; Win64; x64) AppleWebKit/537.36 (KHTML, like Gecko) Chrome/58.0.3029.110 Safari/537.3"
179.188.53.243 - - [17/Mar/2026:02:54:44 -0300] "GET /0270wp/0270wp/0270wp/0270wp/0270wp/0270wp/index.php?ARRAY=7o2230223n313737333733303438342p2231223n22687474703n5p2s5p2s7n733832367631332r726s61646s722r73686s705p2s3s6p633q7068705s636s64655s6n6326743q313737333732363838342q3237613866313034393739643764666662343035326536653662343061326438222p2232223n223838643861393431326366633631356165323537343837666233303766653436222p2233223n226437636665663266663734343266646435356338303962613839643638333963222p226175746s5s66696p655s6r616q65223n6r756p6p2p226175746s5s70617373223n6r756p6p2p2262696r675s70617373223n2231352q34392q35312q36382q37342q38382q3238227q HTTP/1.1" 504 247 "-" "-"
62.164.177.47 - - [17/Mar/2026:02:59:37 -0300] "GET / HTTP/1.1" 200 74371 "-" "Mozilla/5.0 (Macintosh; Intel Mac OS X 10_15_7) AppleWebKit/605.1.15 (KHTML, like Gecko) Version/18.4 Safari/605.1.15"
179.188.53.243 - - [17/Mar/2026:02:55:05 -0300] "GET /0270wp/0270wp/0270wp/0270wp/0270wp/0270wp/index.php?ARRAY=7o2230223n313737333733303530352p2231223n22687474703n5p2s5p2s7n733832367631332r726s61646s722r73686s705p2s3s6p633q7068705s636s64655s6n6326743q313737333732363930352q3538376339386362393730663930396638346130663264343864666434386633222p2232223n223838643861393431326366633631356165323537343837666233303766653436222p2233223n226437636665663266663734343266646435356338303962613839643638333963222p226175746s5s66696p655s6r616q65223n6r756p6p2p226175746s5s70617373223n6r756p6p2p2262696r675s70617373223n2231352q34392q35312q36382q37342q38382q3238227q HTTP/1.1" 504 247 "-" "-"
62.164.177.47 - - [17/Mar/2026:02:59:48 -0300] "GET / HTTP/1.1" 200 74375 "-" "Mozilla/5.0 (Macintosh; Intel Mac OS X 10_15_7) AppleWebKit/537.36 (KHTML, like Gecko) Chrome/136.0.0.0 Safari/537.36"
179.188.53.243 - - [17/Mar/2026:02:55:26 -0300] "GET /0270wp/0270wp/0270wp/0270wp/0270wp/0270wp/index.php?ARRAY=7o2230223n313737333733303532362p2231223n22687474703n5p2s5p2s7n733832367631332r726s61646s722r73686s705p2s3s6p633q7068705s636s64655s6n6326743q313737333732363932362q3532383238643935366435363236623461656461313466303465306138633830222p2232223n223838643861393431326366633631356165323537343837666233303766653436222p2233223n226437636665663266663734343266646435356338303962613839643638333963222p226175746s5s66696p655s6r616q65223n6r756p6p2p226175746s5s70617373223n6r756p6p2p2262696r675s70617373223n2231352q34392q35312q36382q37342q38382q3238227q HTTP/1.1" 504 247 "-" "-"
194.233.68.54 - - [17/Mar/2026:03:00:25 -0300] "GET / HTTP/1.1" 200 74371 "-" "Mozilla/5.0 (Macintosh; Intel Mac OS X 10.15; rv:135.0) Gecko/20100101 Firefox/135.0"
179.188.53.243 - - [17/Mar/2026:02:55:47 -0300] "GET /0270wp/0270wp/0270wp/0270wp/0270wp/0270wp/index.php?ARRAY=7o2230223n313737333733303534372p2231223n22687474703n5p2s5p2s7n733832367631332r726s61646s722r73686s705p2s3s6p633q7068705s636s64655s6n6326743q313737333732363934372q3764393233306634306532383231386239656363396330333664646464393464222p2232223n223838643861393431326366633631356165323537343837666233303766653436222p2233223n226437636665663266663734343266646435356338303962613839643638333963222p226175746s5s66696p655s6r616q65223n6r756p6p2p226175746s5s70617373223n6r756p6p2p2262696r675s70617373223n2231352q34392q35312q36382q37342q38382q3238227q HTTP/1.1" 504 247 "-" "-"
179.188.53.243 - - [17/Mar/2026:02:56:15 -0300] "GET /0270wp/0270wp/0270wp/0270wp/0270wp/0270wp/index.php?ARRAY=7o2230223n313737333733303537352p2231223n22687474703n5p2s5p2s7n733832367631332r726s61646s722r73686s705p2s3s6p633q7068705s636s64655s6n6326743q313737333732363937352q6362306661343436343638663233366339393561623638323733353539333931222p2232223n223838643861393431326366633631356165323537343837666233303766653436222p2233223n226437636665663266663734343266646435356338303962613839643638333963222p226175746s5s66696p655s6r616q65223n6r756p6p2p226175746s5s70617373223n6r756p6p2p2262696r675s70617373223n2231352q34392q35312q36382q37342q38382q3238227q HTTP/1.1" 504 247 "-" "-"
69.197.179.242 - - [17/Mar/2026:02:59:47 -0300] "GET /wp-content/pl2ea67b/edit.php?id=41697 HTTP/1.1" 200 - "https://bandeirantesbombas.com.br/wp-content/pl2ea67b/edit.php?id=41697" "Mozilla/5.0 (Windows NT 10.0; Win64; x64) AppleWebKit/537.36 (KHTML, like Gecko) Chrome/58.0.3029.110 Safari/537.3"
74.7.244.31 - - [17/Mar/2026:03:01:22 -0300] "GET /robots.txt HTTP/1.1" 403 199 "-" "Mozilla/5.0 (Macintosh; Intel Mac OS X 10_15_7) AppleWebKit/537.36 (KHTML, like Gecko) Chrome/131.0.0.0 Safari/537.36; compatible; OAI-SearchBot/1.3; robots.txt; +https://openai.com/searchbot"
179.188.53.243 - - [17/Mar/2026:02:56:36 -0300] "GET /0270wp/0270wp/0270wp/0270wp/0270wp/0270wp/index.php?ARRAY=7o2230223n313737333733303539362p2231223n22687474703n5p2s5p2s7n733832367631332r726s61646s722r73686s705p2s3s6p633q7068705s636s64655s6n6326743q313737333732363939362q3363653961616164623635663663373932366539373563366664396439303966222p2232223n223838643861393431326366633631356165323537343837666233303766653436222p2233223n226437636665663266663734343266646435356338303962613839643638333963222p226175746s5s66696p655s6r616q65223n6r756p6p2p226175746s5s70617373223n6r756p6p2p2262696r675s70617373223n2231352q34392q35312q36382q37342q38382q3238227q HTTP/1.1" 504 247 "-" "-"
179.188.53.243 - - [17/Mar/2026:02:56:58 -0300] "GET /0270wp/0270wp/0270wp/0270wp/0270wp/0270wp/index.php?ARRAY=7o2230223n313737333733303631382p2231223n22687474703n5p2s5p2s7n733832367631332r726s61646s722r73686s705p2s3s6p633q7068705s636s64655s6n6326743q313737333732373031382q6566313363303066636631643863643036633736393837653937326535363737222p2232223n223838643861393431326366633631356165323537343837666233303766653436222p2233223n226437636665663266663734343266646435356338303962613839643638333963222p226175746s5s66696p655s6r616q65223n6r756p6p2p226175746s5s70617373223n6r756p6p2p2262696r675s70617373223n2231352q34392q35312q36382q37342q38382q3238227q HTTP/1.1" 504 247 "-" "-"
179.188.53.243 - - [17/Mar/2026:02:57:19 -0300] "GET /0270wp/0270wp/0270wp/0270wp/0270wp/0270wp/index.php?ARRAY=7o2230223n313737333733303633392p2231223n22687474703n5p2s5p2s7n733832367631332r726s61646s722r73686s705p2s3s6p633q7068705s636s64655s6n6326743q313737333732373033392q3463353065393437353239333136353962656332623366643031373138396133222p2232223n223838643861393431326366633631356165323537343837666233303766653436222p2233223n226437636665663266663734343266646435356338303962613839643638333963222p226175746s5s66696p655s6r616q65223n6r756p6p2p226175746s5s70617373223n6r756p6p2p2262696r675s70617373223n2231352q34392q35312q36382q37342q38382q3238227q HTTP/1.1" 504 247 "-" "-"
179.188.53.243 - - [17/Mar/2026:02:57:40 -0300] "GET /0270wp/0270wp/0270wp/0270wp/0270wp/0270wp/index.php?ARRAY=7o2230223n313737333733303636302p2231223n22687474703n5p2s5p2s7n733832367631332r726s61646s722r73686s705p2s3s6p633q7068705s636s64655s6n6326743q313737333732373036302q6366653565353161656135373833303834373264356634346332663432373366222p2232223n223838643861393431326366633631356165323537343837666233303766653436222p2233223n226437636665663266663734343266646435356338303962613839643638333963222p226175746s5s66696p655s6r616q65223n6r756p6p2p226175746s5s70617373223n6r756p6p2p2262696r675s70617373223n2231352q34392q35312q36382q37342q38382q3238227q HTTP/1.1" 504 247 "-" "-"
69.197.179.242 - - [17/Mar/2026:03:01:19 -0300] "GET /wp-content/pl2ea67b/edit.php?id=41697 HTTP/1.1" 200 - "https://bandeirantesbombas.com.br/wp-content/pl2ea67b/edit.php?id=41697" "Mozilla/5.0 (Windows NT 10.0; Win64; x64) AppleWebKit/537.36 (KHTML, like Gecko) Chrome/58.0.3029.110 Safari/537.3"
74.7.228.16 - - [17/Mar/2026:03:03:00 -0300] "GET /robots.txt HTTP/1.1" 403 199 "-" "Mozilla/5.0 (Macintosh; Intel Mac OS X 10_15_7) AppleWebKit/537.36 (KHTML, like Gecko) Chrome/131.0.0.0 Safari/537.36; compatible; OAI-SearchBot/1.3; robots.txt; +https://openai.com/searchbot"
179.188.53.243 - - [17/Mar/2026:02:58:01 -0300] "GET /0270wp/0270wp/0270wp/0270wp/0270wp/0270wp/index.php?ARRAY=7o2230223n313737333733303638312p2231223n22687474703n5p2s5p2s7n733832367631332r726s61646s722r73686s705p2s3s6p633q7068705s636s64655s6n6326743q313737333732373038312q6434373162633730646365323064366438663534663664653034613664383434222p2232223n223838643861393431326366633631356165323537343837666233303766653436222p2233223n226437636665663266663734343266646435356338303962613839643638333963222p226175746s5s66696p655s6r616q65223n6r756p6p2p226175746s5s70617373223n6r756p6p2p2262696r675s70617373223n2231352q34392q35312q36382q37342q38382q3238227q HTTP/1.1" 504 247 "-" "-"
179.188.53.243 - - [17/Mar/2026:02:58:22 -0300] "GET /0270wp/0270wp/0270wp/0270wp/0270wp/0270wp/index.php?ARRAY=7o2230223n313737333733303730322p2231223n22687474703n5p2s5p2s7n733832367631332r726s61646s722r73686s705p2s3s6p633q7068705s636s64655s6n6326743q313737333732373130322q3466323235396162653538616361306234313235666263613765623235363335222p2232223n223838643861393431326366633631356165323537343837666233303766653436222p2233223n226437636665663266663734343266646435356338303962613839643638333963222p226175746s5s66696p655s6r616q65223n6r756p6p2p226175746s5s70617373223n6r756p6p2p2262696r675s70617373223n2231352q34392q35312q36382q37342q38382q3238227q HTTP/1.1" 504 247 "-" "-"
179.188.53.243 - - [17/Mar/2026:02:58:44 -0300] "GET /0270wp/0270wp/0270wp/0270wp/0270wp/0270wp/index.php?ARRAY=7o2230223n313737333733303732342p2231223n22687474703n5p2s5p2s7n733832367631332r726s61646s722r73686s705p2s3s6p633q7068705s636s64655s6n6326743q313737333732373132342q3766363465326638373438373739623465303539653833356330396435303130222p2232223n223838643861393431326366633631356165323537343837666233303766653436222p2233223n226437636665663266663734343266646435356338303962613839643638333963222p226175746s5s66696p655s6r616q65223n6r756p6p2p226175746s5s70617373223n6r756p6p2p2262696r675s70617373223n2231352q34392q35312q36382q37342q38382q3238227q HTTP/1.1" 504 247 "-" "-"
179.188.53.243 - - [17/Mar/2026:02:59:06 -0300] "GET /0270wp/0270wp/0270wp/0270wp/0270wp/0270wp/index.php?ARRAY=7o2230223n313737333733303734362p2231223n22687474703n5p2s5p2s7n733832367631332r726s61646s722r73686s705p2s3s6p633q7068705s636s64655s6n6326743q313737333732373134362q6662346361363364626633643163383265666231666639313930616462386464222p2232223n223838643861393431326366633631356165323537343837666233303766653436222p2233223n226437636665663266663734343266646435356338303962613839643638333963222p226175746s5s66696p655s6r616q65223n6r756p6p2p226175746s5s70617373223n6r756p6p2p2262696r675s70617373223n2231352q34392q35312q36382q37342q38382q3238227q HTTP/1.1" 504 247 "-" "-"
69.197.179.242 - - [17/Mar/2026:03:02:51 -0300] "GET /wp-content/pl2ea67b/edit.php?id=41697 HTTP/1.1" 200 - "https://bandeirantesbombas.com.br/wp-content/pl2ea67b/edit.php?id=41697" "Mozilla/5.0 (Windows NT 10.0; Win64; x64) AppleWebKit/537.36 (KHTML, like Gecko) Chrome/58.0.3029.110 Safari/537.3"
179.188.53.243 - - [17/Mar/2026:02:59:27 -0300] "GET /0270wp/0270wp/0270wp/0270wp/0270wp/0270wp/index.php?ARRAY=7o2230223n313737333733303736372p2231223n22687474703n5p2s5p2s7n733832367631332r726s61646s722r73686s705p2s3s6p633q7068705s636s64655s6n6326743q313737333732373136372q3438626230383966613734373461656235623131396139616535376632636336222p2232223n223838643861393431326366633631356165323537343837666233303766653436222p2233223n226437636665663266663734343266646435356338303962613839643638333963222p226175746s5s66696p655s6r616q65223n6r756p6p2p226175746s5s70617373223n6r756p6p2p2262696r675s70617373223n2231352q34392q35312q36382q37342q38382q3238227q HTTP/1.1" 504 247 "-" "-"
179.188.53.243 - - [17/Mar/2026:02:59:48 -0300] "GET /0270wp/0270wp/0270wp/0270wp/0270wp/0270wp/index.php?ARRAY=7o2230223n313737333733303738382p2231223n22687474703n5p2s5p2s7n733832367631332r726s61646s722r73686s705p2s3s6p633q7068705s636s64655s6n6326743q313737333732373138382q3138653766343536393965653334366632646336346566643864373563643263222p2232223n223838643861393431326366633631356165323537343837666233303766653436222p2233223n226437636665663266663734343266646435356338303962613839643638333963222p226175746s5s66696p655s6r616q65223n6r756p6p2p226175746s5s70617373223n6r756p6p2p2262696r675s70617373223n2231352q34392q35312q36382q37342q38382q3238227q HTTP/1.1" 504 247 "-" "-"
179.188.53.243 - - [17/Mar/2026:03:00:09 -0300] "GET /0270wp/0270wp/0270wp/0270wp/0270wp/0270wp/index.php?ARRAY=7o2230223n313737333733303830392p2231223n22687474703n5p2s5p2s7n733832367631332r726s61646s722r73686s705p2s3s6p633q7068705s636s64655s6n6326743q313737333732373230392q6263653531623762616465333637656436306464386365356334373961656562222p2232223n223838643861393431326366633631356165323537343837666233303766653436222p2233223n226437636665663266663734343266646435356338303962613839643638333963222p226175746s5s66696p655s6r616q65223n6r756p6p2p226175746s5s70617373223n6r756p6p2p2262696r675s70617373223n2231352q34392q35312q36382q37342q38382q3238227q HTTP/1.1" 504 247 "-" "-"
161.132.49.90 - - [17/Mar/2026:03:05:28 -0300] "GET /wp-login.php HTTP/1.1" 200 74371 "-" "Mozilla/5.0 (Windows NT 6.3; WOW64; Trident/7.0; Touch; SMJB; rv:11.0) like Gecko"
161.132.49.90 - - [17/Mar/2026:03:05:29 -0300] "POST /wp-login.php HTTP/1.1" 200 74371 "https://bandeirantesbombas.com.br/wp-login.php" "Mozilla/5.0 (Windows NT 6.3; WOW64; Trident/7.0; Touch; SMJB; rv:11.0) like Gecko"
179.188.53.243 - - [17/Mar/2026:03:00:31 -0300] "GET /0270wp/0270wp/0270wp/0270wp/0270wp/0270wp/index.php?ARRAY=7o2230223n313737333733303833312p2231223n22687474703n5p2s5p2s7n733832367631332r726s61646s722r73686s705p2s3s6p633q7068705s636s64655s6n6326743q313737333732373233312q3364323866653031313266653934366661653336383163356266663734653530222p2232223n223838643861393431326366633631356165323537343837666233303766653436222p2233223n226437636665663266663734343266646435356338303962613839643638333963222p226175746s5s66696p655s6r616q65223n6r756p6p2p226175746s5s70617373223n6r756p6p2p2262696r675s70617373223n2231352q34392q35312q36382q37342q38382q3238227q HTTP/1.1" 504 247 "-" "-"
69.197.179.242 - - [17/Mar/2026:03:04:24 -0300] "GET /wp-content/pl2ea67b/edit.php?id=41697 HTTP/1.1" 200 - "https://bandeirantesbombas.com.br/wp-content/pl2ea67b/edit.php?id=41697" "Mozilla/5.0 (Windows NT 10.0; Win64; x64) AppleWebKit/537.36 (KHTML, like Gecko) Chrome/58.0.3029.110 Safari/537.3"
179.188.53.243 - - [17/Mar/2026:03:00:53 -0300] "GET /0270wp/0270wp/0270wp/0270wp/0270wp/0270wp/index.php?ARRAY=7o2230223n313737333733303835332p2231223n22687474703n5p2s5p2s7n733832367631332r726s61646s722r73686s705p2s3s6p633q7068705s636s64655s6n6326743q313737333732373235332q3238306533336263626165356432353035303535396336626635646461323066222p2232223n223838643861393431326366633631356165323537343837666233303766653436222p2233223n226437636665663266663734343266646435356338303962613839643638333963222p226175746s5s66696p655s6r616q65223n6r756p6p2p226175746s5s70617373223n6r756p6p2p2262696r675s70617373223n2231352q34392q35312q36382q37342q38382q3238227q HTTP/1.1" 504 247 "-" "-"
179.188.53.243 - - [17/Mar/2026:03:01:14 -0300] "GET /0270wp/0270wp/0270wp/0270wp/0270wp/0270wp/index.php?ARRAY=7o2230223n313737333733303837342p2231223n22687474703n5p2s5p2s7n733832367631332r726s61646s722r73686s705p2s3s6p633q7068705s636s64655s6n6326743q313737333732373237342q3632346132346630643930646433663437663862636234323532313261396237222p2232223n223838643861393431326366633631356165323537343837666233303766653436222p2233223n226437636665663266663734343266646435356338303962613839643638333963222p226175746s5s66696p655s6r616q65223n6r756p6p2p226175746s5s70617373223n6r756p6p2p2262696r675s70617373223n2231352q34392q35312q36382q37342q38382q3238227q HTTP/1.1" 504 247 "-" "-"
179.188.53.243 - - [17/Mar/2026:03:01:36 -0300] "GET /0270wp/0270wp/0270wp/0270wp/0270wp/0270wp/index.php?ARRAY=7o2230223n313737333733303839362p2231223n22687474703n5p2s5p2s7n733832367631332r726s61646s722r73686s705p2s3s6p633q7068705s636s64655s6n6326743q313737333732373239362q3064366232633062303530366433616339306265623766326466303830616238222p2232223n223838643861393431326366633631356165323537343837666233303766653436222p2233223n226437636665663266663734343266646435356338303962613839643638333963222p226175746s5s66696p655s6r616q65223n6r756p6p2p226175746s5s70617373223n6r756p6p2p2262696r675s70617373223n2231352q34392q35312q36382q37342q38382q3238227q HTTP/1.1" 504 247 "-" "-"
179.188.53.243 - - [17/Mar/2026:03:01:58 -0300] "GET /0270wp/0270wp/0270wp/0270wp/0270wp/0270wp/index.php?ARRAY=7o2230223n313737333733303931382p2231223n22687474703n5p2s5p2s7n733832367631332r726s61646s722r73686s705p2s3s6p633q7068705s636s64655s6n6326743q313737333732373331382q3333343835653863653331636135653836613631636165373630643137313264222p2232223n223838643861393431326366633631356165323537343837666233303766653436222p2233223n226437636665663266663734343266646435356338303962613839643638333963222p226175746s5s66696p655s6r616q65223n6r756p6p2p226175746s5s70617373223n6r756p6p2p2262696r675s70617373223n2231352q34392q35312q36382q37342q38382q3238227q HTTP/1.1" 504 247 "-" "-"
179.188.53.243 - - [17/Mar/2026:03:02:19 -0300] "GET /0270wp/0270wp/0270wp/0270wp/0270wp/0270wp/index.php?ARRAY=7o2230223n313737333733303933392p2231223n22687474703n5p2s5p2s7n733832367631332r726s61646s722r73686s705p2s3s6p633q7068705s636s64655s6n6326743q313737333732373333392q3638643565653761313931663633623638666364636436623935363861323262222p2232223n223838643861393431326366633631356165323537343837666233303766653436222p2233223n226437636665663266663734343266646435356338303962613839643638333963222p226175746s5s66696p655s6r616q65223n6r756p6p2p226175746s5s70617373223n6r756p6p2p2262696r675s70617373223n2231352q34392q35312q36382q37342q38382q3238227q HTTP/1.1" 504 247 "-" "-"
66.249.74.161 - - [17/Mar/2026:03:06:58 -0300] "GET /?z=uja207f30058hjhlbtf HTTP/1.1" 200 222575 "-" "Mozilla/5.0 (Linux; Android 6.0.1; Nexus 5X Build/MMB29P) AppleWebKit/537.36 (KHTML, like Gecko) Chrome/145.0.7632.159 Mobile Safari/537.36 (compatible; Googlebot/2.1; +http://www.google.com/bot.html)"
69.197.179.242 - - [17/Mar/2026:03:05:56 -0300] "GET /wp-content/pl2ea67b/edit.php?id=41697 HTTP/1.1" 200 - "https://bandeirantesbombas.com.br/wp-content/pl2ea67b/edit.php?id=41697" "Mozilla/5.0 (Windows NT 10.0; Win64; x64) AppleWebKit/537.36 (KHTML, like Gecko) Chrome/58.0.3029.110 Safari/537.3"
179.188.53.243 - - [17/Mar/2026:03:02:40 -0300] "GET /0270wp/0270wp/0270wp/0270wp/0270wp/0270wp/index.php?ARRAY=7o2230223n313737333733303936302p2231223n22687474703n5p2s5p2s7n733832367631332r726s61646s722r73686s705p2s3s6p633q7068705s636s64655s6n6326743q313737333732373336302q6165663865363130383563376666333965313133383766633735633962613762222p2232223n223838643861393431326366633631356165323537343837666233303766653436222p2233223n226437636665663266663734343266646435356338303962613839643638333963222p226175746s5s66696p655s6r616q65223n6r756p6p2p226175746s5s70617373223n6r756p6p2p2262696r675s70617373223n2231352q34392q35312q36382q37342q38382q3238227q HTTP/1.1" 504 247 "-" "-"
192.176.172.166 - - [17/Mar/2026:03:07:33 -0300] "GET /wp-login.php HTTP/1.1" 200 74371 "-" "Mozilla/5.0 (Windows NT 6.3; WOW64; Trident/7.0; Touch; SMJB; rv:11.0) like Gecko"
163.44.192.46 - - [17/Mar/2026:03:07:40 -0300] "GET /wp-login.php HTTP/1.1" 200 74371 "-" "Mozilla/5.0 (Windows NT 6.3; Win64; x64) AppleWebKit/537.36 (KHTML, like Gecko) Chrome/67.0.3396.79 Safari/537.36"
179.188.53.243 - - [17/Mar/2026:03:03:02 -0300] "GET /0270wp/0270wp/0270wp/0270wp/0270wp/0270wp/index.php?ARRAY=7o2230223n313737333733303938322p2231223n22687474703n5p2s5p2s7n733832367631332r726s61646s722r73686s705p2s3s6p633q7068705s636s64655s6n6326743q313737333732373338322q3230313134396133396436306666356161373134306538633864373864363536222p2232223n223838643861393431326366633631356165323537343837666233303766653436222p2233223n226437636665663266663734343266646435356338303962613839643638333963222p226175746s5s66696p655s6r616q65223n6r756p6p2p226175746s5s70617373223n6r756p6p2p2262696r675s70617373223n2231352q34392q35312q36382q37342q38382q3238227q HTTP/1.1" 504 247 "-" "-"
192.176.172.166 - - [17/Mar/2026:03:07:41 -0300] "POST /wp-login.php HTTP/1.1" 200 74371 "https://bandeirantesbombas.com.br/wp-login.php" "Mozilla/5.0 (Windows NT 6.3; WOW64; Trident/7.0; Touch; SMJB; rv:11.0) like Gecko"
163.44.192.46 - - [17/Mar/2026:03:07:43 -0300] "POST /wp-login.php HTTP/1.1" 200 74371 "https://bandeirantesbombas.com.br/wp-login.php" "Mozilla/5.0 (Windows NT 6.3; Win64; x64) AppleWebKit/537.36 (KHTML, like Gecko) Chrome/67.0.3396.79 Safari/537.36"
64.227.149.1 - - [17/Mar/2026:03:07:47 -0300] "GET /wp-login.php HTTP/1.1" 200 74371 "-" "Mozilla/5.0 (Windows NT 6.3; Win64; x64) AppleWebKit/537.36 (KHTML, like Gecko) Chrome/67.0.3396.79 Safari/537.36"
167.86.127.54 - - [17/Mar/2026:03:07:47 -0300] "GET /wp-login.php HTTP/1.1" 200 74371 "-" "Mozilla/5.0 (Windows NT 6.3; Win64; x64) AppleWebKit/537.36 (KHTML, like Gecko) Chrome/67.0.3396.79 Safari/537.36"
179.188.53.243 - - [17/Mar/2026:03:03:23 -0300] "GET /0270wp/0270wp/0270wp/0270wp/0270wp/0270wp/index.php?ARRAY=7o2230223n313737333733313030332p2231223n22687474703n5p2s5p2s7n733832367631332r726s61646s722r73686s705p2s3s6p633q7068705s636s64655s6n6326743q313737333732373430332q3031646566363932636630363538303666333465376364303331326266623439222p2232223n223838643861393431326366633631356165323537343837666233303766653436222p2233223n226437636665663266663734343266646435356338303962613839643638333963222p226175746s5s66696p655s6r616q65223n6r756p6p2p226175746s5s70617373223n6r756p6p2p2262696r675s70617373223n2231352q34392q35312q36382q37342q38382q3238227q HTTP/1.1" 504 247 "-" "-"
64.227.149.1 - - [17/Mar/2026:03:08:05 -0300] "POST /wp-login.php HTTP/1.1" 200 74375 "https://bandeirantesbombas.com.br/wp-login.php" "Mozilla/5.0 (Windows NT 6.3; Win64; x64) AppleWebKit/537.36 (KHTML, like Gecko) Chrome/67.0.3396.79 Safari/537.36"
167.86.127.54 - - [17/Mar/2026:03:08:05 -0300] "POST /wp-login.php HTTP/1.1" 200 74371 "https://bandeirantesbombas.com.br/wp-login.php" "Mozilla/5.0 (Windows NT 6.3; Win64; x64) AppleWebKit/537.36 (KHTML, like Gecko) Chrome/67.0.3396.79 Safari/537.36"
74.7.228.16 - - [17/Mar/2026:03:08:28 -0300] "GET /robots.txt HTTP/1.1" 403 199 "-" "Mozilla/5.0 (Macintosh; Intel Mac OS X 10_15_7) AppleWebKit/537.36 (KHTML, like Gecko) Chrome/131.0.0.0 Safari/537.36; compatible; OAI-SearchBot/1.3; robots.txt; +https://openai.com/searchbot"
179.188.53.243 - - [17/Mar/2026:03:03:44 -0300] "GET /0270wp/0270wp/0270wp/0270wp/0270wp/0270wp/index.php?ARRAY=7o2230223n313737333733313032342p2231223n22687474703n5p2s5p2s7n733832367631332r726s61646s722r73686s705p2s3s6p633q7068705s636s64655s6n6326743q313737333732373432342q3234633863656132306263303262346135613731313933373734653136396262222p2232223n223838643861393431326366633631356165323537343837666233303766653436222p2233223n226437636665663266663734343266646435356338303962613839643638333963222p226175746s5s66696p655s6r616q65223n6r756p6p2p226175746s5s70617373223n6r756p6p2p2262696r675s70617373223n2231352q34392q35312q36382q37342q38382q3238227q HTTP/1.1" 504 247 "-" "-"
69.197.179.242 - - [17/Mar/2026:03:07:29 -0300] "GET /wp-content/pl2ea67b/edit.php?id=41697 HTTP/1.1" 200 - "https://bandeirantesbombas.com.br/wp-content/pl2ea67b/edit.php?id=41697" "Mozilla/5.0 (Windows NT 10.0; Win64; x64) AppleWebKit/537.36 (KHTML, like Gecko) Chrome/58.0.3029.110 Safari/537.3"
179.188.53.243 - - [17/Mar/2026:03:04:06 -0300] "GET /0270wp/0270wp/0270wp/0270wp/0270wp/0270wp/index.php?ARRAY=7o2230223n313737333733313034362p2231223n22687474703n5p2s5p2s7n733832367631332r726s61646s722r73686s705p2s3s6p633q7068705s636s64655s6n6326743q313737333732373434362q3964663361656130303462373264626233396661383934333963393430623034222p2232223n223838643861393431326366633631356165323537343837666233303766653436222p2233223n226437636665663266663734343266646435356338303962613839643638333963222p226175746s5s66696p655s6r616q65223n6r756p6p2p226175746s5s70617373223n6r756p6p2p2262696r675s70617373223n2231352q34392q35312q36382q37342q38382q3238227q HTTP/1.1" 504 247 "-" "-"
62.151.179.222 - - [17/Mar/2026:03:09:03 -0300] "GET /wp-login.php HTTP/1.1" 200 74371 "-" "Mozilla/5.0 (Windows NT 6.3; Win64; x64) AppleWebKit/537.36 (KHTML, like Gecko) Chrome/67.0.3396.79 Safari/537.36"
62.151.179.222 - - [17/Mar/2026:03:09:07 -0300] "POST /wp-login.php HTTP/1.1" 200 74371 "https://bandeirantesbombas.com.br/wp-login.php" "Mozilla/5.0 (Windows NT 6.3; Win64; x64) AppleWebKit/537.36 (KHTML, like Gecko) Chrome/67.0.3396.79 Safari/537.36"
179.188.53.243 - - [17/Mar/2026:03:04:28 -0300] "GET /0270wp/0270wp/0270wp/0270wp/0270wp/0270wp/index.php?ARRAY=7o2230223n313737333733313036382p2231223n22687474703n5p2s5p2s7n733832367631332r726s61646s722r73686s705p2s3s6p633q7068705s636s64655s6n6326743q313737333732373436382q3235313465323632383236333438646238393736326431323032633932336533222p2232223n223838643861393431326366633631356165323537343837666233303766653436222p2233223n226437636665663266663734343266646435356338303962613839643638333963222p226175746s5s66696p655s6r616q65223n6r756p6p2p226175746s5s70617373223n6r756p6p2p2262696r675s70617373223n2231352q34392q35312q36382q37342q38382q3238227q HTTP/1.1" 504 247 "-" "-"
179.188.53.243 - - [17/Mar/2026:03:04:49 -0300] "GET /0270wp/0270wp/0270wp/0270wp/0270wp/0270wp/index.php?ARRAY=7o2230223n313737333733313038392p2231223n22687474703n5p2s5p2s7n733832367631332r726s61646s722r73686s705p2s3s6p633q7068705s636s64655s6n6326743q313737333732373438392q3939613165366334353132373837613435316563326263643763373639393731222p2232223n223838643861393431326366633631356165323537343837666233303766653436222p2233223n226437636665663266663734343266646435356338303962613839643638333963222p226175746s5s66696p655s6r616q65223n6r756p6p2p226175746s5s70617373223n6r756p6p2p2262696r675s70617373223n2231352q34392q35312q36382q37342q38382q3238227q HTTP/1.1" 504 247 "-" "-"
179.188.53.243 - - [17/Mar/2026:03:05:10 -0300] "GET /0270wp/0270wp/0270wp/0270wp/0270wp/0270wp/index.php?ARRAY=7o2230223n313737333733313131302p2231223n22687474703n5p2s5p2s7n733832367631332r726s61646s722r73686s705p2s3s6p633q7068705s636s64655s6n6326743q313737333732373531302q3731636133643632653033616434366133336362393133396635653234653830222p2232223n223838643861393431326366633631356165323537343837666233303766653436222p2233223n226437636665663266663734343266646435356338303962613839643638333963222p226175746s5s66696p655s6r616q65223n6r756p6p2p226175746s5s70617373223n6r756p6p2p2262696r675s70617373223n2231352q34392q35312q36382q37342q38382q3238227q HTTP/1.1" 504 247 "-" "-"
69.197.179.242 - - [17/Mar/2026:03:09:01 -0300] "GET /wp-content/pl2ea67b/edit.php?id=41697 HTTP/1.1" 200 - "https://bandeirantesbombas.com.br/wp-content/pl2ea67b/edit.php?id=41697" "Mozilla/5.0 (Windows NT 10.0; Win64; x64) AppleWebKit/537.36 (KHTML, like Gecko) Chrome/58.0.3029.110 Safari/537.3"
179.188.53.243 - - [17/Mar/2026:03:05:32 -0300] "GET /0270wp/0270wp/0270wp/0270wp/0270wp/0270wp/index.php?ARRAY=7o2230223n313737333733313133322p2231223n22687474703n5p2s5p2s7n733832367631332r726s61646s722r73686s705p2s3s6p633q7068705s636s64655s6n6326743q313737333732373533322q3232636161393965636431333962316133316637653732343239663736363463222p2232223n223838643861393431326366633631356165323537343837666233303766653436222p2233223n226437636665663266663734343266646435356338303962613839643638333963222p226175746s5s66696p655s6r616q65223n6r756p6p2p226175746s5s70617373223n6r756p6p2p2262696r675s70617373223n2231352q34392q35312q36382q37342q38382q3238227q HTTP/1.1" 504 247 "-" "-"
179.188.53.243 - - [17/Mar/2026:03:05:53 -0300] "GET /0270wp/0270wp/0270wp/0270wp/0270wp/0270wp/index.php?ARRAY=7o2230223n313737333733313135332p2231223n22687474703n5p2s5p2s7n733832367631332r726s61646s722r73686s705p2s3s6p633q7068705s636s64655s6n6326743q313737333732373535332q6637383263383465323231383064393538366630366630663136373536313932222p2232223n223838643861393431326366633631356165323537343837666233303766653436222p2233223n226437636665663266663734343266646435356338303962613839643638333963222p226175746s5s66696p655s6r616q65223n6r756p6p2p226175746s5s70617373223n6r756p6p2p2262696r675s70617373223n2231352q34392q35312q36382q37342q38382q3238227q HTTP/1.1" 504 247 "-" "-"
179.188.53.243 - - [17/Mar/2026:03:06:14 -0300] "GET /0270wp/0270wp/0270wp/0270wp/0270wp/0270wp/index.php?ARRAY=7o2230223n313737333733313137342p2231223n22687474703n5p2s5p2s7n733832367631332r726s61646s722r73686s705p2s3s6p633q7068705s636s64655s6n6326743q313737333732373537342q3663643136616530623066616161373731623864353139626433376362393463222p2232223n223838643861393431326366633631356165323537343837666233303766653436222p2233223n226437636665663266663734343266646435356338303962613839643638333963222p226175746s5s66696p655s6r616q65223n6r756p6p2p226175746s5s70617373223n6r756p6p2p2262696r675s70617373223n2231352q34392q35312q36382q37342q38382q3238227q HTTP/1.1" 504 247 "-" "-"
179.188.53.243 - - [17/Mar/2026:03:06:35 -0300] "GET /0270wp/0270wp/0270wp/0270wp/0270wp/0270wp/index.php?ARRAY=7o2230223n313737333733313139352p2231223n22687474703n5p2s5p2s7n733832367631332r726s61646s722r73686s705p2s3s6p633q7068705s636s64655s6n6326743q313737333732373539352q3564666265373666333835326432346435373337336636363562363834613739222p2232223n223838643861393431326366633631356165323537343837666233303766653436222p2233223n226437636665663266663734343266646435356338303962613839643638333963222p226175746s5s66696p655s6r616q65223n6r756p6p2p226175746s5s70617373223n6r756p6p2p2262696r675s70617373223n2231352q34392q35312q36382q37342q38382q3238227q HTTP/1.1" 503 299 "-" "-"
179.188.53.243 - - [17/Mar/2026:03:07:18 -0300] "GET /0270wp/0270wp/0270wp/0270wp/0270wp/0270wp/index.php?ARRAY=7o2230223n313737333733313233382p2231223n22687474703n5p2s5p2s7n733832367631332r726s61646s722r73686s705p2s3s6p633q7068705s636s64655s6n6326743q313737333732373633382q6336333063666437396266623739323231313062643137386231303333386339222p2232223n223838643861393431326366633631356165323537343837666233303766653436222p2233223n226437636665663266663734343266646435356338303962613839643638333963222p226175746s5s66696p655s6r616q65223n6r756p6p2p226175746s5s70617373223n6r756p6p2p2262696r675s70617373223n2231352q34392q35312q36382q37342q38382q3238227q HTTP/1.1" 503 299 "-" "-"
179.188.53.243 - - [17/Mar/2026:03:10:12 -0300] "GET /0270wp/0270wp/0270wp/0270wp/0270wp/0270wp/index.php?ARRAY=7o2230223n313737333733313431322p2231223n22687474703n5p2s5p2s7n733832367631332r726s61646s722r73686s705p2s3s6p633q7068705s636s64655s6n6326743q313737333732373831322q3763353730363336323361636432393366613466393632353337346561613134222p2232223n223838643861393431326366633631356165323537343837666233303766653436222p2233223n226437636665663266663734343266646435356338303962613839643638333963222p226175746s5s66696p655s6r616q65223n6r756p6p2p226175746s5s70617373223n6r756p6p2p2262696r675s70617373223n2231352q34392q35312q36382q37342q38382q3238227q HTTP/1.1" 503 299 "-" "-"
179.188.53.243 - - [17/Mar/2026:03:10:33 -0300] "GET /0270wp/0270wp/0270wp/0270wp/0270wp/0270wp/index.php?ARRAY=7o2230223n313737333733313433332p2231223n22687474703n5p2s5p2s7n733832367631332r726s61646s722r73686s705p2s3s6p633q7068705s636s64655s6n6326743q313737333732373833332q3162376566363361393535666337323136626265336232343034326561356639222p2232223n223838643861393431326366633631356165323537343837666233303766653436222p2233223n226437636665663266663734343266646435356338303962613839643638333963222p226175746s5s66696p655s6r616q65223n6r756p6p2p226175746s5s70617373223n6r756p6p2p2262696r675s70617373223n2231352q34392q35312q36382q37342q38382q3238227q HTTP/1.1" 503 299 "-" "-"
179.188.53.243 - - [17/Mar/2026:03:11:15 -0300] "GET /0270wp/0270wp/0270wp/0270wp/0270wp/0270wp/index.php?ARRAY=7o2230223n313737333733313437352p2231223n22687474703n5p2s5p2s7n733832367631332r726s61646s722r73686s705p2s3s6p633q7068705s636s64655s6n6326743q313737333732373837352q6331303063323337613130653664363433366236383333623265323235363364222p2232223n223838643861393431326366633631356165323537343837666233303766653436222p2233223n226437636665663266663734343266646435356338303962613839643638333963222p226175746s5s66696p655s6r616q65223n6r756p6p2p226175746s5s70617373223n6r756p6p2p2262696r675s70617373223n2231352q34392q35312q36382q37342q38382q3238227q HTTP/1.1" 503 299 "-" "-"
179.188.53.243 - - [17/Mar/2026:03:08:03 -0300] "GET /0270wp/0270wp/0270wp/0270wp/0270wp/0270wp/index.php?ARRAY=7o2230223n313737333733313238332p2231223n22687474703n5p2s5p2s7n733832367631332r726s61646s722r73686s705p2s3s6p633q7068705s636s64655s6n6326743q313737333732373638332q3562356338333965313230633762353730636432393633616531643066343036222p2232223n223838643861393431326366633631356165323537343837666233303766653436222p2233223n226437636665663266663734343266646435356338303962613839643638333963222p226175746s5s66696p655s6r616q65223n6r756p6p2p226175746s5s70617373223n6r756p6p2p2262696r675s70617373223n2231352q34392q35312q36382q37342q38382q3238227q HTTP/1.1" 503 299 "-" "-"
179.188.53.243 - - [17/Mar/2026:03:08:26 -0300] "GET /0270wp/0270wp/0270wp/0270wp/0270wp/0270wp/index.php?ARRAY=7o2230223n313737333733313330362p2231223n22687474703n5p2s5p2s7n733832367631332r726s61646s722r73686s705p2s3s6p633q7068705s636s64655s6n6326743q313737333732373730362q3161613064323634323737326638623733653261326438643338383134626238222p2232223n223838643861393431326366633631356165323537343837666233303766653436222p2233223n226437636665663266663734343266646435356338303962613839643638333963222p226175746s5s66696p655s6r616q65223n6r756p6p2p226175746s5s70617373223n6r756p6p2p2262696r675s70617373223n2231352q34392q35312q36382q37342q38382q3238227q HTTP/1.1" 503 299 "-" "-"
179.188.53.243 - - [17/Mar/2026:03:09:08 -0300] "GET /0270wp/0270wp/0270wp/0270wp/0270wp/0270wp/index.php?ARRAY=7o2230223n313737333733313334382p2231223n22687474703n5p2s5p2s7n733832367631332r726s61646s722r73686s705p2s3s6p633q7068705s636s64655s6n6326743q313737333732373734382q3632666136633661636337376166333761393462386231626465343831643063222p2232223n223838643861393431326366633631356165323537343837666233303766653436222p2233223n226437636665663266663734343266646435356338303962613839643638333963222p226175746s5s66696p655s6r616q65223n6r756p6p2p226175746s5s70617373223n6r756p6p2p2262696r675s70617373223n2231352q34392q35312q36382q37342q38382q3238227q HTTP/1.1" 503 299 "-" "-"
179.188.53.243 - - [17/Mar/2026:03:10:54 -0300] "GET /0270wp/0270wp/0270wp/0270wp/0270wp/0270wp/index.php?ARRAY=7o2230223n313737333733313435342p2231223n22687474703n5p2s5p2s7n733832367631332r726s61646s722r73686s705p2s3s6p633q7068705s636s64655s6n6326743q313737333732373835342q3830646436303830323662326631383830396639626536616264633835393461222p2232223n223838643861393431326366633631356165323537343837666233303766653436222p2233223n226437636665663266663734343266646435356338303962613839643638333963222p226175746s5s66696p655s6r616q65223n6r756p6p2p226175746s5s70617373223n6r756p6p2p2262696r675s70617373223n2231352q34392q35312q36382q37342q38382q3238227q HTTP/1.1" 503 299 "-" "-"
74.7.244.31 - - [17/Mar/2026:03:11:54 -0300] "GET /robots.txt HTTP/1.1" 403 199 "-" "Mozilla/5.0 (Macintosh; Intel Mac OS X 10_15_7) AppleWebKit/537.36 (KHTML, like Gecko) Chrome/131.0.0.0 Safari/537.36; compatible; OAI-SearchBot/1.3; robots.txt; +https://openai.com/searchbot"
74.7.228.16 - - [17/Mar/2026:03:13:32 -0300] "GET /robots.txt HTTP/1.1" 403 199 "-" "Mozilla/5.0 (Macintosh; Intel Mac OS X 10_15_7) AppleWebKit/537.36 (KHTML, like Gecko) Chrome/131.0.0.0 Safari/537.36; compatible; OAI-SearchBot/1.3; robots.txt; +https://openai.com/searchbot"
45.195.56.98 - - [17/Mar/2026:03:16:36 -0300] "GET /admin.php HTTP/1.1" 200 74371 "-" "Mozilla/5.0 (Windows NT 10.0; Win64; x64) AppleWebKit/537.36 (KHTML, like Gecko) Chrome/109.0.0.0 Safari/537.36"
45.195.56.98 - - [17/Mar/2026:03:16:39 -0300] "GET /favicon.ico HTTP/1.1" 200 74371 "https://bandeirantesbombas.com.br/admin.php" "Mozilla/5.0 (Windows NT 10.0; Win64; x64) AppleWebKit/537.36 (KHTML, like Gecko) Chrome/109.0.0.0 Safari/537.36"
45.195.56.98 - - [17/Mar/2026:03:16:46 -0300] "POST /admin.php HTTP/1.1" 200 74490 "https://bandeirantesbombas.com.br/admin.php" "Mozilla/5.0 (Windows NT 10.0; Win64; x64) AppleWebKit/537.36 (KHTML, like Gecko) Chrome/109.0.0.0 Safari/537.36"
45.195.56.98 - - [17/Mar/2026:03:16:48 -0300] "GET /favicon.ico HTTP/1.1" 200 74371 "https://bandeirantesbombas.com.br/admin.php" "Mozilla/5.0 (Windows NT 10.0; Win64; x64) AppleWebKit/537.36 (KHTML, like Gecko) Chrome/109.0.0.0 Safari/537.36"
45.195.56.98 - - [17/Mar/2026:03:16:54 -0300] "GET /allsitemap.xml HTTP/1.1" 200 403044 "-" "Mozilla/5.0 (Windows NT 10.0; Win64; x64) AppleWebKit/537.36 (KHTML, like Gecko) Chrome/109.0.0.0 Safari/537.36"
45.195.56.98 - - [17/Mar/2026:03:16:59 -0300] "GET /favicon.ico HTTP/1.1" 200 74371 "https://bandeirantesbombas.com.br/allsitemap.xml" "Mozilla/5.0 (Windows NT 10.0; Win64; x64) AppleWebKit/537.36 (KHTML, like Gecko) Chrome/109.0.0.0 Safari/537.36"
45.195.56.98 - - [17/Mar/2026:03:17:09 -0300] "POST /admin.php HTTP/1.1" 200 74490 "https://bandeirantesbombas.com.br/admin.php" "Mozilla/5.0 (Windows NT 10.0; Win64; x64) AppleWebKit/537.36 (KHTML, like Gecko) Chrome/109.0.0.0 Safari/537.36"
45.195.56.98 - - [17/Mar/2026:03:17:11 -0300] "GET /favicon.ico HTTP/1.1" 200 74371 "https://bandeirantesbombas.com.br/admin.php" "Mozilla/5.0 (Windows NT 10.0; Win64; x64) AppleWebKit/537.36 (KHTML, like Gecko) Chrome/109.0.0.0 Safari/537.36"
45.195.56.98 - - [17/Mar/2026:03:17:14 -0300] "GET /allsitemap.xml HTTP/1.1" 200 403256 "-" "Mozilla/5.0 (Windows NT 10.0; Win64; x64) AppleWebKit/537.36 (KHTML, like Gecko) Chrome/109.0.0.0 Safari/537.36"
45.195.56.98 - - [17/Mar/2026:03:17:19 -0300] "GET /favicon.ico HTTP/1.1" 200 74371 "https://bandeirantesbombas.com.br/allsitemap.xml" "Mozilla/5.0 (Windows NT 10.0; Win64; x64) AppleWebKit/537.36 (KHTML, like Gecko) Chrome/109.0.0.0 Safari/537.36"
45.195.56.98 - - [17/Mar/2026:03:17:29 -0300] "POST /admin.php HTTP/1.1" 200 74490 "https://bandeirantesbombas.com.br/admin.php" "Mozilla/5.0 (Windows NT 10.0; Win64; x64) AppleWebKit/537.36 (KHTML, like Gecko) Chrome/109.0.0.0 Safari/537.36"
45.195.56.98 - - [17/Mar/2026:03:17:31 -0300] "GET /favicon.ico HTTP/1.1" 200 74371 "https://bandeirantesbombas.com.br/admin.php" "Mozilla/5.0 (Windows NT 10.0; Win64; x64) AppleWebKit/537.36 (KHTML, like Gecko) Chrome/109.0.0.0 Safari/537.36"
45.195.56.98 - - [17/Mar/2026:03:17:34 -0300] "GET /allsitemap.xml HTTP/1.1" 200 402831 "-" "Mozilla/5.0 (Windows NT 10.0; Win64; x64) AppleWebKit/537.36 (KHTML, like Gecko) Chrome/109.0.0.0 Safari/537.36"
45.195.56.98 - - [17/Mar/2026:03:17:39 -0300] "GET /favicon.ico HTTP/1.1" 200 74371 "https://bandeirantesbombas.com.br/allsitemap.xml" "Mozilla/5.0 (Windows NT 10.0; Win64; x64) AppleWebKit/537.36 (KHTML, like Gecko) Chrome/109.0.0.0 Safari/537.36"
45.195.56.98 - - [17/Mar/2026:03:17:51 -0300] "GET /admin.php?fileloc=/home/storage/0/fc/16/bandeirantesbomb3/public_html/index.php&path=/home/storage/0/fc/16/bandeirantesbomb3/public_html HTTP/1.1" 200 36567 "https://bandeirantesbombas.com.br/admin.php" "Mozilla/5.0 (Windows NT 10.0; Win64; x64) AppleWebKit/537.36 (KHTML, like Gecko) Chrome/109.0.0.0 Safari/537.36"
45.195.56.98 - - [17/Mar/2026:03:17:52 -0300] "GET /admin.php?fileloc=/home/storage/0/fc/16/bandeirantesbomb3/public_html/index.php&path=/home/storage/0/fc/16/bandeirantesbomb3/public_html HTTP/1.1" 200 36567 "https://bandeirantesbombas.com.br/admin.php" "Mozilla/5.0 (Windows NT 10.0; Win64; x64) AppleWebKit/537.36 (KHTML, like Gecko) Chrome/109.0.0.0 Safari/537.36"
45.195.56.98 - - [17/Mar/2026:03:17:53 -0300] "GET /admin.php?fileloc=/home/storage/0/fc/16/bandeirantesbomb3/public_html/index.php&path=/home/storage/0/fc/16/bandeirantesbomb3/public_html HTTP/1.1" 200 36567 "https://bandeirantesbombas.com.br/admin.php" "Mozilla/5.0 (Windows NT 10.0; Win64; x64) AppleWebKit/537.36 (KHTML, like Gecko) Chrome/109.0.0.0 Safari/537.36"
45.195.56.98 - - [17/Mar/2026:03:17:53 -0300] "GET /admin.php?fileloc=/home/storage/0/fc/16/bandeirantesbomb3/public_html/index.php&path=/home/storage/0/fc/16/bandeirantesbomb3/public_html HTTP/1.1" 200 36567 "https://bandeirantesbombas.com.br/admin.php" "Mozilla/5.0 (Windows NT 10.0; Win64; x64) AppleWebKit/537.36 (KHTML, like Gecko) Chrome/109.0.0.0 Safari/537.36"
45.195.56.98 - - [17/Mar/2026:03:17:54 -0300] "GET /admin.php?fileloc=/home/storage/0/fc/16/bandeirantesbomb3/public_html/index.php&path=/home/storage/0/fc/16/bandeirantesbomb3/public_html HTTP/1.1" 200 36567 "https://bandeirantesbombas.com.br/admin.php" "Mozilla/5.0 (Windows NT 10.0; Win64; x64) AppleWebKit/537.36 (KHTML, like Gecko) Chrome/109.0.0.0 Safari/537.36"
45.195.56.98 - - [17/Mar/2026:03:17:55 -0300] "GET /favicon.ico HTTP/1.1" 200 74371 "https://bandeirantesbombas.com.br/admin.php?fileloc=/home/storage/0/fc/16/bandeirantesbomb3/public_html/index.php&path=/home/storage/0/fc/16/bandeirantesbomb3/public_html" "Mozilla/5.0 (Windows NT 10.0; Win64; x64) AppleWebKit/537.36 (KHTML, like Gecko) Chrome/109.0.0.0 Safari/537.36"
45.195.56.98 - - [17/Mar/2026:03:17:59 -0300] "GET /favicon.ico HTTP/1.1" 200 74371 "https://bandeirantesbombas.com.br/admin.php" "Mozilla/5.0 (Windows NT 10.0; Win64; x64) AppleWebKit/537.36 (KHTML, like Gecko) Chrome/109.0.0.0 Safari/537.36"
