129.146.135.227 - - [15/Mar/2026:03:54:54 -0300] "GET /wp-admin/profile.php HTTP/1.1" 200 177662 "https://bandeirantesbombas.com.br/wp-login.php" "Mozilla/5.0 (X11; Ubuntu; Linux x86_64) AppleWebKit/537.36 (KHTML, like Gecko) Chrome/119.0.0.0 Safari/537.36"
129.146.135.227 - - [15/Mar/2026:03:54:55 -0300] "GET /wp-admin/edit.php HTTP/1.1" 200 177662 "https://bandeirantesbombas.com.br/wp-login.php" "Mozilla/5.0 (X11; Ubuntu; Linux x86_64) AppleWebKit/537.36 (KHTML, like Gecko) Chrome/119.0.0.0 Safari/537.36"
129.146.135.227 - - [15/Mar/2026:03:54:55 -0300] "GET /wp-admin/plugins.php HTTP/1.1" 200 177662 "https://bandeirantesbombas.com.br/wp-login.php" "Mozilla/5.0 (X11; Ubuntu; Linux x86_64) AppleWebKit/537.36 (KHTML, like Gecko) Chrome/119.0.0.0 Safari/537.36"
129.146.135.227 - - [15/Mar/2026:03:54:56 -0300] "POST /wp-login.php HTTP/1.1" 200 72780 "https://bandeirantesbombas.com.br/wp-login.php" "Mozilla/5.0 (Macintosh; Intel Mac OS X 10_15_7; rv:121.0) Gecko/20100101 Firefox/121.0"
129.146.135.227 - - [15/Mar/2026:03:54:57 -0300] "GET /wp-admin/index.php HTTP/1.1" 200 177662 "https://bandeirantesbombas.com.br/wp-login.php" "Mozilla/5.0 (Macintosh; Intel Mac OS X 10_15_7) AppleWebKit/537.36 (KHTML, like Gecko) Chrome/118.0.0.0 Safari/537.36"
129.146.135.227 - - [15/Mar/2026:03:54:58 -0300] "GET /wp-admin/profile.php HTTP/1.1" 200 177662 "https://bandeirantesbombas.com.br/wp-login.php" "Mozilla/5.0 (Macintosh; Intel Mac OS X 10_15_7) AppleWebKit/537.36 (KHTML, like Gecko) Chrome/118.0.0.0 Safari/537.36"
129.146.135.227 - - [15/Mar/2026:03:54:58 -0300] "GET /wp-admin/edit.php HTTP/1.1" 200 177662 "https://bandeirantesbombas.com.br/wp-login.php" "Mozilla/5.0 (Macintosh; Intel Mac OS X 10_15_7) AppleWebKit/537.36 (KHTML, like Gecko) Chrome/118.0.0.0 Safari/537.36"
129.146.135.227 - - [15/Mar/2026:03:54:59 -0300] "GET /wp-admin/plugins.php HTTP/1.1" 200 177662 "https://bandeirantesbombas.com.br/wp-login.php" "Mozilla/5.0 (Macintosh; Intel Mac OS X 10_15_7) AppleWebKit/537.36 (KHTML, like Gecko) Chrome/118.0.0.0 Safari/537.36"
129.146.135.227 - - [15/Mar/2026:03:55:00 -0300] "POST /wp-login.php HTTP/1.1" 200 72780 "https://bandeirantesbombas.com.br/wp-login.php" "Mozilla/5.0 (X11; Ubuntu; Linux x86_64) AppleWebKit/537.36 (KHTML, like Gecko) Chrome/120.0.0.0 Safari/537.36"
129.146.135.227 - - [15/Mar/2026:03:55:02 -0300] "GET /wp-admin/index.php HTTP/1.1" 200 177662 "https://bandeirantesbombas.com.br/wp-login.php" "Mozilla/5.0 (Macintosh; Intel Mac OS X 13_6_1; rv:119.0) Gecko/20100101 Firefox/119.0"
129.146.135.227 - - [15/Mar/2026:03:55:03 -0300] "GET /wp-admin/profile.php HTTP/1.1" 200 177662 "https://bandeirantesbombas.com.br/wp-login.php" "Mozilla/5.0 (Macintosh; Intel Mac OS X 13_6_1; rv:119.0) Gecko/20100101 Firefox/119.0"
129.146.135.227 - - [15/Mar/2026:03:55:03 -0300] "GET /wp-admin/edit.php HTTP/1.1" 200 177662 "https://bandeirantesbombas.com.br/wp-login.php" "Mozilla/5.0 (Macintosh; Intel Mac OS X 13_6_1; rv:119.0) Gecko/20100101 Firefox/119.0"
129.146.135.227 - - [15/Mar/2026:03:55:04 -0300] "GET /wp-admin/plugins.php HTTP/1.1" 200 177662 "https://bandeirantesbombas.com.br/wp-login.php" "Mozilla/5.0 (Macintosh; Intel Mac OS X 13_6_1; rv:119.0) Gecko/20100101 Firefox/119.0"
129.146.135.227 - - [15/Mar/2026:03:55:05 -0300] "POST /wp-login.php HTTP/1.1" 200 72780 "https://bandeirantesbombas.com.br/wp-login.php" "Mozilla/5.0 (X11; Linux x86_64) AppleWebKit/537.36 (KHTML, like Gecko) Chrome/118.0.0.0 Safari/537.36"
129.146.135.227 - - [15/Mar/2026:03:55:06 -0300] "GET /wp-admin/index.php HTTP/1.1" 200 177662 "https://bandeirantesbombas.com.br/wp-login.php" "Mozilla/5.0 (Macintosh; Intel Mac OS X 13_6_1; rv:120.0) Gecko/20100101 Firefox/120.0"
129.146.135.227 - - [15/Mar/2026:03:55:06 -0300] "GET /wp-admin/profile.php HTTP/1.1" 200 177662 "https://bandeirantesbombas.com.br/wp-login.php" "Mozilla/5.0 (Macintosh; Intel Mac OS X 13_6_1; rv:120.0) Gecko/20100101 Firefox/120.0"
129.146.135.227 - - [15/Mar/2026:03:55:07 -0300] "GET /wp-admin/edit.php HTTP/1.1" 200 177662 "https://bandeirantesbombas.com.br/wp-login.php" "Mozilla/5.0 (Macintosh; Intel Mac OS X 13_6_1; rv:120.0) Gecko/20100101 Firefox/120.0"
129.146.135.227 - - [15/Mar/2026:03:55:09 -0300] "GET /wp-admin/plugins.php HTTP/1.1" 200 177662 "https://bandeirantesbombas.com.br/wp-login.php" "Mozilla/5.0 (Macintosh; Intel Mac OS X 13_6_1; rv:120.0) Gecko/20100101 Firefox/120.0"
129.146.135.227 - - [15/Mar/2026:03:55:10 -0300] "POST /wp-login.php HTTP/1.1" 200 72780 "https://bandeirantesbombas.com.br/wp-login.php" "Mozilla/5.0 (Windows NT 11.0; Win64; x64; rv:119.0) Gecko/20100101 Firefox/119.0"
129.146.135.227 - - [15/Mar/2026:03:55:11 -0300] "GET /wp-admin/index.php HTTP/1.1" 200 177662 "https://bandeirantesbombas.com.br/wp-login.php" "Mozilla/5.0 (X11; Linux x86_64) AppleWebKit/537.36 (KHTML, like Gecko) Chrome/120.0.0.0 Safari/537.36"
129.146.135.227 - - [15/Mar/2026:03:55:11 -0300] "GET /wp-admin/profile.php HTTP/1.1" 200 177662 "https://bandeirantesbombas.com.br/wp-login.php" "Mozilla/5.0 (X11; Linux x86_64) AppleWebKit/537.36 (KHTML, like Gecko) Chrome/120.0.0.0 Safari/537.36"
129.146.135.227 - - [15/Mar/2026:03:55:12 -0300] "GET /wp-admin/edit.php HTTP/1.1" 200 177662 "https://bandeirantesbombas.com.br/wp-login.php" "Mozilla/5.0 (X11; Linux x86_64) AppleWebKit/537.36 (KHTML, like Gecko) Chrome/120.0.0.0 Safari/537.36"
129.146.135.227 - - [15/Mar/2026:03:55:13 -0300] "GET /wp-admin/plugins.php HTTP/1.1" 200 177662 "https://bandeirantesbombas.com.br/wp-login.php" "Mozilla/5.0 (X11; Linux x86_64) AppleWebKit/537.36 (KHTML, like Gecko) Chrome/120.0.0.0 Safari/537.36"
129.146.135.227 - - [15/Mar/2026:03:55:13 -0300] "POST /wp-login.php HTTP/1.1" 200 72780 "https://bandeirantesbombas.com.br/wp-login.php" "Mozilla/5.0 (Macintosh; Intel Mac OS X 10_15_7) AppleWebKit/605.1.15 (KHTML, like Gecko) Version/17.2 Safari/605.1.15"
129.146.135.227 - - [15/Mar/2026:03:55:15 -0300] "GET /wp-admin/index.php HTTP/1.1" 200 177662 "https://bandeirantesbombas.com.br/wp-login.php" "Mozilla/5.0 (Macintosh; Intel Mac OS X 10_15_7) AppleWebKit/537.36 (KHTML, like Gecko) Chrome/119.0.0.0 Safari/537.36"
129.146.135.227 - - [15/Mar/2026:03:55:15 -0300] "GET /wp-admin/profile.php HTTP/1.1" 200 177662 "https://bandeirantesbombas.com.br/wp-login.php" "Mozilla/5.0 (Macintosh; Intel Mac OS X 10_15_7) AppleWebKit/537.36 (KHTML, like Gecko) Chrome/119.0.0.0 Safari/537.36"
129.146.135.227 - - [15/Mar/2026:03:55:16 -0300] "GET /wp-admin/edit.php HTTP/1.1" 200 177662 "https://bandeirantesbombas.com.br/wp-login.php" "Mozilla/5.0 (Macintosh; Intel Mac OS X 10_15_7) AppleWebKit/537.36 (KHTML, like Gecko) Chrome/119.0.0.0 Safari/537.36"
129.146.135.227 - - [15/Mar/2026:03:55:17 -0300] "GET /wp-admin/plugins.php HTTP/1.1" 200 177662 "https://bandeirantesbombas.com.br/wp-login.php" "Mozilla/5.0 (Macintosh; Intel Mac OS X 10_15_7) AppleWebKit/537.36 (KHTML, like Gecko) Chrome/119.0.0.0 Safari/537.36"
129.146.135.227 - - [15/Mar/2026:03:55:17 -0300] "POST /wp-login.php HTTP/1.1" 200 72780 "https://bandeirantesbombas.com.br/wp-login.php" "Mozilla/5.0 (Macintosh; Intel Mac OS X 13_6_1) AppleWebKit/537.36 (KHTML, like Gecko) Chrome/120.0.0.0 Safari/537.36"
129.146.135.227 - - [15/Mar/2026:03:55:18 -0300] "GET /wp-admin/index.php HTTP/1.1" 200 177662 "https://bandeirantesbombas.com.br/wp-login.php" "Mozilla/5.0 (Windows NT 11.0; Win64; x64; rv:120.0) Gecko/20100101 Firefox/120.0"
129.146.135.227 - - [15/Mar/2026:03:55:19 -0300] "GET /wp-admin/profile.php HTTP/1.1" 200 177662 "https://bandeirantesbombas.com.br/wp-login.php" "Mozilla/5.0 (Windows NT 11.0; Win64; x64; rv:120.0) Gecko/20100101 Firefox/120.0"
129.146.135.227 - - [15/Mar/2026:03:55:20 -0300] "GET /wp-admin/edit.php HTTP/1.1" 200 177662 "https://bandeirantesbombas.com.br/wp-login.php" "Mozilla/5.0 (Windows NT 11.0; Win64; x64; rv:120.0) Gecko/20100101 Firefox/120.0"
129.146.135.227 - - [15/Mar/2026:03:55:21 -0300] "GET /wp-admin/plugins.php HTTP/1.1" 200 177662 "https://bandeirantesbombas.com.br/wp-login.php" "Mozilla/5.0 (Windows NT 11.0; Win64; x64; rv:120.0) Gecko/20100101 Firefox/120.0"
129.146.135.227 - - [15/Mar/2026:03:55:22 -0300] "POST /wp-login.php HTTP/1.1" 200 72780 "https://bandeirantesbombas.com.br/wp-login.php" "Mozilla/5.0 (X11; Ubuntu; Linux x86_64) AppleWebKit/537.36 (KHTML, like Gecko) Chrome/119.0.0.0 Safari/537.36"
129.146.135.227 - - [15/Mar/2026:03:55:23 -0300] "GET /wp-admin/index.php HTTP/1.1" 200 177662 "https://bandeirantesbombas.com.br/wp-login.php" "Mozilla/5.0 (Macintosh; Intel Mac OS X 13_6_1) AppleWebKit/605.1.15 (KHTML, like Gecko) Version/16.6 Safari/605.1.15"
129.146.135.227 - - [15/Mar/2026:03:55:24 -0300] "GET /wp-admin/profile.php HTTP/1.1" 200 177662 "https://bandeirantesbombas.com.br/wp-login.php" "Mozilla/5.0 (Macintosh; Intel Mac OS X 13_6_1) AppleWebKit/605.1.15 (KHTML, like Gecko) Version/16.6 Safari/605.1.15"
129.146.135.227 - - [15/Mar/2026:03:55:25 -0300] "GET /wp-admin/edit.php HTTP/1.1" 200 177662 "https://bandeirantesbombas.com.br/wp-login.php" "Mozilla/5.0 (Macintosh; Intel Mac OS X 13_6_1) AppleWebKit/605.1.15 (KHTML, like Gecko) Version/16.6 Safari/605.1.15"
129.146.135.227 - - [15/Mar/2026:03:55:25 -0300] "GET /wp-admin/plugins.php HTTP/1.1" 200 177662 "https://bandeirantesbombas.com.br/wp-login.php" "Mozilla/5.0 (Macintosh; Intel Mac OS X 13_6_1) AppleWebKit/605.1.15 (KHTML, like Gecko) Version/16.6 Safari/605.1.15"
129.146.135.227 - - [15/Mar/2026:03:55:26 -0300] "POST /wp-login.php HTTP/1.1" 200 72780 "https://bandeirantesbombas.com.br/wp-login.php" "Mozilla/5.0 (Windows NT 10.0; Win64; x64) AppleWebKit/537.36 (KHTML, like Gecko) Chrome/118.0.0.0 Safari/537.36"
129.146.135.227 - - [15/Mar/2026:03:55:27 -0300] "GET /wp-admin/index.php HTTP/1.1" 200 177662 "https://bandeirantesbombas.com.br/wp-login.php" "Mozilla/5.0 (X11; Linux x86_64) AppleWebKit/537.36 (KHTML, like Gecko) Chrome/121.0.0.0 Safari/537.36"
129.146.135.227 - - [15/Mar/2026:03:55:28 -0300] "GET /wp-admin/profile.php HTTP/1.1" 200 177662 "https://bandeirantesbombas.com.br/wp-login.php" "Mozilla/5.0 (X11; Linux x86_64) AppleWebKit/537.36 (KHTML, like Gecko) Chrome/121.0.0.0 Safari/537.36"
129.146.135.227 - - [15/Mar/2026:03:55:28 -0300] "GET /wp-admin/edit.php HTTP/1.1" 200 177662 "https://bandeirantesbombas.com.br/wp-login.php" "Mozilla/5.0 (X11; Linux x86_64) AppleWebKit/537.36 (KHTML, like Gecko) Chrome/121.0.0.0 Safari/537.36"
129.146.135.227 - - [15/Mar/2026:03:55:29 -0300] "GET /wp-admin/plugins.php HTTP/1.1" 200 177662 "https://bandeirantesbombas.com.br/wp-login.php" "Mozilla/5.0 (X11; Linux x86_64) AppleWebKit/537.36 (KHTML, like Gecko) Chrome/121.0.0.0 Safari/537.36"
129.146.135.227 - - [15/Mar/2026:03:55:30 -0300] "POST /wp-login.php HTTP/1.1" 200 72780 "https://bandeirantesbombas.com.br/wp-login.php" "Mozilla/5.0 (Windows NT 11.0; Win64; x64) AppleWebKit/537.36 (KHTML, like Gecko) Chrome/120.0.0.0 Safari/537.36"
129.146.135.227 - - [15/Mar/2026:03:55:31 -0300] "GET /wp-admin/index.php HTTP/1.1" 200 177662 "https://bandeirantesbombas.com.br/wp-login.php" "Mozilla/5.0 (Macintosh; Intel Mac OS X 13_6_1; rv:118.0) Gecko/20100101 Firefox/118.0"
69.197.179.242 - - [15/Mar/2026:03:54:03 -0300] "GET /wp-includes/imddc187/edit.php?id=212809 HTTP/1.1" 200 - "https://bandeirantesbombas.com.br/wp-includes/imddc187/edit.php?id=212809" "Mozilla/5.0 (Windows NT 10.0; Win64; x64) AppleWebKit/537.36 (KHTML, like Gecko) Chrome/58.0.3029.110 Safari/537.3"
129.146.135.227 - - [15/Mar/2026:03:55:31 -0300] "GET /wp-admin/profile.php HTTP/1.1" 200 177662 "https://bandeirantesbombas.com.br/wp-login.php" "Mozilla/5.0 (Macintosh; Intel Mac OS X 13_6_1; rv:118.0) Gecko/20100101 Firefox/118.0"
129.146.135.227 - - [15/Mar/2026:03:55:33 -0300] "GET /wp-admin/edit.php HTTP/1.1" 200 177662 "https://bandeirantesbombas.com.br/wp-login.php" "Mozilla/5.0 (Macintosh; Intel Mac OS X 13_6_1; rv:118.0) Gecko/20100101 Firefox/118.0"
129.146.135.227 - - [15/Mar/2026:03:55:34 -0300] "GET /wp-admin/plugins.php HTTP/1.1" 200 177662 "https://bandeirantesbombas.com.br/wp-login.php" "Mozilla/5.0 (Macintosh; Intel Mac OS X 13_6_1; rv:118.0) Gecko/20100101 Firefox/118.0"
129.146.135.227 - - [15/Mar/2026:03:55:35 -0300] "POST /wp-login.php HTTP/1.1" 200 72780 "https://bandeirantesbombas.com.br/wp-login.php" "Mozilla/5.0 (Macintosh; Intel Mac OS X 10_15_7) AppleWebKit/605.1.15 (KHTML, like Gecko) Version/17.2 Safari/605.1.15"
129.146.135.227 - - [15/Mar/2026:03:55:36 -0300] "GET /wp-admin/index.php HTTP/1.1" 200 177662 "https://bandeirantesbombas.com.br/wp-login.php" "Mozilla/5.0 (X11; Linux x86_64) AppleWebKit/537.36 (KHTML, like Gecko) Chrome/120.0.0.0 Safari/537.36"
129.146.135.227 - - [15/Mar/2026:03:55:36 -0300] "GET /wp-admin/profile.php HTTP/1.1" 200 177662 "https://bandeirantesbombas.com.br/wp-login.php" "Mozilla/5.0 (X11; Linux x86_64) AppleWebKit/537.36 (KHTML, like Gecko) Chrome/120.0.0.0 Safari/537.36"
129.146.135.227 - - [15/Mar/2026:03:55:37 -0300] "GET /wp-admin/edit.php HTTP/1.1" 200 177662 "https://bandeirantesbombas.com.br/wp-login.php" "Mozilla/5.0 (X11; Linux x86_64) AppleWebKit/537.36 (KHTML, like Gecko) Chrome/120.0.0.0 Safari/537.36"
129.146.135.227 - - [15/Mar/2026:03:55:38 -0300] "GET /wp-admin/plugins.php HTTP/1.1" 200 177662 "https://bandeirantesbombas.com.br/wp-login.php" "Mozilla/5.0 (X11; Linux x86_64) AppleWebKit/537.36 (KHTML, like Gecko) Chrome/120.0.0.0 Safari/537.36"
129.146.135.227 - - [15/Mar/2026:03:55:39 -0300] "GET /wp-login.php HTTP/1.1" 200 72780 "-" "Mozilla/5.0 (Macintosh; Intel Mac OS X 10_15_7) AppleWebKit/537.36 (KHTML, like Gecko) Chrome/120.0.0.0 Safari/537.36"
129.146.135.227 129.146.135.227 - - [15/Mar/2026:03:55:40 -0300] "GET /wp-login.php HTTP/1.1" 200 72780 "https://duckduckgo.com/" "Mozilla/5.0 (Macintosh; Intel Mac OS X 13_6_1) AppleWebKit/605.1.15 (KHTML, like Gecko) Version/17.0 Safari/605.1.15"
129.146.135.227 - - [15/Mar/2026:03:55:42 -0300] "GET /wp-admin/ HTTP/1.1" 200 177662 "-" "Mozilla/5.0 (Macintosh; Intel Mac OS X 10_15_7) AppleWebKit/537.36 (KHTML, like Gecko) Chrome/121.0.0.0 Safari/537.36"
74.7.244.31 - - [15/Mar/2026:03:57:04 -0300] "GET /robots.txt HTTP/1.1" 403 199 "-" "Mozilla/5.0 (Macintosh; Intel Mac OS X 10_15_7) AppleWebKit/537.36 (KHTML, like Gecko) Chrome/131.0.0.0 Safari/537.36; compatible; OAI-SearchBot/1.3; robots.txt; +https://openai.com/searchbot"
69.197.179.242 - - [15/Mar/2026:03:55:35 -0300] "GET /wp-includes/imddc187/edit.php?id=212809 HTTP/1.1" 200 - "https://bandeirantesbombas.com.br/wp-includes/imddc187/edit.php?id=212809" "Mozilla/5.0 (Windows NT 10.0; Win64; x64) AppleWebKit/537.36 (KHTML, like Gecko) Chrome/58.0.3029.110 Safari/537.3"
69.197.179.242 - - [15/Mar/2026:03:57:08 -0300] "GET /wp-includes/imddc187/edit.php?id=212809 HTTP/1.1" 200 - "https://bandeirantesbombas.com.br/wp-includes/imddc187/edit.php?id=212809" "Mozilla/5.0 (Windows NT 10.0; Win64; x64) AppleWebKit/537.36 (KHTML, like Gecko) Chrome/58.0.3029.110 Safari/537.3"
74.7.228.16 - - [15/Mar/2026:03:59:14 -0300] "GET /robots.txt HTTP/1.1" 403 199 "-" "Mozilla/5.0 (Macintosh; Intel Mac OS X 10_15_7) AppleWebKit/537.36 (KHTML, like Gecko) Chrome/131.0.0.0 Safari/537.36; compatible; OAI-SearchBot/1.3; robots.txt; +https://openai.com/searchbot"
69.197.179.242 - - [15/Mar/2026:03:58:40 -0300] "GET /wp-includes/imddc187/edit.php?id=212809 HTTP/1.1" 200 - "https://bandeirantesbombas.com.br/wp-includes/imddc187/edit.php?id=212809" "Mozilla/5.0 (Windows NT 10.0; Win64; x64) AppleWebKit/537.36 (KHTML, like Gecko) Chrome/58.0.3029.110 Safari/537.3"
69.197.179.242 - - [15/Mar/2026:04:00:11 -0300] "GET /wp-includes/imddc187/edit.php?id=212809 HTTP/1.1" 200 - "https://bandeirantesbombas.com.br/wp-includes/imddc187/edit.php?id=212809" "Mozilla/5.0 (Windows NT 10.0; Win64; x64) AppleWebKit/537.36 (KHTML, like Gecko) Chrome/58.0.3029.110 Safari/537.3"
74.7.244.31 - - [15/Mar/2026:04:02:25 -0300] "GET /robots.txt HTTP/1.1" 403 199 "-" "Mozilla/5.0 (Macintosh; Intel Mac OS X 10_15_7) AppleWebKit/537.36 (KHTML, like Gecko) Chrome/131.0.0.0 Safari/537.36; compatible; OAI-SearchBot/1.3; robots.txt; +https://openai.com/searchbot"
69.197.179.242 - - [15/Mar/2026:04:01:42 -0300] "GET /wp-includes/imddc187/edit.php?id=212809 HTTP/1.1" 200 - "https://bandeirantesbombas.com.br/wp-includes/imddc187/edit.php?id=212809" "Mozilla/5.0 (Windows NT 10.0; Win64; x64) AppleWebKit/537.36 (KHTML, like Gecko) Chrome/58.0.3029.110 Safari/537.3"
74.7.228.16 - - [15/Mar/2026:04:04:41 -0300] "GET /robots.txt HTTP/1.1" 403 199 "-" "Mozilla/5.0 (Macintosh; Intel Mac OS X 10_15_7) AppleWebKit/537.36 (KHTML, like Gecko) Chrome/131.0.0.0 Safari/537.36; compatible; OAI-SearchBot/1.3; robots.txt; +https://openai.com/searchbot"
69.197.179.242 - - [15/Mar/2026:04:03:15 -0300] "GET /wp-includes/imddc187/edit.php?id=212809 HTTP/1.1" 200 - "https://bandeirantesbombas.com.br/wp-includes/imddc187/edit.php?id=212809" "Mozilla/5.0 (Windows NT 10.0; Win64; x64) AppleWebKit/537.36 (KHTML, like Gecko) Chrome/58.0.3029.110 Safari/537.3"
69.197.179.242 - - [15/Mar/2026:04:04:47 -0300] "GET /wp-includes/imddc187/edit.php?id=212809 HTTP/1.1" 200 - "https://bandeirantesbombas.com.br/wp-includes/imddc187/edit.php?id=212809" "Mozilla/5.0 (Windows NT 10.0; Win64; x64) AppleWebKit/537.36 (KHTML, like Gecko) Chrome/58.0.3029.110 Safari/537.3"
93.158.90.144 93.158.90.144 - - [15/Mar/2026:04:06:27 -0300] "GET /robots.txt HTTP/1.1" 200 447 "-" "Mozilla/5.0 (Linux; Android 12; SAMSUNG SM-A415F) AppleWebKit/537.36 (KHTML, like Gecko) SamsungBrowser/23.0 Chrome/115.0.0.0 Mobile Safari/537.3"
93.158.90.135 93.158.90.135 - - [15/Mar/2026:04:06:29 -0300] "GET / HTTP/1.1" 200 72780 "-" "Mozilla/5.0 (Linux; Android 12; SAMSUNG SM-A415F) AppleWebKit/537.36 (KHTML, like Gecko) SamsungBrowser/23.0 Chrome/115.0.0.0 Mobile Safari/537.3"
74.7.244.31 - - [15/Mar/2026:04:07:31 -0300] "GET /robots.txt HTTP/1.1" 403 199 "-" "Mozilla/5.0 (Macintosh; Intel Mac OS X 10_15_7) AppleWebKit/537.36 (KHTML, like Gecko) Chrome/131.0.0.0 Safari/537.36; compatible; OAI-SearchBot/1.3; robots.txt; +https://openai.com/searchbot"
69.197.179.242 - - [15/Mar/2026:04:06:17 -0300] "GET /wp-includes/imddc187/edit.php?id=212809 HTTP/1.1" 200 - "https://bandeirantesbombas.com.br/wp-includes/imddc187/edit.php?id=212809" "Mozilla/5.0 (Windows NT 10.0; Win64; x64) AppleWebKit/537.36 (KHTML, like Gecko) Chrome/58.0.3029.110 Safari/537.3"
69.197.179.242 - - [15/Mar/2026:04:07:50 -0300] "GET /wp-includes/imddc187/edit.php?id=212809 HTTP/1.1" 200 - "https://bandeirantesbombas.com.br/wp-includes/imddc187/edit.php?id=212809" "Mozilla/5.0 (Windows NT 10.0; Win64; x64) AppleWebKit/537.36 (KHTML, like Gecko) Chrome/58.0.3029.110 Safari/537.3"
74.7.228.16 - - [15/Mar/2026:04:09:52 -0300] "GET /robots.txt HTTP/1.1" 403 199 "-" "Mozilla/5.0 (Macintosh; Intel Mac OS X 10_15_7) AppleWebKit/537.36 (KHTML, like Gecko) Chrome/131.0.0.0 Safari/537.36; compatible; OAI-SearchBot/1.3; robots.txt; +https://openai.com/searchbot"
69.197.179.242 - - [15/Mar/2026:04:09:22 -0300] "GET /wp-includes/imddc187/edit.php?id=212809 HTTP/1.1" 200 - "https://bandeirantesbombas.com.br/wp-includes/imddc187/edit.php?id=212809" "Mozilla/5.0 (Windows NT 10.0; Win64; x64) AppleWebKit/537.36 (KHTML, like Gecko) Chrome/58.0.3029.110 Safari/537.3"
45.227.253.15 - - [15/Mar/2026:04:11:25 -0300] "GET /index.php/jk HTTP/1.1" 200 43 "-" "Mozilla/5.0 (iPad; U; CPU OS 4_2_1 like Mac OS X; ja) AppleWebKit/533.17.9 (KHTML, like Gecko) Version/5.0.2 Mobile/8C148 Safari/6533.18.5"
69.197.179.242 - - [15/Mar/2026:04:10:57 -0300] "GET /wp-includes/imddc187/edit.php?id=212809 HTTP/1.1" 200 - "https://bandeirantesbombas.com.br/wp-includes/imddc187/edit.php?id=212809" "Mozilla/5.0 (Windows NT 10.0; Win64; x64) AppleWebKit/537.36 (KHTML, like Gecko) Chrome/58.0.3029.110 Safari/537.3"
74.7.244.31 - - [15/Mar/2026:04:12:51 -0300] "GET /robots.txt HTTP/1.1" 403 199 "-" "Mozilla/5.0 (Macintosh; Intel Mac OS X 10_15_7) AppleWebKit/537.36 (KHTML, like Gecko) Chrome/131.0.0.0 Safari/537.36; compatible; OAI-SearchBot/1.3; robots.txt; +https://openai.com/searchbot"
69.197.179.242 - - [15/Mar/2026:04:12:28 -0300] "GET /wp-includes/imddc187/edit.php?id=212809 HTTP/1.1" 200 - "https://bandeirantesbombas.com.br/wp-includes/imddc187/edit.php?id=212809" "Mozilla/5.0 (Windows NT 10.0; Win64; x64) AppleWebKit/537.36 (KHTML, like Gecko) Chrome/58.0.3029.110 Safari/537.3"
74.7.228.16 - - [15/Mar/2026:04:15:17 -0300] "GET /robots.txt HTTP/1.1" 403 199 "-" "Mozilla/5.0 (Macintosh; Intel Mac OS X 10_15_7) AppleWebKit/537.36 (KHTML, like Gecko) Chrome/131.0.0.0 Safari/537.36; compatible; OAI-SearchBot/1.3; robots.txt; +https://openai.com/searchbot"
69.197.179.242 - - [15/Mar/2026:04:14:00 -0300] "GET /wp-includes/imddc187/edit.php?id=212809 HTTP/1.1" 200 - "https://bandeirantesbombas.com.br/wp-includes/imddc187/edit.php?id=212809" "Mozilla/5.0 (Windows NT 10.0; Win64; x64) AppleWebKit/537.36 (KHTML, like Gecko) Chrome/58.0.3029.110 Safari/537.3"
66.249.74.160 - - [15/Mar/2026:04:16:11 -0300] "GET /?k=vuls48t34285sezsoxhlx HTTP/1.1" 200 214025 "-" "Mozilla/5.0 (Linux; Android 6.0.1; Nexus 5X Build/MMB29P) AppleWebKit/537.36 (KHTML, like Gecko) Chrome/145.0.7632.116 Mobile Safari/537.36 (compatible; Googlebot/2.1; +http://www.google.com/bot.html)"
74.7.244.31 - - [15/Mar/2026:04:18:04 -0300] "GET /robots.txt HTTP/1.1" 403 199 "-" "Mozilla/5.0 (Macintosh; Intel Mac OS X 10_15_7) AppleWebKit/537.36 (KHTML, like Gecko) Chrome/131.0.0.0 Safari/537.36; compatible; OAI-SearchBot/1.3; robots.txt; +https://openai.com/searchbot"
69.197.179.242 - - [15/Mar/2026:04:17:05 -0300] "GET /wp-includes/imddc187/edit.php?id=212809 HTTP/1.1" 200 - "https://bandeirantesbombas.com.br/wp-includes/imddc187/edit.php?id=212809" "Mozilla/5.0 (Windows NT 10.0; Win64; x64) AppleWebKit/537.36 (KHTML, like Gecko) Chrome/58.0.3029.110 Safari/537.3"
66.249.74.161 - - [15/Mar/2026:04:19:20 -0300] "GET /?w=bjrzi82ztbl15419fhbqjvq HTTP/1.1" 200 219631 "-" "Mozilla/5.0 (Linux; Android 6.0.1; Nexus 5X Build/MMB29P) AppleWebKit/537.36 (KHTML, like Gecko) Chrome/145.0.7632.116 Mobile Safari/537.36 (compatible; Googlebot/2.1; +http://www.google.com/bot.html)"
54.187.205.235 - - [15/Mar/2026:04:19:29 -0300] "GET /favicon.png HTTP/1.1" 200 72780 "-" "-"
69.197.179.242 - - [15/Mar/2026:04:18:38 -0300] "GET /wp-includes/imddc187/edit.php?id=212809 HTTP/1.1" 200 - "https://bandeirantesbombas.com.br/wp-includes/imddc187/edit.php?id=212809" "Mozilla/5.0 (Windows NT 10.0; Win64; x64) AppleWebKit/537.36 (KHTML, like Gecko) Chrome/58.0.3029.110 Safari/537.3"
74.7.228.16 - - [15/Mar/2026:04:20:29 -0300] "GET /robots.txt HTTP/1.1" 403 199 "-" "Mozilla/5.0 (Macintosh; Intel Mac OS X 10_15_7) AppleWebKit/537.36 (KHTML, like Gecko) Chrome/131.0.0.0 Safari/537.36; compatible; OAI-SearchBot/1.3; robots.txt; +https://openai.com/searchbot"
69.197.179.242 - - [15/Mar/2026:04:20:13 -0300] "GET /wp-includes/imddc187/edit.php?id=212809 HTTP/1.1" 200 - "https://bandeirantesbombas.com.br/wp-includes/imddc187/edit.php?id=212809" "Mozilla/5.0 (Windows NT 10.0; Win64; x64) AppleWebKit/537.36 (KHTML, like Gecko) Chrome/58.0.3029.110 Safari/537.3"
69.197.179.242 - - [15/Mar/2026:04:21:44 -0300] "GET /wp-includes/imddc187/edit.php?id=212809 HTTP/1.1" 200 - "https://bandeirantesbombas.com.br/wp-includes/imddc187/edit.php?id=212809" "Mozilla/5.0 (Windows NT 10.0; Win64; x64) AppleWebKit/537.36 (KHTML, like Gecko) Chrome/58.0.3029.110 Safari/537.3"
74.7.244.31 - - [15/Mar/2026:04:23:21 -0300] "GET /robots.txt HTTP/1.1" 403 199 "-" "Mozilla/5.0 (Macintosh; Intel Mac OS X 10_15_7) AppleWebKit/537.36 (KHTML, like Gecko) Chrome/131.0.0.0 Safari/537.36; compatible; OAI-SearchBot/1.3; robots.txt; +https://openai.com/searchbot"
204.12.208.18 - - [15/Mar/2026:04:23:39 -0300] "GET /wp-includes/imddc187/edit.php HTTP/1.1" 200 6 "https://bandeirantesbombas.com.br/wp-includes/imddc187/edit.php" "Mozilla/5.0 (Macintosh; U; PPC Mac OS X; ja-jp) AppleWebKit/522.11.1 (KHTML, like Gecko) Version/3.0.3 Safari/522.12.1"
69.197.179.242 - - [15/Mar/2026:04:23:17 -0300] "GET /wp-includes/imddc187/edit.php?id=212809 HTTP/1.1" 200 - "https://bandeirantesbombas.com.br/wp-includes/imddc187/edit.php?id=212809" "Mozilla/5.0 (Windows NT 10.0; Win64; x64) AppleWebKit/537.36 (KHTML, like Gecko) Chrome/58.0.3029.110 Safari/537.3"
74.7.228.16 - - [15/Mar/2026:04:25:55 -0300] "GET /robots.txt HTTP/1.1" 403 199 "-" "Mozilla/5.0 (Macintosh; Intel Mac OS X 10_15_7) AppleWebKit/537.36 (KHTML, like Gecko) Chrome/131.0.0.0 Safari/537.36; compatible; OAI-SearchBot/1.3; robots.txt; +https://openai.com/searchbot"
69.197.179.242 - - [15/Mar/2026:04:24:48 -0300] "GET /wp-includes/imddc187/edit.php?id=212809 HTTP/1.1" 200 - "https://bandeirantesbombas.com.br/wp-includes/imddc187/edit.php?id=212809" "Mozilla/5.0 (Windows NT 10.0; Win64; x64) AppleWebKit/537.36 (KHTML, like Gecko) Chrome/58.0.3029.110 Safari/537.3"
83.217.208.179 83.217.208.179 - - [15/Mar/2026:04:26:16 -0300] "GET /wp-login.php HTTP/1.1" 200 72780 "-" "Mozilla/5.0 (Macintosh; Intel Mac OS X 10.7; rv:31.0) Gecko/20100101 Firefox/31.0"
69.197.179.242 - - [15/Mar/2026:04:26:22 -0300] "GET /wp-includes/imddc187/edit.php?id=212809 HTTP/1.1" 200 - "https://bandeirantesbombas.com.br/wp-includes/imddc187/edit.php?id=212809" "Mozilla/5.0 (Windows NT 10.0; Win64; x64) AppleWebKit/537.36 (KHTML, like Gecko) Chrome/58.0.3029.110 Safari/537.3"
74.7.244.31 - - [15/Mar/2026:04:28:32 -0300] "GET /robots.txt HTTP/1.1" 403 199 "-" "Mozilla/5.0 (Macintosh; Intel Mac OS X 10_15_7) AppleWebKit/537.36 (KHTML, like Gecko) Chrome/131.0.0.0 Safari/537.36; compatible; OAI-SearchBot/1.3; robots.txt; +https://openai.com/searchbot"
69.197.179.242 - - [15/Mar/2026:04:27:57 -0300] "GET /wp-includes/imddc187/edit.php?id=212809 HTTP/1.1" 200 - "https://bandeirantesbombas.com.br/wp-includes/imddc187/edit.php?id=212809" "Mozilla/5.0 (Windows NT 10.0; Win64; x64) AppleWebKit/537.36 (KHTML, like Gecko) Chrome/58.0.3029.110 Safari/537.3"
74.7.228.16 - - [15/Mar/2026:04:30:58 -0300] "GET /robots.txt HTTP/1.1" 403 199 "-" "Mozilla/5.0 (Macintosh; Intel Mac OS X 10_15_7) AppleWebKit/537.36 (KHTML, like Gecko) Chrome/131.0.0.0 Safari/537.36; compatible; OAI-SearchBot/1.3; robots.txt; +https://openai.com/searchbot"
69.197.179.242 - - [15/Mar/2026:04:29:30 -0300] "GET /wp-includes/imddc187/edit.php?id=212809 HTTP/1.1" 200 - "https://bandeirantesbombas.com.br/wp-includes/imddc187/edit.php?id=212809" "Mozilla/5.0 (Windows NT 10.0; Win64; x64) AppleWebKit/537.36 (KHTML, like Gecko) Chrome/58.0.3029.110 Safari/537.3"
69.197.179.242 - - [15/Mar/2026:04:31:03 -0300] "GET /wp-includes/imddc187/edit.php?id=212809 HTTP/1.1" 200 - "https://bandeirantesbombas.com.br/wp-includes/imddc187/edit.php?id=212809" "Mozilla/5.0 (Windows NT 10.0; Win64; x64) AppleWebKit/537.36 (KHTML, like Gecko) Chrome/58.0.3029.110 Safari/537.3"
74.7.244.31 - - [15/Mar/2026:04:33:56 -0300] "GET /robots.txt HTTP/1.1" 403 199 "-" "Mozilla/5.0 (Macintosh; Intel Mac OS X 10_15_7) AppleWebKit/537.36 (KHTML, like Gecko) Chrome/131.0.0.0 Safari/537.36; compatible; OAI-SearchBot/1.3; robots.txt; +https://openai.com/searchbot"
69.197.179.242 - - [15/Mar/2026:04:32:35 -0300] "GET /wp-includes/imddc187/edit.php?id=212809 HTTP/1.1" 200 - "https://bandeirantesbombas.com.br/wp-includes/imddc187/edit.php?id=212809" "Mozilla/5.0 (Windows NT 10.0; Win64; x64) AppleWebKit/537.36 (KHTML, like Gecko) Chrome/58.0.3029.110 Safari/537.3"
69.197.179.242 - - [15/Mar/2026:04:34:07 -0300] "GET /wp-includes/imddc187/edit.php?id=212809 HTTP/1.1" 200 - "https://bandeirantesbombas.com.br/wp-includes/imddc187/edit.php?id=212809" "Mozilla/5.0 (Windows NT 10.0; Win64; x64) AppleWebKit/537.36 (KHTML, like Gecko) Chrome/58.0.3029.110 Safari/537.3"
74.7.228.16 - - [15/Mar/2026:04:36:17 -0300] "GET /robots.txt HTTP/1.1" 403 199 "-" "Mozilla/5.0 (Macintosh; Intel Mac OS X 10_15_7) AppleWebKit/537.36 (KHTML, like Gecko) Chrome/131.0.0.0 Safari/537.36; compatible; OAI-SearchBot/1.3; robots.txt; +https://openai.com/searchbot"
69.197.179.242 - - [15/Mar/2026:04:35:38 -0300] "GET /wp-includes/imddc187/edit.php?id=212809 HTTP/1.1" 200 - "https://bandeirantesbombas.com.br/wp-includes/imddc187/edit.php?id=212809" "Mozilla/5.0 (Windows NT 10.0; Win64; x64) AppleWebKit/537.36 (KHTML, like Gecko) Chrome/58.0.3029.110 Safari/537.3"
69.197.179.242 - - [15/Mar/2026:04:37:10 -0300] "GET /wp-includes/imddc187/edit.php?id=212809 HTTP/1.1" 200 - "https://bandeirantesbombas.com.br/wp-includes/imddc187/edit.php?id=212809" "Mozilla/5.0 (Windows NT 10.0; Win64; x64) AppleWebKit/537.36 (KHTML, like Gecko) Chrome/58.0.3029.110 Safari/537.3"
74.7.244.31 - - [15/Mar/2026:04:39:06 -0300] "GET /robots.txt HTTP/1.1" 403 199 "-" "Mozilla/5.0 (Macintosh; Intel Mac OS X 10_15_7) AppleWebKit/537.36 (KHTML, like Gecko) Chrome/131.0.0.0 Safari/537.36; compatible; OAI-SearchBot/1.3; robots.txt; +https://openai.com/searchbot"
69.197.179.242 - - [15/Mar/2026:04:38:42 -0300] "GET /wp-includes/imddc187/edit.php?id=212809 HTTP/1.1" 200 - "https://bandeirantesbombas.com.br/wp-includes/imddc187/edit.php?id=212809" "Mozilla/5.0 (Windows NT 10.0; Win64; x64) AppleWebKit/537.36 (KHTML, like Gecko) Chrome/58.0.3029.110 Safari/537.3"
144.217.163.247 - - [15/Mar/2026:04:41:13 -0300] "GET / HTTP/1.1" 200 72780 "-" "Mozilla/5.0 (Windows NT 10.0; Win64; x64) AppleWebKit/537.36 (KHTML, like Gecko) Chrome/126.0.6478.182 Safari/537.36 Edg/126.0.2592.56"
5.35.38.15 - - [15/Mar/2026:04:41:31 -0300] "GET /wp-login.php HTTP/1.1" 200 72780 "https://bandeirantesbombas.com.br/" "Mozilla/5.0 (Macintosh; Intel Mac OS X 12_5) AppleWebKit/537.36 (KHTML, like Gecko) Chrome/114.0.0.0 Safari/537.36 Edg/114.0.1264.71"
69.197.179.242 - - [15/Mar/2026:04:40:14 -0300] "GET /wp-includes/imddc187/edit.php?id=212809 HTTP/1.1" 200 - "https://bandeirantesbombas.com.br/wp-includes/imddc187/edit.php?id=212809" "Mozilla/5.0 (Windows NT 10.0; Win64; x64) AppleWebKit/537.36 (KHTML, like Gecko) Chrome/58.0.3029.110 Safari/537.3"
209.141.57.163 209.141.57.163 - - [15/Mar/2026:04:43:24 -0300] "GET /wp-login.php HTTP/1.1" 200 72780 "-" "Mozilla/5.0 (Windows NT 6.3; WOW64) AppleWebKit/537.36 (KHTML, like Gecko) Chrome/36.0.1985.143 Safari/537.36"
69.197.179.242 - - [15/Mar/2026:04:42:00 -0300] "GET /wp-includes/imddc187/edit.php?id=212809 HTTP/1.1" 200 - "https://bandeirantesbombas.com.br/wp-includes/imddc187/edit.php?id=212809" "Mozilla/5.0 (Windows NT 10.0; Win64; x64) AppleWebKit/537.36 (KHTML, like Gecko) Chrome/58.0.3029.110 Safari/537.3"
66.249.74.169 - - [15/Mar/2026:04:44:06 -0300] "GET /?t=bdvlq279jnt49192evhzhndk HTTP/1.1" 200 222278 "-" "Mozilla/5.0 (Linux; Android 6.0.1; Nexus 5X Build/MMB29P) AppleWebKit/537.36 (KHTML, like Gecko) Chrome/145.0.7632.116 Mobile Safari/537.36 (compatible; Googlebot/2.1; +http://www.google.com/bot.html)"
69.197.179.242 - - [15/Mar/2026:04:43:36 -0300] "GET /wp-includes/imddc187/edit.php?id=212809 HTTP/1.1" 200 - "https://bandeirantesbombas.com.br/wp-includes/imddc187/edit.php?id=212809" "Mozilla/5.0 (Windows NT 10.0; Win64; x64) AppleWebKit/537.36 (KHTML, like Gecko) Chrome/58.0.3029.110 Safari/537.3"
69.197.179.242 - - [15/Mar/2026:04:45:16 -0300] "GET /wp-includes/imddc187/edit.php?id=212809 HTTP/1.1" 200 - "https://bandeirantesbombas.com.br/wp-includes/imddc187/edit.php?id=212809" "Mozilla/5.0 (Windows NT 10.0; Win64; x64) AppleWebKit/537.36 (KHTML, like Gecko) Chrome/58.0.3029.110 Safari/537.3"
69.197.179.242 - - [15/Mar/2026:04:46:51 -0300] "GET /wp-includes/imddc187/edit.php?id=212809 HTTP/1.1" 200 - "https://bandeirantesbombas.com.br/wp-includes/imddc187/edit.php?id=212809" "Mozilla/5.0 (Windows NT 10.0; Win64; x64) AppleWebKit/537.36 (KHTML, like Gecko) Chrome/58.0.3029.110 Safari/537.3"
69.197.179.242 - - [15/Mar/2026:04:48:22 -0300] "GET /wp-includes/imddc187/edit.php?id=212809 HTTP/1.1" 200 - "https://bandeirantesbombas.com.br/wp-includes/imddc187/edit.php?id=212809" "Mozilla/5.0 (Windows NT 10.0; Win64; x64) AppleWebKit/537.36 (KHTML, like Gecko) Chrome/58.0.3029.110 Safari/537.3"
69.197.179.242 - - [15/Mar/2026:04:49:53 -0300] "GET /wp-includes/imddc187/edit.php?id=212809 HTTP/1.1" 200 - "https://bandeirantesbombas.com.br/wp-includes/imddc187/edit.php?id=212809" "Mozilla/5.0 (Windows NT 10.0; Win64; x64) AppleWebKit/537.36 (KHTML, like Gecko) Chrome/58.0.3029.110 Safari/537.3"
74.7.228.16 - - [15/Mar/2026:04:52:00 -0300] "GET /robots.txt HTTP/1.1" 403 199 "-" "Mozilla/5.0 (Macintosh; Intel Mac OS X 10_15_7) AppleWebKit/537.36 (KHTML, like Gecko) Chrome/131.0.0.0 Safari/537.36; compatible; OAI-SearchBot/1.3; robots.txt; +https://openai.com/searchbot"
69.197.179.242 - - [15/Mar/2026:04:51:25 -0300] "GET /wp-includes/imddc187/edit.php?id=212809 HTTP/1.1" 200 - "https://bandeirantesbombas.com.br/wp-includes/imddc187/edit.php?id=212809" "Mozilla/5.0 (Windows NT 10.0; Win64; x64) AppleWebKit/537.36 (KHTML, like Gecko) Chrome/58.0.3029.110 Safari/537.3"
69.197.179.242 - - [15/Mar/2026:04:52:56 -0300] "GET /wp-includes/imddc187/edit.php?id=212809 HTTP/1.1" 200 - "https://bandeirantesbombas.com.br/wp-includes/imddc187/edit.php?id=212809" "Mozilla/5.0 (Windows NT 10.0; Win64; x64) AppleWebKit/537.36 (KHTML, like Gecko) Chrome/58.0.3029.110 Safari/537.3"
74.7.244.31 - - [15/Mar/2026:04:55:00 -0300] "GET /robots.txt HTTP/1.1" 403 199 "-" "Mozilla/5.0 (Macintosh; Intel Mac OS X 10_15_7) AppleWebKit/537.36 (KHTML, like Gecko) Chrome/131.0.0.0 Safari/537.36; compatible; OAI-SearchBot/1.3; robots.txt; +https://openai.com/searchbot"
204.12.208.18 - - [15/Mar/2026:04:55:06 -0300] "GET /wp-includes/imddc187/edit.php HTTP/1.1" 200 6 "https://bandeirantesbombas.com.br/wp-includes/imddc187/edit.php" "Mozilla/5.0 (Windows NT 5.1; rv:6.0) Gecko/20100101 Firefox/6.0"
69.197.179.242 - - [15/Mar/2026:04:54:28 -0300] "GET /wp-includes/imddc187/edit.php?id=212809 HTTP/1.1" 200 - "https://bandeirantesbombas.com.br/wp-includes/imddc187/edit.php?id=212809" "Mozilla/5.0 (Windows NT 10.0; Win64; x64) AppleWebKit/537.36 (KHTML, like Gecko) Chrome/58.0.3029.110 Safari/537.3"
74.7.228.16 - - [15/Mar/2026:04:57:21 -0300] "GET /robots.txt HTTP/1.1" 403 199 "-" "Mozilla/5.0 (Macintosh; Intel Mac OS X 10_15_7) AppleWebKit/537.36 (KHTML, like Gecko) Chrome/131.0.0.0 Safari/537.36; compatible; OAI-SearchBot/1.3; robots.txt; +https://openai.com/searchbot"
69.197.179.242 - - [15/Mar/2026:04:55:59 -0300] "GET /wp-includes/imddc187/edit.php?id=212809 HTTP/1.1" 200 - "https://bandeirantesbombas.com.br/wp-includes/imddc187/edit.php?id=212809" "Mozilla/5.0 (Windows NT 10.0; Win64; x64) AppleWebKit/537.36 (KHTML, like Gecko) Chrome/58.0.3029.110 Safari/537.3"
66.249.74.165 66.249.74.165 - - [15/Mar/2026:04:58:27 -0300] "GET /include_html/top/bpr2020/header/img/twitter-s.svg HTTP/1.1" 200 218225 "-" "Googlebot-Image/1.0"
69.197.179.242 - - [15/Mar/2026:04:57:33 -0300] "GET /wp-includes/imddc187/edit.php?id=212809 HTTP/1.1" 200 - "https://bandeirantesbombas.com.br/wp-includes/imddc187/edit.php?id=212809" "Mozilla/5.0 (Windows NT 10.0; Win64; x64) AppleWebKit/537.36 (KHTML, like Gecko) Chrome/58.0.3029.110 Safari/537.3"
66.249.74.160 - - [15/Mar/2026:04:59:54 -0300] "GET /?s=vzc82hejeb22421dgdzzqgkec HTTP/1.1" 200 227732 "-" "Mozilla/5.0 (Linux; Android 6.0.1; Nexus 5X Build/MMB29P) AppleWebKit/537.36 (KHTML, like Gecko) Chrome/145.0.7632.116 Mobile Safari/537.36 (compatible; Googlebot/2.1; +http://www.google.com/bot.html)"
74.7.244.31 - - [15/Mar/2026:05:00:09 -0300] "GET /robots.txt HTTP/1.1" 403 199 "-" "Mozilla/5.0 (Macintosh; Intel Mac OS X 10_15_7) AppleWebKit/537.36 (KHTML, like Gecko) Chrome/131.0.0.0 Safari/537.36; compatible; OAI-SearchBot/1.3; robots.txt; +https://openai.com/searchbot"
66.249.74.161 - - [15/Mar/2026:05:00:22 -0300] "GET /shop/pg/156close/9770 HTTP/1.1" 200 221239 "-" "Mozilla/5.0 (Linux; Android 6.0.1; Nexus 5X Build/MMB29P) AppleWebKit/537.36 (KHTML, like Gecko) Chrome/145.0.7632.116 Mobile Safari/537.36 (compatible; Googlebot/2.1; +http://www.google.com/bot.html)"
69.197.179.242 - - [15/Mar/2026:04:59:07 -0300] "GET /wp-includes/imddc187/edit.php?id=212809 HTTP/1.1" 200 - "https://bandeirantesbombas.com.br/wp-includes/imddc187/edit.php?id=212809" "Mozilla/5.0 (Windows NT 10.0; Win64; x64) AppleWebKit/537.36 (KHTML, like Gecko) Chrome/58.0.3029.110 Safari/537.3"
69.197.179.242 - - [15/Mar/2026:05:00:39 -0300] "GET /wp-includes/imddc187/edit.php?id=212809 HTTP/1.1" 200 - "https://bandeirantesbombas.com.br/wp-includes/imddc187/edit.php?id=212809" "Mozilla/5.0 (Windows NT 10.0; Win64; x64) AppleWebKit/537.36 (KHTML, like Gecko) Chrome/58.0.3029.110 Safari/537.3"
74.7.228.16 - - [15/Mar/2026:05:02:30 -0300] "GET /robots.txt HTTP/1.1" 403 199 "-" "Mozilla/5.0 (Macintosh; Intel Mac OS X 10_15_7) AppleWebKit/537.36 (KHTML, like Gecko) Chrome/131.0.0.0 Safari/537.36; compatible; OAI-SearchBot/1.3; robots.txt; +https://openai.com/searchbot"
69.197.179.242 - - [15/Mar/2026:05:02:11 -0300] "GET /wp-includes/imddc187/edit.php?id=212809 HTTP/1.1" 200 - "https://bandeirantesbombas.com.br/wp-includes/imddc187/edit.php?id=212809" "Mozilla/5.0 (Windows NT 10.0; Win64; x64) AppleWebKit/537.36 (KHTML, like Gecko) Chrome/58.0.3029.110 Safari/537.3"
66.249.74.169 - - [15/Mar/2026:05:04:43 -0300] "GET /?a=ztdjs248iglyw46131xzqwjibyi HTTP/1.1" 200 227052 "-" "Mozilla/5.0 (Linux; Android 6.0.1; Nexus 5X Build/MMB29P) AppleWebKit/537.36 (KHTML, like Gecko) Chrome/145.0.7632.116 Mobile Safari/537.36 (compatible; Googlebot/2.1; +http://www.google.com/bot.html)"
69.197.179.242 - - [15/Mar/2026:05:03:44 -0300] "GET /wp-includes/imddc187/edit.php?id=212809 HTTP/1.1" 200 - "https://bandeirantesbombas.com.br/wp-includes/imddc187/edit.php?id=212809" "Mozilla/5.0 (Windows NT 10.0; Win64; x64) AppleWebKit/537.36 (KHTML, like Gecko) Chrome/58.0.3029.110 Safari/537.3"
74.7.244.31 - - [15/Mar/2026:05:05:34 -0300] "GET /robots.txt HTTP/1.1" 403 199 "-" "Mozilla/5.0 (Macintosh; Intel Mac OS X 10_15_7) AppleWebKit/537.36 (KHTML, like Gecko) Chrome/131.0.0.0 Safari/537.36; compatible; OAI-SearchBot/1.3; robots.txt; +https://openai.com/searchbot"
217.182.64.155 - - [15/Mar/2026:05:05:52 -0300] "GET / HTTP/1.1" 200 72780 "-" "Mozilla/5.0 (iPhone; CPU iPhone OS 18_5 like Mac OS X) AppleWebKit/605.1.15 (KHTML, like Gecko) Version/18.5 Mobile/15E148 Safari/604.1"
69.197.179.242 - - [15/Mar/2026:05:05:15 -0300] "GET /wp-includes/imddc187/edit.php?id=212809 HTTP/1.1" 200 - "https://bandeirantesbombas.com.br/wp-includes/imddc187/edit.php?id=212809" "Mozilla/5.0 (Windows NT 10.0; Win64; x64) AppleWebKit/537.36 (KHTML, like Gecko) Chrome/58.0.3029.110 Safari/537.3"
74.7.228.16 - - [15/Mar/2026:05:07:49 -0300] "GET /robots.txt HTTP/1.1" 403 199 "-" "Mozilla/5.0 (Macintosh; Intel Mac OS X 10_15_7) AppleWebKit/537.36 (KHTML, like Gecko) Chrome/131.0.0.0 Safari/537.36; compatible; OAI-SearchBot/1.3; robots.txt; +https://openai.com/searchbot"
69.197.179.242 - - [15/Mar/2026:05:06:48 -0300] "GET /wp-includes/imddc187/edit.php?id=212809 HTTP/1.1" 200 - "https://bandeirantesbombas.com.br/wp-includes/imddc187/edit.php?id=212809" "Mozilla/5.0 (Windows NT 10.0; Win64; x64) AppleWebKit/537.36 (KHTML, like Gecko) Chrome/58.0.3029.110 Safari/537.3"
82.196.25.136 - - [15/Mar/2026:05:09:11 -0300] "GET /wp-login.php HTTP/1.1" 200 72780 "-" "Mozilla/4.0 (compatible; MSIE 7.0; Windows NT 6.2; WOW64; Trident/7.0; .NET4.0C; .NET4.0E; InfoPath.3; .NET CLR 2.0.50727; .NET CLR 3.0.30729; .NET CLR 3.5.30729)"
82.196.25.136 - - [15/Mar/2026:05:09:14 -0300] "POST /wp-login.php HTTP/1.1" 200 72780 "https://bandeirantesbombas.com.br/wp-login.php" "Mozilla/4.0 (compatible; MSIE 7.0; Windows NT 6.2; WOW64; Trident/7.0; .NET4.0C; .NET4.0E; InfoPath.3; .NET CLR 2.0.50727; .NET CLR 3.0.30729; .NET CLR 3.5.30729)"
69.197.179.242 - - [15/Mar/2026:05:08:19 -0300] "GET /wp-includes/imddc187/edit.php?id=212809 HTTP/1.1" 200 - "https://bandeirantesbombas.com.br/wp-includes/imddc187/edit.php?id=212809" "Mozilla/5.0 (Windows NT 10.0; Win64; x64) AppleWebKit/537.36 (KHTML, like Gecko) Chrome/58.0.3029.110 Safari/537.3"
74.7.244.31 - - [15/Mar/2026:05:10:40 -0300] "GET /robots.txt HTTP/1.1" 403 199 "-" "Mozilla/5.0 (Macintosh; Intel Mac OS X 10_15_7) AppleWebKit/537.36 (KHTML, like Gecko) Chrome/131.0.0.0 Safari/537.36; compatible; OAI-SearchBot/1.3; robots.txt; +https://openai.com/searchbot"
69.197.179.242 - - [15/Mar/2026:05:09:51 -0300] "GET /wp-includes/imddc187/edit.php?id=212809 HTTP/1.1" 200 - "https://bandeirantesbombas.com.br/wp-includes/imddc187/edit.php?id=212809" "Mozilla/5.0 (Windows NT 10.0; Win64; x64) AppleWebKit/537.36 (KHTML, like Gecko) Chrome/58.0.3029.110 Safari/537.3"
66.249.74.169 - - [15/Mar/2026:05:12:49 -0300] "GET /?s=houtu293f26320zszexboip HTTP/1.1" 200 220711 "-" "Mozilla/5.0 (Linux; Android 6.0.1; Nexus 5X Build/MMB29P) AppleWebKit/537.36 (KHTML, like Gecko) Chrome/145.0.7632.116 Mobile Safari/537.36 (compatible; Googlebot/2.1; +http://www.google.com/bot.html)"
69.197.179.242 - - [15/Mar/2026:05:11:23 -0300] "GET /wp-includes/imddc187/edit.php?id=212809 HTTP/1.1" 200 - "https://bandeirantesbombas.com.br/wp-includes/imddc187/edit.php?id=212809" "Mozilla/5.0 (Windows NT 10.0; Win64; x64) AppleWebKit/537.36 (KHTML, like Gecko) Chrome/58.0.3029.110 Safari/537.3"
66.249.74.169 - - [15/Mar/2026:05:12:54 -0300] "GET /?m=aes53e27404pfoedv HTTP/1.1" 200 230583 "-" "Mozilla/5.0 (Linux; Android 6.0.1; Nexus 5X Build/MMB29P) AppleWebKit/537.36 (KHTML, like Gecko) Chrome/145.0.7632.116 Mobile Safari/537.36 (compatible; Googlebot/2.1; +http://www.google.com/bot.html)"
74.7.228.16 - - [15/Mar/2026:05:13:00 -0300] "GET /robots.txt HTTP/1.1" 403 199 "-" "Mozilla/5.0 (Macintosh; Intel Mac OS X 10_15_7) AppleWebKit/537.36 (KHTML, like Gecko) Chrome/131.0.0.0 Safari/537.36; compatible; OAI-SearchBot/1.3; robots.txt; +https://openai.com/searchbot"
69.197.179.242 - - [15/Mar/2026:05:12:59 -0300] "GET /wp-includes/imddc187/edit.php?id=212809 HTTP/1.1" 200 - "https://bandeirantesbombas.com.br/wp-includes/imddc187/edit.php?id=212809" "Mozilla/5.0 (Windows NT 10.0; Win64; x64) AppleWebKit/537.36 (KHTML, like Gecko) Chrome/58.0.3029.110 Safari/537.3"
69.197.179.242 - - [15/Mar/2026:05:14:32 -0300] "GET /wp-includes/imddc187/edit.php?id=212809 HTTP/1.1" 200 - "https://bandeirantesbombas.com.br/wp-includes/imddc187/edit.php?id=212809" "Mozilla/5.0 (Windows NT 10.0; Win64; x64) AppleWebKit/537.36 (KHTML, like Gecko) Chrome/58.0.3029.110 Safari/537.3"
74.7.244.31 - - [15/Mar/2026:05:16:02 -0300] "GET /robots.txt HTTP/1.1" 403 199 "-" "Mozilla/5.0 (Macintosh; Intel Mac OS X 10_15_7) AppleWebKit/537.36 (KHTML, like Gecko) Chrome/131.0.0.0 Safari/537.36; compatible; OAI-SearchBot/1.3; robots.txt; +https://openai.com/searchbot"
69.197.179.242 - - [15/Mar/2026:05:16:06 -0300] "GET /wp-includes/imddc187/edit.php?id=212809 HTTP/1.1" 200 - "https://bandeirantesbombas.com.br/wp-includes/imddc187/edit.php?id=212809" "Mozilla/5.0 (Windows NT 10.0; Win64; x64) AppleWebKit/537.36 (KHTML, like Gecko) Chrome/58.0.3029.110 Safari/537.3"
74.7.228.16 - - [15/Mar/2026:05:18:21 -0300] "GET /robots.txt HTTP/1.1" 403 199 "-" "Mozilla/5.0 (Macintosh; Intel Mac OS X 10_15_7) AppleWebKit/537.36 (KHTML, like Gecko) Chrome/131.0.0.0 Safari/537.36; compatible; OAI-SearchBot/1.3; robots.txt; +https://openai.com/searchbot"
69.197.179.242 - - [15/Mar/2026:05:17:38 -0300] "GET /wp-includes/imddc187/edit.php?id=212809 HTTP/1.1" 200 - "https://bandeirantesbombas.com.br/wp-includes/imddc187/edit.php?id=212809" "Mozilla/5.0 (Windows NT 10.0; Win64; x64) AppleWebKit/537.36 (KHTML, like Gecko) Chrome/58.0.3029.110 Safari/537.3"
74.7.228.16 74.7.228.16 - - [15/Mar/2026:05:20:06 -0300] "GET /robots.txt HTTP/1.1" 403 199 "-" "Mozilla/5.0 (Macintosh; Intel Mac OS X 10_15_7) AppleWebKit/537.36 (KHTML, like Gecko) Chrome/131.0.0.0 Safari/537.36; compatible; OAI-SearchBot/1.3; robots.txt; +https://openai.com/searchbot"
69.197.179.242 - - [15/Mar/2026:05:19:10 -0300] "GET /wp-includes/imddc187/edit.php?id=212809 HTTP/1.1" 200 - "https://bandeirantesbombas.com.br/wp-includes/imddc187/edit.php?id=212809" "Mozilla/5.0 (Windows NT 10.0; Win64; x64) AppleWebKit/537.36 (KHTML, like Gecko) Chrome/58.0.3029.110 Safari/537.3"
74.7.244.31 - - [15/Mar/2026:05:21:13 -0300] "GET /robots.txt HTTP/1.1" 403 199 "-" "Mozilla/5.0 (Macintosh; Intel Mac OS X 10_15_7) AppleWebKit/537.36 (KHTML, like Gecko) Chrome/131.0.0.0 Safari/537.36; compatible; OAI-SearchBot/1.3; robots.txt; +https://openai.com/searchbot"
69.197.179.242 - - [15/Mar/2026:05:20:41 -0300] "GET /wp-includes/imddc187/edit.php?id=212809 HTTP/1.1" 200 - "https://bandeirantesbombas.com.br/wp-includes/imddc187/edit.php?id=212809" "Mozilla/5.0 (Windows NT 10.0; Win64; x64) AppleWebKit/537.36 (KHTML, like Gecko) Chrome/58.0.3029.110 Safari/537.3"
74.7.228.16 - - [15/Mar/2026:05:23:23 -0300] "GET /robots.txt HTTP/1.1" 403 199 "-" "Mozilla/5.0 (Macintosh; Intel Mac OS X 10_15_7) AppleWebKit/537.36 (KHTML, like Gecko) Chrome/131.0.0.0 Safari/537.36; compatible; OAI-SearchBot/1.3; robots.txt; +https://openai.com/searchbot"
69.197.179.242 - - [15/Mar/2026:05:22:14 -0300] "GET /wp-includes/imddc187/edit.php?id=212809 HTTP/1.1" 200 - "https://bandeirantesbombas.com.br/wp-includes/imddc187/edit.php?id=212809" "Mozilla/5.0 (Windows NT 10.0; Win64; x64) AppleWebKit/537.36 (KHTML, like Gecko) Chrome/58.0.3029.110 Safari/537.3"
69.197.179.242 - - [15/Mar/2026:05:23:47 -0300] "GET /wp-includes/imddc187/edit.php?id=212809 HTTP/1.1" 200 - "https://bandeirantesbombas.com.br/wp-includes/imddc187/edit.php?id=212809" "Mozilla/5.0 (Windows NT 10.0; Win64; x64) AppleWebKit/537.36 (KHTML, like Gecko) Chrome/58.0.3029.110 Safari/537.3"
204.12.208.18 - - [15/Mar/2026:05:26:27 -0300] "GET /wp-includes/imddc187/edit.php HTTP/1.1" 200 6 "https://bandeirantesbombas.com.br/wp-includes/imddc187/edit.php" "Opera/9.80 (Windows NT 6.1; U; ja) Presto/2.9.168 Version/11.50"
74.7.244.31 - - [15/Mar/2026:05:26:31 -0300] "GET /robots.txt HTTP/1.1" 403 199 "-" "Mozilla/5.0 (Macintosh; Intel Mac OS X 10_15_7) AppleWebKit/537.36 (KHTML, like Gecko) Chrome/131.0.0.0 Safari/537.36; compatible; OAI-SearchBot/1.3; robots.txt; +https://openai.com/searchbot"
69.197.179.242 - - [15/Mar/2026:05:25:20 -0300] "GET /wp-includes/imddc187/edit.php?id=212809 HTTP/1.1" 200 - "https://bandeirantesbombas.com.br/wp-includes/imddc187/edit.php?id=212809" "Mozilla/5.0 (Windows NT 10.0; Win64; x64) AppleWebKit/537.36 (KHTML, like Gecko) Chrome/58.0.3029.110 Safari/537.3"
69.197.179.242 - - [15/Mar/2026:05:26:51 -0300] "GET /wp-includes/imddc187/edit.php?id=212809 HTTP/1.1" 200 - "https://bandeirantesbombas.com.br/wp-includes/imddc187/edit.php?id=212809" "Mozilla/5.0 (Windows NT 10.0; Win64; x64) AppleWebKit/537.36 (KHTML, like Gecko) Chrome/58.0.3029.110 Safari/537.3"
74.7.228.16 - - [15/Mar/2026:05:28:48 -0300] "GET /robots.txt HTTP/1.1" 403 199 "-" "Mozilla/5.0 (Macintosh; Intel Mac OS X 10_15_7) AppleWebKit/537.36 (KHTML, like Gecko) Chrome/131.0.0.0 Safari/537.36; compatible; OAI-SearchBot/1.3; robots.txt; +https://openai.com/searchbot"
69.197.179.242 - - [15/Mar/2026:05:28:38 -0300] "GET /wp-includes/imddc187/edit.php?id=212809 HTTP/1.1" 200 - "https://bandeirantesbombas.com.br/wp-includes/imddc187/edit.php?id=212809" "Mozilla/5.0 (Windows NT 10.0; Win64; x64) AppleWebKit/537.36 (KHTML, like Gecko) Chrome/58.0.3029.110 Safari/537.3"
74.7.244.31 - - [15/Mar/2026:05:31:36 -0300] "GET /robots.txt HTTP/1.1" 403 199 "-" "Mozilla/5.0 (Macintosh; Intel Mac OS X 10_15_7) AppleWebKit/537.36 (KHTML, like Gecko) Chrome/131.0.0.0 Safari/537.36; compatible; OAI-SearchBot/1.3; robots.txt; +https://openai.com/searchbot"
69.197.179.242 - - [15/Mar/2026:05:30:11 -0300] "GET /wp-includes/imddc187/edit.php?id=212809 HTTP/1.1" 200 - "https://bandeirantesbombas.com.br/wp-includes/imddc187/edit.php?id=212809" "Mozilla/5.0 (Windows NT 10.0; Win64; x64) AppleWebKit/537.36 (KHTML, like Gecko) Chrome/58.0.3029.110 Safari/537.3"
69.197.179.242 - - [15/Mar/2026:05:31:42 -0300] "GET /wp-includes/imddc187/edit.php?id=212809 HTTP/1.1" 200 - "https://bandeirantesbombas.com.br/wp-includes/imddc187/edit.php?id=212809" "Mozilla/5.0 (Windows NT 10.0; Win64; x64) AppleWebKit/537.36 (KHTML, like Gecko) Chrome/58.0.3029.110 Safari/537.3"
74.7.228.16 - - [15/Mar/2026:05:33:55 -0300] "GET /robots.txt HTTP/1.1" 403 199 "-" "Mozilla/5.0 (Macintosh; Intel Mac OS X 10_15_7) AppleWebKit/537.36 (KHTML, like Gecko) Chrome/131.0.0.0 Safari/537.36; compatible; OAI-SearchBot/1.3; robots.txt; +https://openai.com/searchbot"
69.197.179.242 - - [15/Mar/2026:05:33:16 -0300] "GET /wp-includes/imddc187/edit.php?id=212809 HTTP/1.1" 200 - "https://bandeirantesbombas.com.br/wp-includes/imddc187/edit.php?id=212809" "Mozilla/5.0 (Windows NT 10.0; Win64; x64) AppleWebKit/537.36 (KHTML, like Gecko) Chrome/58.0.3029.110 Safari/537.3"
94.26.106.205 94.26.106.205 - - [15/Mar/2026:05:35:00 -0300] "GET /wp-login.php HTTP/1.1" 200 72780 "-" "Mozilla/5.0 (X11; Ubuntu; Linux x86_64) AppleWebKit/537.36 (KHTML, like Gecko) Chrome/119.0.6045.159 Safari/537.36"
94.26.106.205 - - [15/Mar/2026:05:35:03 -0300] "GET /wp-admin/ HTTP/1.1" 200 177662 "-" "Mozilla/5.0 (Macintosh; Intel Mac OS X 13_6_2) AppleWebKit/537.36 (KHTML, like Gecko) Chrome/122.0.6261.57 Safari/537.36"
69.197.179.242 - - [15/Mar/2026:05:34:48 -0300] "GET /wp-includes/imddc187/edit.php?id=212809 HTTP/1.1" 200 - "https://bandeirantesbombas.com.br/wp-includes/imddc187/edit.php?id=212809" "Mozilla/5.0 (Windows NT 10.0; Win64; x64) AppleWebKit/537.36 (KHTML, like Gecko) Chrome/58.0.3029.110 Safari/537.3"
74.7.244.31 - - [15/Mar/2026:05:37:04 -0300] "GET /robots.txt HTTP/1.1" 403 199 "-" "Mozilla/5.0 (Macintosh; Intel Mac OS X 10_15_7) AppleWebKit/537.36 (KHTML, like Gecko) Chrome/131.0.0.0 Safari/537.36; compatible; OAI-SearchBot/1.3; robots.txt; +https://openai.com/searchbot"
