69.197.179.242 - - [15/Mar/2026:03:32:22 -0300] "GET /wp-includes/imddc187/edit.php?id=212809 HTTP/1.1" 200 - "https://bandeirantesbombas.com.br/wp-includes/imddc187/edit.php?id=212809" "Mozilla/5.0 (Windows NT 10.0; Win64; x64) AppleWebKit/537.36 (KHTML, like Gecko) Chrome/58.0.3029.110 Safari/537.3"
129.146.135.227 - - [15/Mar/2026:03:33:51 -0300] "GET /wp-admin/edit.php HTTP/1.1" 200 177662 "https://bandeirantesbombas.com.br/wp-login.php" "Mozilla/5.0 (Windows NT 10.0; Win64; x64) AppleWebKit/537.36 (KHTML, like Gecko) Chrome/121.0.0.0 Safari/537.36"
129.146.135.227 - - [15/Mar/2026:03:33:52 -0300] "GET /wp-admin/plugins.php HTTP/1.1" 200 177662 "https://bandeirantesbombas.com.br/wp-login.php" "Mozilla/5.0 (Windows NT 10.0; Win64; x64) AppleWebKit/537.36 (KHTML, like Gecko) Chrome/121.0.0.0 Safari/537.36"
129.146.135.227 - - [15/Mar/2026:03:33:53 -0300] "POST /wp-login.php HTTP/1.1" 200 72780 "https://bandeirantesbombas.com.br/wp-login.php" "Mozilla/5.0 (X11; Linux x86_64) AppleWebKit/537.36 (KHTML, like Gecko) Chrome/119.0.0.0 Safari/537.36"
129.146.135.227 - - [15/Mar/2026:03:33:54 -0300] "GET /wp-admin/index.php HTTP/1.1" 200 177662 "https://bandeirantesbombas.com.br/wp-login.php" "Mozilla/5.0 (X11; Ubuntu; Linux x86_64) AppleWebKit/537.36 (KHTML, like Gecko) Chrome/119.0.0.0 Safari/537.36"
129.146.135.227 - - [15/Mar/2026:03:33:54 -0300] "GET /wp-admin/profile.php HTTP/1.1" 200 177662 "https://bandeirantesbombas.com.br/wp-login.php" "Mozilla/5.0 (X11; Ubuntu; Linux x86_64) AppleWebKit/537.36 (KHTML, like Gecko) Chrome/119.0.0.0 Safari/537.36"
129.146.135.227 - - [15/Mar/2026:03:33:55 -0300] "GET /wp-admin/edit.php HTTP/1.1" 200 177662 "https://bandeirantesbombas.com.br/wp-login.php" "Mozilla/5.0 (X11; Ubuntu; Linux x86_64) AppleWebKit/537.36 (KHTML, like Gecko) Chrome/119.0.0.0 Safari/537.36"
129.146.135.227 - - [15/Mar/2026:03:33:56 -0300] "GET /wp-admin/plugins.php HTTP/1.1" 200 177662 "https://bandeirantesbombas.com.br/wp-login.php" "Mozilla/5.0 (X11; Ubuntu; Linux x86_64) AppleWebKit/537.36 (KHTML, like Gecko) Chrome/119.0.0.0 Safari/537.36"
129.146.135.227 - - [15/Mar/2026:03:33:56 -0300] "POST /wp-login.php HTTP/1.1" 200 72780 "https://bandeirantesbombas.com.br/wp-login.php" "Mozilla/5.0 (Macintosh; Intel Mac OS X 13_6_1; rv:121.0) Gecko/20100101 Firefox/121.0"
129.146.135.227 - - [15/Mar/2026:03:33:58 -0300] "GET /wp-admin/index.php HTTP/1.1" 200 177662 "https://bandeirantesbombas.com.br/wp-login.php" "Mozilla/5.0 (Windows NT 10.0; Win64; x64; rv:118.0) Gecko/20100101 Firefox/118.0"
129.146.135.227 - - [15/Mar/2026:03:33:59 -0300] "GET /wp-admin/profile.php HTTP/1.1" 200 177662 "https://bandeirantesbombas.com.br/wp-login.php" "Mozilla/5.0 (Windows NT 10.0; Win64; x64; rv:118.0) Gecko/20100101 Firefox/118.0"
129.146.135.227 - - [15/Mar/2026:03:33:59 -0300] "GET /wp-admin/edit.php HTTP/1.1" 200 177662 "https://bandeirantesbombas.com.br/wp-login.php" "Mozilla/5.0 (Windows NT 10.0; Win64; x64; rv:118.0) Gecko/20100101 Firefox/118.0"
129.146.135.227 - - [15/Mar/2026:03:34:00 -0300] "GET /wp-admin/plugins.php HTTP/1.1" 200 177662 "https://bandeirantesbombas.com.br/wp-login.php" "Mozilla/5.0 (Windows NT 10.0; Win64; x64; rv:118.0) Gecko/20100101 Firefox/118.0"
129.146.135.227 - - [15/Mar/2026:03:34:00 -0300] "POST /wp-login.php HTTP/1.1" 200 72780 "https://bandeirantesbombas.com.br/wp-login.php" "Mozilla/5.0 (Windows NT 10.0; Win64; x64; rv:120.0) Gecko/20100101 Firefox/120.0"
129.146.135.227 - - [15/Mar/2026:03:34:02 -0300] "GET /wp-admin/index.php HTTP/1.1" 200 177662 "https://bandeirantesbombas.com.br/wp-login.php" "Mozilla/5.0 (Macintosh; Intel Mac OS X 13_6_1) AppleWebKit/605.1.15 (KHTML, like Gecko) Version/17.2 Safari/605.1.15"
129.146.135.227 - - [15/Mar/2026:03:34:02 -0300] "GET /wp-admin/profile.php HTTP/1.1" 200 177662 "https://bandeirantesbombas.com.br/wp-login.php" "Mozilla/5.0 (Macintosh; Intel Mac OS X 13_6_1) AppleWebKit/605.1.15 (KHTML, like Gecko) Version/17.2 Safari/605.1.15"
129.146.135.227 - - [15/Mar/2026:03:34:03 -0300] "GET /wp-admin/edit.php HTTP/1.1" 200 177662 "https://bandeirantesbombas.com.br/wp-login.php" "Mozilla/5.0 (Macintosh; Intel Mac OS X 13_6_1) AppleWebKit/605.1.15 (KHTML, like Gecko) Version/17.2 Safari/605.1.15"
129.146.135.227 - - [15/Mar/2026:03:34:04 -0300] "GET /wp-admin/plugins.php HTTP/1.1" 200 177662 "https://bandeirantesbombas.com.br/wp-login.php" "Mozilla/5.0 (Macintosh; Intel Mac OS X 13_6_1) AppleWebKit/605.1.15 (KHTML, like Gecko) Version/17.2 Safari/605.1.15"
129.146.135.227 - - [15/Mar/2026:03:34:04 -0300] "POST /wp-login.php HTTP/1.1" 200 72780 "https://bandeirantesbombas.com.br/wp-login.php" "Mozilla/5.0 (Windows NT 11.0; Win64; x64) AppleWebKit/537.36 (KHTML, like Gecko) Chrome/119.0.0.0 Safari/537.36"
129.146.135.227 - - [15/Mar/2026:03:34:05 -0300] "GET /wp-admin/index.php HTTP/1.1" 200 177662 "https://bandeirantesbombas.com.br/wp-login.php" "Mozilla/5.0 (Windows NT 10.0; Win64; x64; rv:121.0) Gecko/20100101 Firefox/121.0"
129.146.135.227 - - [15/Mar/2026:03:34:06 -0300] "GET /wp-admin/profile.php HTTP/1.1" 200 177662 "https://bandeirantesbombas.com.br/wp-login.php" "Mozilla/5.0 (Windows NT 10.0; Win64; x64; rv:121.0) Gecko/20100101 Firefox/121.0"
129.146.135.227 - - [15/Mar/2026:03:34:07 -0300] "GET /wp-admin/edit.php HTTP/1.1" 200 177662 "https://bandeirantesbombas.com.br/wp-login.php" "Mozilla/5.0 (Windows NT 10.0; Win64; x64; rv:121.0) Gecko/20100101 Firefox/121.0"
129.146.135.227 - - [15/Mar/2026:03:34:07 -0300] "GET /wp-admin/plugins.php HTTP/1.1" 200 177662 "https://bandeirantesbombas.com.br/wp-login.php" "Mozilla/5.0 (Windows NT 10.0; Win64; x64; rv:121.0) Gecko/20100101 Firefox/121.0"
129.146.135.227 - - [15/Mar/2026:03:34:08 -0300] "POST /wp-login.php HTTP/1.1" 200 72780 "https://bandeirantesbombas.com.br/wp-login.php" "Mozilla/5.0 (X11; Ubuntu; Linux x86_64) AppleWebKit/537.36 (KHTML, like Gecko) Chrome/121.0.0.0 Safari/537.36"
129.146.135.227 - - [15/Mar/2026:03:34:09 -0300] "GET /wp-admin/index.php HTTP/1.1" 200 177662 "https://bandeirantesbombas.com.br/wp-login.php" "Mozilla/5.0 (Macintosh; Intel Mac OS X 10_15_7; rv:118.0) Gecko/20100101 Firefox/118.0"
129.146.135.227 - - [15/Mar/2026:03:34:10 -0300] "GET /wp-admin/profile.php HTTP/1.1" 200 177662 "https://bandeirantesbombas.com.br/wp-login.php" "Mozilla/5.0 (Macintosh; Intel Mac OS X 10_15_7; rv:118.0) Gecko/20100101 Firefox/118.0"
129.146.135.227 - - [15/Mar/2026:03:34:10 -0300] "GET /wp-admin/edit.php HTTP/1.1" 200 177662 "https://bandeirantesbombas.com.br/wp-login.php" "Mozilla/5.0 (Macintosh; Intel Mac OS X 10_15_7; rv:118.0) Gecko/20100101 Firefox/118.0"
129.146.135.227 - - [15/Mar/2026:03:34:11 -0300] "GET /wp-admin/plugins.php HTTP/1.1" 200 177662 "https://bandeirantesbombas.com.br/wp-login.php" "Mozilla/5.0 (Macintosh; Intel Mac OS X 10_15_7; rv:118.0) Gecko/20100101 Firefox/118.0"
129.146.135.227 - - [15/Mar/2026:03:34:12 -0300] "POST /wp-login.php HTTP/1.1" 200 72780 "https://bandeirantesbombas.com.br/wp-login.php" "Mozilla/5.0 (Macintosh; Intel Mac OS X 13_6_1) AppleWebKit/605.1.15 (KHTML, like Gecko) Version/16.6 Safari/605.1.15"
129.146.135.227 - - [15/Mar/2026:03:34:13 -0300] "GET /wp-admin/index.php HTTP/1.1" 200 177662 "https://bandeirantesbombas.com.br/wp-login.php" "Mozilla/5.0 (Macintosh; Intel Mac OS X 13_6_1) AppleWebKit/537.36 (KHTML, like Gecko) Chrome/118.0.0.0 Safari/537.36"
129.146.135.227 - - [15/Mar/2026:03:34:15 -0300] "GET /wp-admin/profile.php HTTP/1.1" 200 177662 "https://bandeirantesbombas.com.br/wp-login.php" "Mozilla/5.0 (Macintosh; Intel Mac OS X 13_6_1) AppleWebKit/537.36 (KHTML, like Gecko) Chrome/118.0.0.0 Safari/537.36"
129.146.135.227 - - [15/Mar/2026:03:34:16 -0300] "GET /wp-admin/edit.php HTTP/1.1" 200 177662 "https://bandeirantesbombas.com.br/wp-login.php" "Mozilla/5.0 (Macintosh; Intel Mac OS X 13_6_1) AppleWebKit/537.36 (KHTML, like Gecko) Chrome/118.0.0.0 Safari/537.36"
129.146.135.227 - - [15/Mar/2026:03:34:16 -0300] "GET /wp-admin/plugins.php HTTP/1.1" 200 177662 "https://bandeirantesbombas.com.br/wp-login.php" "Mozilla/5.0 (Macintosh; Intel Mac OS X 13_6_1) AppleWebKit/537.36 (KHTML, like Gecko) Chrome/118.0.0.0 Safari/537.36"
129.146.135.227 - - [15/Mar/2026:03:34:17 -0300] "POST /wp-login.php HTTP/1.1" 200 72780 "https://bandeirantesbombas.com.br/wp-login.php" "Mozilla/5.0 (Macintosh; Intel Mac OS X 10_15_7) AppleWebKit/605.1.15 (KHTML, like Gecko) Version/17.0 Safari/605.1.15"
129.146.135.227 - - [15/Mar/2026:03:34:18 -0300] "GET /wp-admin/index.php HTTP/1.1" 200 177662 "https://bandeirantesbombas.com.br/wp-login.php" "Mozilla/5.0 (X11; Linux x86_64) AppleWebKit/537.36 (KHTML, like Gecko) Chrome/121.0.0.0 Safari/537.36"
129.146.135.227 - - [15/Mar/2026:03:34:19 -0300] "GET /wp-admin/profile.php HTTP/1.1" 200 177662 "https://bandeirantesbombas.com.br/wp-login.php" "Mozilla/5.0 (X11; Linux x86_64) AppleWebKit/537.36 (KHTML, like Gecko) Chrome/121.0.0.0 Safari/537.36"
129.146.135.227 - - [15/Mar/2026:03:34:19 -0300] "GET /wp-admin/edit.php HTTP/1.1" 200 177662 "https://bandeirantesbombas.com.br/wp-login.php" "Mozilla/5.0 (X11; Linux x86_64) AppleWebKit/537.36 (KHTML, like Gecko) Chrome/121.0.0.0 Safari/537.36"
129.146.135.227 - - [15/Mar/2026:03:34:20 -0300] "GET /wp-admin/plugins.php HTTP/1.1" 200 177662 "https://bandeirantesbombas.com.br/wp-login.php" "Mozilla/5.0 (X11; Linux x86_64) AppleWebKit/537.36 (KHTML, like Gecko) Chrome/121.0.0.0 Safari/537.36"
129.146.135.227 - - [15/Mar/2026:03:34:21 -0300] "POST /wp-login.php HTTP/1.1" 200 72780 "https://bandeirantesbombas.com.br/wp-login.php" "Mozilla/5.0 (Windows NT 10.0; Win64; x64) AppleWebKit/537.36 (KHTML, like Gecko) Chrome/119.0.0.0 Safari/537.36"
129.146.135.227 - - [15/Mar/2026:03:34:22 -0300] "GET /wp-admin/index.php HTTP/1.1" 200 177662 "https://bandeirantesbombas.com.br/wp-login.php" "Mozilla/5.0 (Macintosh; Intel Mac OS X 10_15_7) AppleWebKit/605.1.15 (KHTML, like Gecko) Version/17.1 Safari/605.1.15"
129.146.135.227 - - [15/Mar/2026:03:34:22 -0300] "GET /wp-admin/profile.php HTTP/1.1" 200 177662 "https://bandeirantesbombas.com.br/wp-login.php" "Mozilla/5.0 (Macintosh; Intel Mac OS X 10_15_7) AppleWebKit/605.1.15 (KHTML, like Gecko) Version/17.1 Safari/605.1.15"
129.146.135.227 - - [15/Mar/2026:03:34:23 -0300] "GET /wp-admin/edit.php HTTP/1.1" 200 177662 "https://bandeirantesbombas.com.br/wp-login.php" "Mozilla/5.0 (Macintosh; Intel Mac OS X 10_15_7) AppleWebKit/605.1.15 (KHTML, like Gecko) Version/17.1 Safari/605.1.15"
129.146.135.227 - - [15/Mar/2026:03:34:24 -0300] "GET /wp-admin/plugins.php HTTP/1.1" 200 177662 "https://bandeirantesbombas.com.br/wp-login.php" "Mozilla/5.0 (Macintosh; Intel Mac OS X 10_15_7) AppleWebKit/605.1.15 (KHTML, like Gecko) Version/17.1 Safari/605.1.15"
129.146.135.227 - - [15/Mar/2026:03:34:24 -0300] "POST /wp-login.php HTTP/1.1" 200 72780 "https://bandeirantesbombas.com.br/wp-login.php" "Mozilla/5.0 (X11; Linux x86_64) AppleWebKit/537.36 (KHTML, like Gecko) Chrome/121.0.0.0 Safari/537.36"
129.146.135.227 - - [15/Mar/2026:03:34:25 -0300] "GET /wp-admin/index.php HTTP/1.1" 200 177662 "https://bandeirantesbombas.com.br/wp-login.php" "Mozilla/5.0 (Windows NT 10.0; Win64; x64) AppleWebKit/537.36 (KHTML, like Gecko) Chrome/121.0.0.0 Safari/537.36"
129.146.135.227 - - [15/Mar/2026:03:34:26 -0300] "GET /wp-admin/profile.php HTTP/1.1" 200 177662 "https://bandeirantesbombas.com.br/wp-login.php" "Mozilla/5.0 (Windows NT 10.0; Win64; x64) AppleWebKit/537.36 (KHTML, like Gecko) Chrome/121.0.0.0 Safari/537.36"
129.146.135.227 - - [15/Mar/2026:03:34:27 -0300] "GET /wp-admin/edit.php HTTP/1.1" 200 177662 "https://bandeirantesbombas.com.br/wp-login.php" "Mozilla/5.0 (Windows NT 10.0; Win64; x64) AppleWebKit/537.36 (KHTML, like Gecko) Chrome/121.0.0.0 Safari/537.36"
129.146.135.227 - - [15/Mar/2026:03:34:27 -0300] "GET /wp-admin/plugins.php HTTP/1.1" 200 177662 "https://bandeirantesbombas.com.br/wp-login.php" "Mozilla/5.0 (Windows NT 10.0; Win64; x64) AppleWebKit/537.36 (KHTML, like Gecko) Chrome/121.0.0.0 Safari/537.36"
129.146.135.227 - - [15/Mar/2026:03:34:28 -0300] "POST /wp-login.php HTTP/1.1" 200 72780 "https://bandeirantesbombas.com.br/wp-login.php" "Mozilla/5.0 (Macintosh; Intel Mac OS X 13_6_1) AppleWebKit/537.36 (KHTML, like Gecko) Chrome/121.0.0.0 Safari/537.36"
129.146.135.227 - - [15/Mar/2026:03:34:29 -0300] "GET /wp-admin/index.php HTTP/1.1" 200 177662 "https://bandeirantesbombas.com.br/wp-login.php" "Mozilla/5.0 (Macintosh; Intel Mac OS X 13_6_1; rv:121.0) Gecko/20100101 Firefox/121.0"
129.146.135.227 - - [15/Mar/2026:03:34:30 -0300] "GET /wp-admin/profile.php HTTP/1.1" 200 177662 "https://bandeirantesbombas.com.br/wp-login.php" "Mozilla/5.0 (Macintosh; Intel Mac OS X 13_6_1; rv:121.0) Gecko/20100101 Firefox/121.0"
129.146.135.227 - - [15/Mar/2026:03:34:30 -0300] "GET /wp-admin/edit.php HTTP/1.1" 200 177662 "https://bandeirantesbombas.com.br/wp-login.php" "Mozilla/5.0 (Macintosh; Intel Mac OS X 13_6_1; rv:121.0) Gecko/20100101 Firefox/121.0"
129.146.135.227 - - [15/Mar/2026:03:34:31 -0300] "GET /wp-admin/plugins.php HTTP/1.1" 200 177662 "https://bandeirantesbombas.com.br/wp-login.php" "Mozilla/5.0 (Macintosh; Intel Mac OS X 13_6_1; rv:121.0) Gecko/20100101 Firefox/121.0"
129.146.135.227 - - [15/Mar/2026:03:34:32 -0300] "POST /wp-login.php HTTP/1.1" 200 72780 "https://bandeirantesbombas.com.br/wp-login.php" "Mozilla/5.0 (Macintosh; Intel Mac OS X 13_6_1) AppleWebKit/537.36 (KHTML, like Gecko) Chrome/118.0.0.0 Safari/537.36"
129.146.135.227 - - [15/Mar/2026:03:34:33 -0300] "GET /wp-admin/index.php HTTP/1.1" 200 177662 "https://bandeirantesbombas.com.br/wp-login.php" "Mozilla/5.0 (Macintosh; Intel Mac OS X 10_15_7; rv:120.0) Gecko/20100101 Firefox/120.0"
129.146.135.227 - - [15/Mar/2026:03:34:33 -0300] "GET /wp-admin/profile.php HTTP/1.1" 200 177662 "https://bandeirantesbombas.com.br/wp-login.php" "Mozilla/5.0 (Macintosh; Intel Mac OS X 10_15_7; rv:120.0) Gecko/20100101 Firefox/120.0"
129.146.135.227 - - [15/Mar/2026:03:34:34 -0300] "GET /wp-admin/edit.php HTTP/1.1" 200 177662 "https://bandeirantesbombas.com.br/wp-login.php" "Mozilla/5.0 (Macintosh; Intel Mac OS X 10_15_7; rv:120.0) Gecko/20100101 Firefox/120.0"
129.146.135.227 - - [15/Mar/2026:03:34:35 -0300] "GET /wp-admin/plugins.php HTTP/1.1" 200 177662 "https://bandeirantesbombas.com.br/wp-login.php" "Mozilla/5.0 (Macintosh; Intel Mac OS X 10_15_7; rv:120.0) Gecko/20100101 Firefox/120.0"
129.146.135.227 - - [15/Mar/2026:03:34:35 -0300] "POST /wp-login.php HTTP/1.1" 200 72780 "https://bandeirantesbombas.com.br/wp-login.php" "Mozilla/5.0 (Macintosh; Intel Mac OS X 10_15_7) AppleWebKit/605.1.15 (KHTML, like Gecko) Version/17.0 Safari/605.1.15"
129.146.135.227 - - [15/Mar/2026:03:34:36 -0300] "GET /wp-admin/index.php HTTP/1.1" 200 177662 "https://bandeirantesbombas.com.br/wp-login.php" "Mozilla/5.0 (Macintosh; Intel Mac OS X 10_15_7) AppleWebKit/605.1.15 (KHTML, like Gecko) Version/17.1 Safari/605.1.15"
129.146.135.227 - - [15/Mar/2026:03:34:37 -0300] "GET /wp-admin/profile.php HTTP/1.1" 200 177662 "https://bandeirantesbombas.com.br/wp-login.php" "Mozilla/5.0 (Macintosh; Intel Mac OS X 10_15_7) AppleWebKit/605.1.15 (KHTML, like Gecko) Version/17.1 Safari/605.1.15"
129.146.135.227 - - [15/Mar/2026:03:34:38 -0300] "GET /wp-admin/edit.php HTTP/1.1" 200 177662 "https://bandeirantesbombas.com.br/wp-login.php" "Mozilla/5.0 (Macintosh; Intel Mac OS X 10_15_7) AppleWebKit/605.1.15 (KHTML, like Gecko) Version/17.1 Safari/605.1.15"
129.146.135.227 - - [15/Mar/2026:03:34:39 -0300] "GET /wp-admin/plugins.php HTTP/1.1" 200 177662 "https://bandeirantesbombas.com.br/wp-login.php" "Mozilla/5.0 (Macintosh; Intel Mac OS X 10_15_7) AppleWebKit/605.1.15 (KHTML, like Gecko) Version/17.1 Safari/605.1.15"
129.146.135.227 - - [15/Mar/2026:03:34:40 -0300] "POST /wp-login.php HTTP/1.1" 200 72780 "https://bandeirantesbombas.com.br/wp-login.php" "Mozilla/5.0 (Macintosh; Intel Mac OS X 10_15_7; rv:118.0) Gecko/20100101 Firefox/118.0"
129.146.135.227 - - [15/Mar/2026:03:34:41 -0300] "GET /wp-admin/index.php HTTP/1.1" 200 177662 "https://bandeirantesbombas.com.br/wp-login.php" "Mozilla/5.0 (Macintosh; Intel Mac OS X 13_6_1; rv:121.0) Gecko/20100101 Firefox/121.0"
129.146.135.227 - - [15/Mar/2026:03:34:42 -0300] "GET /wp-admin/profile.php HTTP/1.1" 200 177662 "https://bandeirantesbombas.com.br/wp-login.php" "Mozilla/5.0 (Macintosh; Intel Mac OS X 13_6_1; rv:121.0) Gecko/20100101 Firefox/121.0"
129.146.135.227 - - [15/Mar/2026:03:34:43 -0300] "GET /wp-admin/edit.php HTTP/1.1" 200 177662 "https://bandeirantesbombas.com.br/wp-login.php" "Mozilla/5.0 (Macintosh; Intel Mac OS X 13_6_1; rv:121.0) Gecko/20100101 Firefox/121.0"
129.146.135.227 - - [15/Mar/2026:03:34:45 -0300] "GET /wp-admin/plugins.php HTTP/1.1" 200 177662 "https://bandeirantesbombas.com.br/wp-login.php" "Mozilla/5.0 (Macintosh; Intel Mac OS X 13_6_1; rv:121.0) Gecko/20100101 Firefox/121.0"
129.146.135.227 - - [15/Mar/2026:03:34:46 -0300] "POST /wp-login.php HTTP/1.1" 200 72780 "https://bandeirantesbombas.com.br/wp-login.php" "Mozilla/5.0 (Windows NT 11.0; Win64; x64) AppleWebKit/537.36 (KHTML, like Gecko) Chrome/120.0.0.0 Safari/537.36"
129.146.135.227 - - [15/Mar/2026:03:34:47 -0300] "GET /wp-admin/index.php HTTP/1.1" 200 177662 "https://bandeirantesbombas.com.br/wp-login.php" "Mozilla/5.0 (Macintosh; Intel Mac OS X 13_6_1) AppleWebKit/605.1.15 (KHTML, like Gecko) Version/17.0 Safari/605.1.15"
129.146.135.227 - - [15/Mar/2026:03:34:48 -0300] "GET /wp-admin/profile.php HTTP/1.1" 200 177662 "https://bandeirantesbombas.com.br/wp-login.php" "Mozilla/5.0 (Macintosh; Intel Mac OS X 13_6_1) AppleWebKit/605.1.15 (KHTML, like Gecko) Version/17.0 Safari/605.1.15"
129.146.135.227 - - [15/Mar/2026:03:34:49 -0300] "GET /wp-admin/edit.php HTTP/1.1" 200 177662 "https://bandeirantesbombas.com.br/wp-login.php" "Mozilla/5.0 (Macintosh; Intel Mac OS X 13_6_1) AppleWebKit/605.1.15 (KHTML, like Gecko) Version/17.0 Safari/605.1.15"
129.146.135.227 - - [15/Mar/2026:03:34:49 -0300] "GET /wp-admin/plugins.php HTTP/1.1" 200 177662 "https://bandeirantesbombas.com.br/wp-login.php" "Mozilla/5.0 (Macintosh; Intel Mac OS X 13_6_1) AppleWebKit/605.1.15 (KHTML, like Gecko) Version/17.0 Safari/605.1.15"
129.146.135.227 - - [15/Mar/2026:03:34:51 -0300] "POST /wp-login.php HTTP/1.1" 200 72780 "https://bandeirantesbombas.com.br/wp-login.php" "Mozilla/5.0 (Macintosh; Intel Mac OS X 10_15_7) AppleWebKit/537.36 (KHTML, like Gecko) Chrome/120.0.0.0 Safari/537.36"
129.146.135.227 - - [15/Mar/2026:03:34:54 -0300] "GET /wp-admin/index.php HTTP/1.1" 200 177662 "https://bandeirantesbombas.com.br/wp-login.php" "Mozilla/5.0 (Windows NT 10.0; Win64; x64) AppleWebKit/537.36 (KHTML, like Gecko) Chrome/121.0.0.0 Safari/537.36"
129.146.135.227 - - [15/Mar/2026:03:34:55 -0300] "GET /wp-admin/profile.php HTTP/1.1" 200 177662 "https://bandeirantesbombas.com.br/wp-login.php" "Mozilla/5.0 (Windows NT 10.0; Win64; x64) AppleWebKit/537.36 (KHTML, like Gecko) Chrome/121.0.0.0 Safari/537.36"
129.146.135.227 - - [15/Mar/2026:03:34:56 -0300] "GET /wp-admin/edit.php HTTP/1.1" 200 177662 "https://bandeirantesbombas.com.br/wp-login.php" "Mozilla/5.0 (Windows NT 10.0; Win64; x64) AppleWebKit/537.36 (KHTML, like Gecko) Chrome/121.0.0.0 Safari/537.36"
129.146.135.227 - - [15/Mar/2026:03:34:56 -0300] "GET /wp-admin/plugins.php HTTP/1.1" 200 177662 "https://bandeirantesbombas.com.br/wp-login.php" "Mozilla/5.0 (Windows NT 10.0; Win64; x64) AppleWebKit/537.36 (KHTML, like Gecko) Chrome/121.0.0.0 Safari/537.36"
129.146.135.227 - - [15/Mar/2026:03:34:57 -0300] "POST /wp-login.php HTTP/1.1" 200 72780 "https://bandeirantesbombas.com.br/wp-login.php" "Mozilla/5.0 (Macintosh; Intel Mac OS X 13_6_1) AppleWebKit/605.1.15 (KHTML, like Gecko) Version/17.1 Safari/605.1.15"
129.146.135.227 - - [15/Mar/2026:03:34:58 -0300] "GET /wp-admin/index.php HTTP/1.1" 200 177662 "https://bandeirantesbombas.com.br/wp-login.php" "Mozilla/5.0 (Macintosh; Intel Mac OS X 10_15_7) AppleWebKit/605.1.15 (KHTML, like Gecko) Version/17.1 Safari/605.1.15"
129.146.135.227 - - [15/Mar/2026:03:34:59 -0300] "GET /wp-admin/profile.php HTTP/1.1" 200 177662 "https://bandeirantesbombas.com.br/wp-login.php" "Mozilla/5.0 (Macintosh; Intel Mac OS X 10_15_7) AppleWebKit/605.1.15 (KHTML, like Gecko) Version/17.1 Safari/605.1.15"
129.146.135.227 - - [15/Mar/2026:03:34:59 -0300] "GET /wp-admin/edit.php HTTP/1.1" 200 177662 "https://bandeirantesbombas.com.br/wp-login.php" "Mozilla/5.0 (Macintosh; Intel Mac OS X 10_15_7) AppleWebKit/605.1.15 (KHTML, like Gecko) Version/17.1 Safari/605.1.15"
129.146.135.227 - - [15/Mar/2026:03:35:00 -0300] "GET /wp-admin/plugins.php HTTP/1.1" 200 177662 "https://bandeirantesbombas.com.br/wp-login.php" "Mozilla/5.0 (Macintosh; Intel Mac OS X 10_15_7) AppleWebKit/605.1.15 (KHTML, like Gecko) Version/17.1 Safari/605.1.15"
129.146.135.227 - - [15/Mar/2026:03:35:01 -0300] "POST /wp-login.php HTTP/1.1" 200 72780 "https://bandeirantesbombas.com.br/wp-login.php" "Mozilla/5.0 (Macintosh; Intel Mac OS X 13_6_1; rv:118.0) Gecko/20100101 Firefox/118.0"
129.146.135.227 - - [15/Mar/2026:03:35:02 -0300] "GET /wp-admin/index.php HTTP/1.1" 200 177662 "https://bandeirantesbombas.com.br/wp-login.php" "Mozilla/5.0 (Windows NT 11.0; Win64; x64; rv:121.0) Gecko/20100101 Firefox/121.0"
129.146.135.227 - - [15/Mar/2026:03:35:02 -0300] "GET /wp-admin/profile.php HTTP/1.1" 200 177662 "https://bandeirantesbombas.com.br/wp-login.php" "Mozilla/5.0 (Windows NT 11.0; Win64; x64; rv:121.0) Gecko/20100101 Firefox/121.0"
129.146.135.227 - - [15/Mar/2026:03:35:03 -0300] "GET /wp-admin/edit.php HTTP/1.1" 200 177662 "https://bandeirantesbombas.com.br/wp-login.php" "Mozilla/5.0 (Windows NT 11.0; Win64; x64; rv:121.0) Gecko/20100101 Firefox/121.0"
129.146.135.227 - - [15/Mar/2026:03:35:04 -0300] "GET /wp-admin/plugins.php HTTP/1.1" 200 177662 "https://bandeirantesbombas.com.br/wp-login.php" "Mozilla/5.0 (Windows NT 11.0; Win64; x64; rv:121.0) Gecko/20100101 Firefox/121.0"
129.146.135.227 - - [15/Mar/2026:03:35:04 -0300] "POST /wp-login.php HTTP/1.1" 200 72780 "https://bandeirantesbombas.com.br/wp-login.php" "Mozilla/5.0 (Macintosh; Intel Mac OS X 13_6_1) AppleWebKit/537.36 (KHTML, like Gecko) Chrome/119.0.0.0 Safari/537.36"
129.146.135.227 - - [15/Mar/2026:03:35:05 -0300] "GET /wp-admin/index.php HTTP/1.1" 200 177662 "https://bandeirantesbombas.com.br/wp-login.php" "Mozilla/5.0 (Macintosh; Intel Mac OS X 13_6_1; rv:118.0) Gecko/20100101 Firefox/118.0"
129.146.135.227 - - [15/Mar/2026:03:35:06 -0300] "GET /wp-admin/profile.php HTTP/1.1" 200 177662 "https://bandeirantesbombas.com.br/wp-login.php" "Mozilla/5.0 (Macintosh; Intel Mac OS X 13_6_1; rv:118.0) Gecko/20100101 Firefox/118.0"
129.146.135.227 - - [15/Mar/2026:03:35:07 -0300] "GET /wp-admin/edit.php HTTP/1.1" 200 177662 "https://bandeirantesbombas.com.br/wp-login.php" "Mozilla/5.0 (Macintosh; Intel Mac OS X 13_6_1; rv:118.0) Gecko/20100101 Firefox/118.0"
129.146.135.227 - - [15/Mar/2026:03:35:07 -0300] "GET /wp-admin/plugins.php HTTP/1.1" 200 177662 "https://bandeirantesbombas.com.br/wp-login.php" "Mozilla/5.0 (Macintosh; Intel Mac OS X 13_6_1; rv:118.0) Gecko/20100101 Firefox/118.0"
129.146.135.227 - - [15/Mar/2026:03:35:08 -0300] "POST /wp-login.php HTTP/1.1" 200 72780 "https://bandeirantesbombas.com.br/wp-login.php" "Mozilla/5.0 (Macintosh; Intel Mac OS X 10_15_7; rv:121.0) Gecko/20100101 Firefox/121.0"
129.146.135.227 - - [15/Mar/2026:03:35:09 -0300] "GET /wp-admin/index.php HTTP/1.1" 200 177662 "https://bandeirantesbombas.com.br/wp-login.php" "Mozilla/5.0 (Macintosh; Intel Mac OS X 10_15_7) AppleWebKit/605.1.15 (KHTML, like Gecko) Version/17.0 Safari/605.1.15"
129.146.135.227 - - [15/Mar/2026:03:35:10 -0300] "GET /wp-admin/profile.php HTTP/1.1" 200 177662 "https://bandeirantesbombas.com.br/wp-login.php" "Mozilla/5.0 (Macintosh; Intel Mac OS X 10_15_7) AppleWebKit/605.1.15 (KHTML, like Gecko) Version/17.0 Safari/605.1.15"
129.146.135.227 - - [15/Mar/2026:03:35:10 -0300] "GET /wp-admin/edit.php HTTP/1.1" 200 177662 "https://bandeirantesbombas.com.br/wp-login.php" "Mozilla/5.0 (Macintosh; Intel Mac OS X 10_15_7) AppleWebKit/605.1.15 (KHTML, like Gecko) Version/17.0 Safari/605.1.15"
129.146.135.227 - - [15/Mar/2026:03:35:12 -0300] "GET /wp-admin/plugins.php HTTP/1.1" 200 177662 "https://bandeirantesbombas.com.br/wp-login.php" "Mozilla/5.0 (Macintosh; Intel Mac OS X 10_15_7) AppleWebKit/605.1.15 (KHTML, like Gecko) Version/17.0 Safari/605.1.15"
129.146.135.227 - - [15/Mar/2026:03:35:13 -0300] "POST /wp-login.php HTTP/1.1" 403 199 "https://bandeirantesbombas.com.br/wp-login.php" "Mozilla/5.0 (X11; Linux x86_64) AppleWebKit/537.36 (KHTML, like Gecko) Chrome/121.0.0.0 Safari/537.36"
129.146.135.227 - - [15/Mar/2026:03:35:13 -0300] "GET /wp-admin/index.php HTTP/1.1" 200 177662 "https://bandeirantesbombas.com.br/wp-login.php" "Mozilla/5.0 (Windows NT 11.0; Win64; x64) AppleWebKit/537.36 (KHTML, like Gecko) Chrome/121.0.0.0 Safari/537.36"
129.146.135.227 - - [15/Mar/2026:03:35:14 -0300] "GET /wp-admin/profile.php HTTP/1.1" 200 177662 "https://bandeirantesbombas.com.br/wp-login.php" "Mozilla/5.0 (Windows NT 11.0; Win64; x64) AppleWebKit/537.36 (KHTML, like Gecko) Chrome/121.0.0.0 Safari/537.36"
129.146.135.227 - - [15/Mar/2026:03:35:15 -0300] "GET /wp-admin/edit.php HTTP/1.1" 200 177662 "https://bandeirantesbombas.com.br/wp-login.php" "Mozilla/5.0 (Windows NT 11.0; Win64; x64) AppleWebKit/537.36 (KHTML, like Gecko) Chrome/121.0.0.0 Safari/537.36"
141.98.11.23 - - [15/Mar/2026:03:35:15 -0300] "GET /wp-login.php HTTP/1.1" 200 299 "www.google.com" "Mozilla/5.0 (Windows NT 10.0; Win64; x64) AppleWebKit/537.36 (KHTML, like Gecko) Chrome/91.0.4472.124 Safari/537.36"
129.146.135.227 - - [15/Mar/2026:03:35:15 -0300] "GET /wp-admin/plugins.php HTTP/1.1" 200 177662 "https://bandeirantesbombas.com.br/wp-login.php" "Mozilla/5.0 (Windows NT 11.0; Win64; x64) AppleWebKit/537.36 (KHTML, like Gecko) Chrome/121.0.0.0 Safari/537.36"
141.98.11.23 - - [15/Mar/2026:03:35:16 -0300] "GET /wp-admin HTTP/1.1" 301 251 "www.google.com" "Mozilla/5.0 (Windows NT 10.0; Win64; x64) AppleWebKit/537.36 (KHTML, like Gecko) Chrome/91.0.4472.124 Safari/537.36"
129.146.135.227 - - [15/Mar/2026:03:35:16 -0300] "POST /wp-login.php HTTP/1.1" 200 72780 "https://bandeirantesbombas.com.br/wp-login.php" "Mozilla/5.0 (Macintosh; Intel Mac OS X 10_15_7; rv:121.0) Gecko/20100101 Firefox/121.0"
141.98.11.23 - - [15/Mar/2026:03:35:16 -0300] "GET /wp-admin/ HTTP/1.1" 200 177662 "www.google.com" "Mozilla/5.0 (Windows NT 10.0; Win64; x64) AppleWebKit/537.36 (KHTML, like Gecko) Chrome/91.0.4472.124 Safari/537.36"
129.146.135.227 - - [15/Mar/2026:03:35:17 -0300] "GET /wp-admin/index.php HTTP/1.1" 200 177662 "https://bandeirantesbombas.com.br/wp-login.php" "Mozilla/5.0 (Macintosh; Intel Mac OS X 13_6_1; rv:119.0) Gecko/20100101 Firefox/119.0"
141.98.11.23 - - [15/Mar/2026:03:35:17 -0300] "GET /wp-admin-login/ HTTP/1.1" 200 299 "www.google.com" "Mozilla/5.0 (Windows NT 10.0; Win64; x64) AppleWebKit/537.36 (KHTML, like Gecko) Chrome/91.0.4472.124 Safari/537.36"
129.146.135.227 - - [15/Mar/2026:03:35:18 -0300] "GET /wp-admin/profile.php HTTP/1.1" 200 177662 "https://bandeirantesbombas.com.br/wp-login.php" "Mozilla/5.0 (Macintosh; Intel Mac OS X 13_6_1; rv:119.0) Gecko/20100101 Firefox/119.0"
141.98.11.23 - - [15/Mar/2026:03:35:18 -0300] "GET /admin HTTP/1.1" 200 303 "www.google.com" "Mozilla/5.0 (Windows NT 10.0; Win64; x64) AppleWebKit/537.36 (KHTML, like Gecko) Chrome/91.0.4472.124 Safari/537.36"
129.146.135.227 - - [15/Mar/2026:03:35:18 -0300] "GET /wp-admin/edit.php HTTP/1.1" 200 177662 "https://bandeirantesbombas.com.br/wp-login.php" "Mozilla/5.0 (Macintosh; Intel Mac OS X 13_6_1; rv:119.0) Gecko/20100101 Firefox/119.0"
141.98.11.23 - - [15/Mar/2026:03:35:19 -0300] "GET /user HTTP/1.1" 200 299 "www.google.com" "Mozilla/5.0 (Windows NT 10.0; Win64; x64) AppleWebKit/537.36 (KHTML, like Gecko) Chrome/91.0.4472.124 Safari/537.36"
129.146.135.227 - - [15/Mar/2026:03:35:19 -0300] "GET /wp-admin/plugins.php HTTP/1.1" 200 177662 "https://bandeirantesbombas.com.br/wp-login.php" "Mozilla/5.0 (Macintosh; Intel Mac OS X 13_6_1; rv:119.0) Gecko/20100101 Firefox/119.0"
141.98.11.23 - - [15/Mar/2026:03:35:19 -0300] "GET /login HTTP/1.1" 200 303 "www.google.com" "Mozilla/5.0 (Windows NT 10.0; Win64; x64) AppleWebKit/537.36 (KHTML, like Gecko) Chrome/91.0.4472.124 Safari/537.36"
141.98.11.23 - - [15/Mar/2026:03:35:20 -0300] "GET /site/wp-login.php HTTP/1.1" 200 299 "www.google.com" "Mozilla/5.0 (Windows NT 10.0; Win64; x64) AppleWebKit/537.36 (KHTML, like Gecko) Chrome/91.0.4472.124 Safari/537.36"
129.146.135.227 - - [15/Mar/2026:03:35:20 -0300] "POST /wp-login.php HTTP/1.1" 200 72780 "https://bandeirantesbombas.com.br/wp-login.php" "Mozilla/5.0 (Macintosh; Intel Mac OS X 13_6_1) AppleWebKit/537.36 (KHTML, like Gecko) Chrome/121.0.0.0 Safari/537.36"
141.98.11.23 - - [15/Mar/2026:03:35:20 -0300] "GET /wp/wp-login.php HTTP/1.1" 200 301 "www.google.com" "Mozilla/5.0 (Windows NT 10.0; Win64; x64) AppleWebKit/537.36 (KHTML, like Gecko) Chrome/91.0.4472.124 Safari/537.36"
129.146.135.227 - - [15/Mar/2026:03:35:21 -0300] "GET /wp-admin/index.php HTTP/1.1" 200 177662 "https://bandeirantesbombas.com.br/wp-login.php" "Mozilla/5.0 (X11; Ubuntu; Linux x86_64) AppleWebKit/537.36 (KHTML, like Gecko) Chrome/119.0.0.0 Safari/537.36"
141.98.11.23 - - [15/Mar/2026:03:35:21 -0300] "GET /new/wp-login.php HTTP/1.1" 200 305 "www.google.com" "Mozilla/5.0 (Windows NT 10.0; Win64; x64) AppleWebKit/537.36 (KHTML, like Gecko) Chrome/91.0.4472.124 Safari/537.36"
141.98.11.23 - - [15/Mar/2026:03:35:21 -0300] "GET /wordpress/wp-login.php HTTP/1.1" 200 - "www.google.com" "Mozilla/5.0 (Windows NT 10.0; Win64; x64) AppleWebKit/537.36 (KHTML, like Gecko) Chrome/91.0.4472.124 Safari/537.36"
129.146.135.227 - - [15/Mar/2026:03:35:21 -0300] "GET /wp-admin/profile.php HTTP/1.1" 200 177662 "https://bandeirantesbombas.com.br/wp-login.php" "Mozilla/5.0 (X11; Ubuntu; Linux x86_64) AppleWebKit/537.36 (KHTML, like Gecko) Chrome/119.0.0.0 Safari/537.36"
141.98.11.23 - - [15/Mar/2026:03:35:22 -0300] "GET /blog/wp-login.php HTTP/1.1" 200 299 "www.google.com" "Mozilla/5.0 (Windows NT 10.0; Win64; x64) AppleWebKit/537.36 (KHTML, like Gecko) Chrome/91.0.4472.124 Safari/537.36"
129.146.135.227 - - [15/Mar/2026:03:35:22 -0300] "GET /wp-admin/edit.php HTTP/1.1" 200 177662 "https://bandeirantesbombas.com.br/wp-login.php" "Mozilla/5.0 (X11; Ubuntu; Linux x86_64) AppleWebKit/537.36 (KHTML, like Gecko) Chrome/119.0.0.0 Safari/537.36"
141.98.11.23 - - [15/Mar/2026:03:35:22 -0300] "POST /wp-login.php HTTP/1.1" 200 72780 "https://bandeirantesbombas.com.br/wp-admin/" "Mozilla/5.0 (Windows NT 10.0; Win64; x64) AppleWebKit/537.36 (KHTML, like Gecko) Chrome/91.0.4472.124 Safari/537.36"
129.146.135.227 - - [15/Mar/2026:03:35:23 -0300] "GET /wp-admin/plugins.php HTTP/1.1" 200 177662 "https://bandeirantesbombas.com.br/wp-login.php" "Mozilla/5.0 (X11; Ubuntu; Linux x86_64) AppleWebKit/537.36 (KHTML, like Gecko) Chrome/119.0.0.0 Safari/537.36"
69.197.179.242 - - [15/Mar/2026:03:33:53 -0300] "GET /wp-includes/imddc187/edit.php?id=212809 HTTP/1.1" 200 - "https://bandeirantesbombas.com.br/wp-includes/imddc187/edit.php?id=212809" "Mozilla/5.0 (Windows NT 10.0; Win64; x64) AppleWebKit/537.36 (KHTML, like Gecko) Chrome/58.0.3029.110 Safari/537.3"
141.98.11.23 - - [15/Mar/2026:03:35:24 -0300] "GET /wp-admin/ HTTP/1.1" 200 177662 "www.google.com" "Mozilla/5.0 (Windows NT 10.0; Win64; x64) AppleWebKit/537.36 (KHTML, like Gecko) Chrome/91.0.4472.124 Safari/537.36"
129.146.135.227 - - [15/Mar/2026:03:35:23 -0300] "POST /wp-login.php HTTP/1.1" 200 72780 "https://bandeirantesbombas.com.br/wp-login.php" "Mozilla/5.0 (Macintosh; Intel Mac OS X 13_6_1) AppleWebKit/605.1.15 (KHTML, like Gecko) Version/16.6 Safari/605.1.15"
129.146.135.227 - - [15/Mar/2026:03:35:24 -0300] "GET /wp-admin/index.php HTTP/1.1" 200 177662 "https://bandeirantesbombas.com.br/wp-login.php" "Mozilla/5.0 (Macintosh; Intel Mac OS X 13_6_1; rv:121.0) Gecko/20100101 Firefox/121.0"
129.146.135.227 - - [15/Mar/2026:03:35:25 -0300] "GET /wp-admin/profile.php HTTP/1.1" 200 177662 "https://bandeirantesbombas.com.br/wp-login.php" "Mozilla/5.0 (Macintosh; Intel Mac OS X 13_6_1; rv:121.0) Gecko/20100101 Firefox/121.0"
129.146.135.227 - - [15/Mar/2026:03:35:26 -0300] "GET /wp-admin/edit.php HTTP/1.1" 200 177662 "https://bandeirantesbombas.com.br/wp-login.php" "Mozilla/5.0 (Macintosh; Intel Mac OS X 13_6_1; rv:121.0) Gecko/20100101 Firefox/121.0"
129.146.135.227 - - [15/Mar/2026:03:35:27 -0300] "GET /wp-admin/plugins.php HTTP/1.1" 200 177662 "https://bandeirantesbombas.com.br/wp-login.php" "Mozilla/5.0 (Macintosh; Intel Mac OS X 13_6_1; rv:121.0) Gecko/20100101 Firefox/121.0"
141.98.11.23 - - [15/Mar/2026:03:35:26 -0300] "GET /wp-admin/plugin-install.php?tab=upload HTTP/1.1" 200 177662 "www.google.com" "Mozilla/5.0 (Windows NT 10.0; Win64; x64) AppleWebKit/537.36 (KHTML, like Gecko) Chrome/91.0.4472.124 Safari/537.36"
141.98.11.23 - - [15/Mar/2026:03:35:27 -0300] "GET /wp-admin/plugin-install.php?s=File+Manager&tab=search&type=term HTTP/1.1" 200 177662 "www.google.com" "Mozilla/5.0 (Windows NT 10.0; Win64; x64) AppleWebKit/537.36 (KHTML, like Gecko) Chrome/91.0.4472.124 Safari/537.36"
129.146.135.227 - - [15/Mar/2026:03:35:27 -0300] "POST /wp-login.php HTTP/1.1" 200 72780 "https://bandeirantesbombas.com.br/wp-login.php" "Mozilla/5.0 (Macintosh; Intel Mac OS X 13_6_1) AppleWebKit/605.1.15 (KHTML, like Gecko) Version/17.1 Safari/605.1.15"
129.146.135.227 - - [15/Mar/2026:03:35:28 -0300] "GET /wp-admin/index.php HTTP/1.1" 200 177662 "https://bandeirantesbombas.com.br/wp-login.php" "Mozilla/5.0 (Macintosh; Intel Mac OS X 13_6_1) AppleWebKit/537.36 (KHTML, like Gecko) Chrome/118.0.0.0 Safari/537.36"
129.146.135.227 - - [15/Mar/2026:03:35:29 -0300] "GET /wp-admin/profile.php HTTP/1.1" 200 177662 "https://bandeirantesbombas.com.br/wp-login.php" "Mozilla/5.0 (Macintosh; Intel Mac OS X 13_6_1) AppleWebKit/537.36 (KHTML, like Gecko) Chrome/118.0.0.0 Safari/537.36"
141.98.11.23 - - [15/Mar/2026:03:35:29 -0300] "GET /wp-admin/theme-editor.php?file=404.php HTTP/1.1" 200 177662 "www.google.com" "Mozilla/5.0 (Windows NT 10.0; Win64; x64) AppleWebKit/537.36 (KHTML, like Gecko) Chrome/91.0.4472.124 Safari/537.36"
129.146.135.227 - - [15/Mar/2026:03:35:29 -0300] "GET /wp-admin/edit.php HTTP/1.1" 200 177662 "https://bandeirantesbombas.com.br/wp-login.php" "Mozilla/5.0 (Macintosh; Intel Mac OS X 13_6_1) AppleWebKit/537.36 (KHTML, like Gecko) Chrome/118.0.0.0 Safari/537.36"
141.98.11.23 - - [15/Mar/2026:03:35:30 -0300] "GET /wp-admin/plugin-install.php?tab=upload HTTP/1.1" 200 177662 "www.google.com" "Mozilla/5.0 (Windows NT 10.0; Win64; x64) AppleWebKit/537.36 (KHTML, like Gecko) Chrome/91.0.4472.124 Safari/537.36"
129.146.135.227 - - [15/Mar/2026:03:35:30 -0300] "GET /wp-admin/plugins.php HTTP/1.1" 200 177662 "https://bandeirantesbombas.com.br/wp-login.php" "Mozilla/5.0 (Macintosh; Intel Mac OS X 13_6_1) AppleWebKit/537.36 (KHTML, like Gecko) Chrome/118.0.0.0 Safari/537.36"
141.98.11.23 - - [15/Mar/2026:03:35:30 -0300] "GET /wp-admin/theme-editor.php?file=404.php HTTP/1.1" 200 177662 "www.google.com" "Mozilla/5.0 (Windows NT 10.0; Win64; x64) AppleWebKit/537.36 (KHTML, like Gecko) Chrome/91.0.4472.124 Safari/537.36"
129.146.135.227 - - [15/Mar/2026:03:35:31 -0300] "POST /wp-login.php HTTP/1.1" 200 72780 "https://bandeirantesbombas.com.br/wp-login.php" "Mozilla/5.0 (Macintosh; Intel Mac OS X 10_15_7; rv:121.0) Gecko/20100101 Firefox/121.0"
129.146.135.227 - - [15/Mar/2026:03:35:32 -0300] "GET /wp-admin/index.php HTTP/1.1" 200 177662 "https://bandeirantesbombas.com.br/wp-login.php" "Mozilla/5.0 (Windows NT 10.0; Win64; x64; rv:121.0) Gecko/20100101 Firefox/121.0"
129.146.135.227 - - [15/Mar/2026:03:35:33 -0300] "GET /wp-admin/profile.php HTTP/1.1" 200 177662 "https://bandeirantesbombas.com.br/wp-login.php" "Mozilla/5.0 (Windows NT 10.0; Win64; x64; rv:121.0) Gecko/20100101 Firefox/121.0"
129.146.135.227 - - [15/Mar/2026:03:35:33 -0300] "GET /wp-admin/edit.php HTTP/1.1" 200 177662 "https://bandeirantesbombas.com.br/wp-login.php" "Mozilla/5.0 (Windows NT 10.0; Win64; x64; rv:121.0) Gecko/20100101 Firefox/121.0"
129.146.135.227 - - [15/Mar/2026:03:35:34 -0300] "GET /wp-admin/plugins.php HTTP/1.1" 200 177662 "https://bandeirantesbombas.com.br/wp-login.php" "Mozilla/5.0 (Windows NT 10.0; Win64; x64; rv:121.0) Gecko/20100101 Firefox/121.0"
129.146.135.227 - - [15/Mar/2026:03:35:35 -0300] "POST /wp-login.php HTTP/1.1" 200 72780 "https://bandeirantesbombas.com.br/wp-login.php" "Mozilla/5.0 (X11; Ubuntu; Linux x86_64) AppleWebKit/537.36 (KHTML, like Gecko) Chrome/119.0.0.0 Safari/537.36"
129.146.135.227 - - [15/Mar/2026:03:35:35 -0300] "GET /wp-admin/index.php HTTP/1.1" 200 177662 "https://bandeirantesbombas.com.br/wp-login.php" "Mozilla/5.0 (Windows NT 11.0; Win64; x64; rv:119.0) Gecko/20100101 Firefox/119.0"
129.146.135.227 - - [15/Mar/2026:03:35:36 -0300] "GET /wp-admin/profile.php HTTP/1.1" 200 177662 "https://bandeirantesbombas.com.br/wp-login.php" "Mozilla/5.0 (Windows NT 11.0; Win64; x64; rv:119.0) Gecko/20100101 Firefox/119.0"
129.146.135.227 - - [15/Mar/2026:03:35:37 -0300] "GET /wp-admin/edit.php HTTP/1.1" 200 177662 "https://bandeirantesbombas.com.br/wp-login.php" "Mozilla/5.0 (Windows NT 11.0; Win64; x64; rv:119.0) Gecko/20100101 Firefox/119.0"
129.146.135.227 - - [15/Mar/2026:03:35:37 -0300] "GET /wp-admin/plugins.php HTTP/1.1" 200 177662 "https://bandeirantesbombas.com.br/wp-login.php" "Mozilla/5.0 (Windows NT 11.0; Win64; x64; rv:119.0) Gecko/20100101 Firefox/119.0"
129.146.135.227 - - [15/Mar/2026:03:35:38 -0300] "POST /wp-login.php HTTP/1.1" 200 72780 "https://bandeirantesbombas.com.br/wp-login.php" "Mozilla/5.0 (Macintosh; Intel Mac OS X 10_15_7; rv:118.0) Gecko/20100101 Firefox/118.0"
129.146.135.227 - - [15/Mar/2026:03:35:39 -0300] "GET /wp-admin/index.php HTTP/1.1" 200 177662 "https://bandeirantesbombas.com.br/wp-login.php" "Mozilla/5.0 (Windows NT 11.0; Win64; x64) AppleWebKit/537.36 (KHTML, like Gecko) Chrome/119.0.0.0 Safari/537.36"
129.146.135.227 - - [15/Mar/2026:03:35:40 -0300] "GET /wp-admin/profile.php HTTP/1.1" 200 177662 "https://bandeirantesbombas.com.br/wp-login.php" "Mozilla/5.0 (Windows NT 11.0; Win64; x64) AppleWebKit/537.36 (KHTML, like Gecko) Chrome/119.0.0.0 Safari/537.36"
129.146.135.227 - - [15/Mar/2026:03:35:40 -0300] "GET /wp-admin/edit.php HTTP/1.1" 200 177662 "https://bandeirantesbombas.com.br/wp-login.php" "Mozilla/5.0 (Windows NT 11.0; Win64; x64) AppleWebKit/537.36 (KHTML, like Gecko) Chrome/119.0.0.0 Safari/537.36"
129.146.135.227 - - [15/Mar/2026:03:35:41 -0300] "GET /wp-admin/plugins.php HTTP/1.1" 200 177662 "https://bandeirantesbombas.com.br/wp-login.php" "Mozilla/5.0 (Windows NT 11.0; Win64; x64) AppleWebKit/537.36 (KHTML, like Gecko) Chrome/119.0.0.0 Safari/537.36"
129.146.135.227 - - [15/Mar/2026:03:35:42 -0300] "POST /wp-login.php HTTP/1.1" 200 72780 "https://bandeirantesbombas.com.br/wp-login.php" "Mozilla/5.0 (X11; Ubuntu; Linux x86_64) AppleWebKit/537.36 (KHTML, like Gecko) Chrome/118.0.0.0 Safari/537.36"
129.146.135.227 - - [15/Mar/2026:03:35:43 -0300] "GET /wp-admin/index.php HTTP/1.1" 200 177662 "https://bandeirantesbombas.com.br/wp-login.php" "Mozilla/5.0 (Macintosh; Intel Mac OS X 10_15_7) AppleWebKit/537.36 (KHTML, like Gecko) Chrome/118.0.0.0 Safari/537.36"
129.146.135.227 - - [15/Mar/2026:03:35:44 -0300] "GET /wp-admin/profile.php HTTP/1.1" 200 177662 "https://bandeirantesbombas.com.br/wp-login.php" "Mozilla/5.0 (Macintosh; Intel Mac OS X 10_15_7) AppleWebKit/537.36 (KHTML, like Gecko) Chrome/118.0.0.0 Safari/537.36"
129.146.135.227 - - [15/Mar/2026:03:35:44 -0300] "GET /wp-admin/edit.php HTTP/1.1" 200 177662 "https://bandeirantesbombas.com.br/wp-login.php" "Mozilla/5.0 (Macintosh; Intel Mac OS X 10_15_7) AppleWebKit/537.36 (KHTML, like Gecko) Chrome/118.0.0.0 Safari/537.36"
129.146.135.227 - - [15/Mar/2026:03:35:45 -0300] "GET /wp-admin/plugins.php HTTP/1.1" 200 177662 "https://bandeirantesbombas.com.br/wp-login.php" "Mozilla/5.0 (Macintosh; Intel Mac OS X 10_15_7) AppleWebKit/537.36 (KHTML, like Gecko) Chrome/118.0.0.0 Safari/537.36"
129.146.135.227 - - [15/Mar/2026:03:35:46 -0300] "POST /wp-login.php HTTP/1.1" 200 72780 "https://bandeirantesbombas.com.br/wp-login.php" "Mozilla/5.0 (Windows NT 10.0; Win64; x64; rv:119.0) Gecko/20100101 Firefox/119.0"
129.146.135.227 - - [15/Mar/2026:03:35:47 -0300] "GET /wp-admin/index.php HTTP/1.1" 200 177662 "https://bandeirantesbombas.com.br/wp-login.php" "Mozilla/5.0 (Windows NT 10.0; Win64; x64) AppleWebKit/537.36 (KHTML, like Gecko) Chrome/121.0.0.0 Safari/537.36"
129.146.135.227 - - [15/Mar/2026:03:35:47 -0300] "GET /wp-admin/profile.php HTTP/1.1" 200 177662 "https://bandeirantesbombas.com.br/wp-login.php" "Mozilla/5.0 (Windows NT 10.0; Win64; x64) AppleWebKit/537.36 (KHTML, like Gecko) Chrome/121.0.0.0 Safari/537.36"
129.146.135.227 - - [15/Mar/2026:03:35:48 -0300] "GET /wp-admin/edit.php HTTP/1.1" 200 177662 "https://bandeirantesbombas.com.br/wp-login.php" "Mozilla/5.0 (Windows NT 10.0; Win64; x64) AppleWebKit/537.36 (KHTML, like Gecko) Chrome/121.0.0.0 Safari/537.36"
129.146.135.227 - - [15/Mar/2026:03:35:49 -0300] "GET /wp-admin/plugins.php HTTP/1.1" 200 177662 "https://bandeirantesbombas.com.br/wp-login.php" "Mozilla/5.0 (Windows NT 10.0; Win64; x64) AppleWebKit/537.36 (KHTML, like Gecko) Chrome/121.0.0.0 Safari/537.36"
129.146.135.227 - - [15/Mar/2026:03:35:49 -0300] "POST /wp-login.php HTTP/1.1" 200 72780 "https://bandeirantesbombas.com.br/wp-login.php" "Mozilla/5.0 (Macintosh; Intel Mac OS X 10_15_7) AppleWebKit/537.36 (KHTML, like Gecko) Chrome/118.0.0.0 Safari/537.36"
129.146.135.227 - - [15/Mar/2026:03:35:50 -0300] "GET /wp-admin/index.php HTTP/1.1" 200 177662 "https://bandeirantesbombas.com.br/wp-login.php" "Mozilla/5.0 (Macintosh; Intel Mac OS X 10_15_7; rv:121.0) Gecko/20100101 Firefox/121.0"
129.146.135.227 - - [15/Mar/2026:03:35:51 -0300] "GET /wp-admin/profile.php HTTP/1.1" 200 177662 "https://bandeirantesbombas.com.br/wp-login.php" "Mozilla/5.0 (Macintosh; Intel Mac OS X 10_15_7; rv:121.0) Gecko/20100101 Firefox/121.0"
129.146.135.227 - - [15/Mar/2026:03:35:52 -0300] "GET /wp-admin/edit.php HTTP/1.1" 200 177662 "https://bandeirantesbombas.com.br/wp-login.php" "Mozilla/5.0 (Macintosh; Intel Mac OS X 10_15_7; rv:121.0) Gecko/20100101 Firefox/121.0"
129.146.135.227 - - [15/Mar/2026:03:35:52 -0300] "GET /wp-admin/plugins.php HTTP/1.1" 200 177662 "https://bandeirantesbombas.com.br/wp-login.php" "Mozilla/5.0 (Macintosh; Intel Mac OS X 10_15_7; rv:121.0) Gecko/20100101 Firefox/121.0"
129.146.135.227 - - [15/Mar/2026:03:35:56 -0300] "POST /wp-login.php HTTP/1.1" 200 72780 "https://bandeirantesbombas.com.br/wp-login.php" "Mozilla/5.0 (Macintosh; Intel Mac OS X 10_15_7) AppleWebKit/605.1.15 (KHTML, like Gecko) Version/17.1 Safari/605.1.15"
129.146.135.227 - - [15/Mar/2026:03:35:57 -0300] "GET /wp-admin/index.php HTTP/1.1" 200 177662 "https://bandeirantesbombas.com.br/wp-login.php" "Mozilla/5.0 (Macintosh; Intel Mac OS X 10_15_7; rv:120.0) Gecko/20100101 Firefox/120.0"
129.146.135.227 - - [15/Mar/2026:03:35:57 -0300] "GET /wp-admin/profile.php HTTP/1.1" 200 177662 "https://bandeirantesbombas.com.br/wp-login.php" "Mozilla/5.0 (Macintosh; Intel Mac OS X 10_15_7; rv:120.0) Gecko/20100101 Firefox/120.0"
129.146.135.227 - - [15/Mar/2026:03:35:58 -0300] "GET /wp-admin/edit.php HTTP/1.1" 200 177662 "https://bandeirantesbombas.com.br/wp-login.php" "Mozilla/5.0 (Macintosh; Intel Mac OS X 10_15_7; rv:120.0) Gecko/20100101 Firefox/120.0"
74.7.244.31 - - [15/Mar/2026:03:35:59 -0300] "GET /robots.txt HTTP/1.1" 403 199 "-" "Mozilla/5.0 (Macintosh; Intel Mac OS X 10_15_7) AppleWebKit/537.36 (KHTML, like Gecko) Chrome/131.0.0.0 Safari/537.36; compatible; OAI-SearchBot/1.3; robots.txt; +https://openai.com/searchbot"
129.146.135.227 - - [15/Mar/2026:03:35:59 -0300] "GET /wp-admin/plugins.php HTTP/1.1" 200 177662 "https://bandeirantesbombas.com.br/wp-login.php" "Mozilla/5.0 (Macintosh; Intel Mac OS X 10_15_7; rv:120.0) Gecko/20100101 Firefox/120.0"
129.146.135.227 - - [15/Mar/2026:03:35:59 -0300] "POST /wp-login.php HTTP/1.1" 200 72780 "https://bandeirantesbombas.com.br/wp-login.php" "Mozilla/5.0 (Windows NT 10.0; Win64; x64) AppleWebKit/537.36 (KHTML, like Gecko) Chrome/121.0.0.0 Safari/537.36"
129.146.135.227 - - [15/Mar/2026:03:36:00 -0300] "GET /wp-admin/index.php HTTP/1.1" 200 177662 "https://bandeirantesbombas.com.br/wp-login.php" "Mozilla/5.0 (Macintosh; Intel Mac OS X 10_15_7; rv:119.0) Gecko/20100101 Firefox/119.0"
129.146.135.227 - - [15/Mar/2026:03:36:01 -0300] "GET /wp-admin/profile.php HTTP/1.1" 200 177662 "https://bandeirantesbombas.com.br/wp-login.php" "Mozilla/5.0 (Macintosh; Intel Mac OS X 10_15_7; rv:119.0) Gecko/20100101 Firefox/119.0"
129.146.135.227 - - [15/Mar/2026:03:36:02 -0300] "GET /wp-admin/edit.php HTTP/1.1" 200 177662 "https://bandeirantesbombas.com.br/wp-login.php" "Mozilla/5.0 (Macintosh; Intel Mac OS X 10_15_7; rv:119.0) Gecko/20100101 Firefox/119.0"
129.146.135.227 - - [15/Mar/2026:03:36:03 -0300] "GET /wp-admin/plugins.php HTTP/1.1" 200 177662 "https://bandeirantesbombas.com.br/wp-login.php" "Mozilla/5.0 (Macintosh; Intel Mac OS X 10_15_7; rv:119.0) Gecko/20100101 Firefox/119.0"
129.146.135.227 - - [15/Mar/2026:03:36:04 -0300] "POST /wp-login.php HTTP/1.1" 403 199 "https://bandeirantesbombas.com.br/wp-login.php" "Mozilla/5.0 (X11; Linux x86_64) AppleWebKit/537.36 (KHTML, like Gecko) Chrome/121.0.0.0 Safari/537.36"
129.146.135.227 - - [15/Mar/2026:03:36:04 -0300] "GET /wp-admin/index.php HTTP/1.1" 200 177662 "https://bandeirantesbombas.com.br/wp-login.php" "Mozilla/5.0 (Macintosh; Intel Mac OS X 10_15_7) AppleWebKit/605.1.15 (KHTML, like Gecko) Version/16.6 Safari/605.1.15"
129.146.135.227 - - [15/Mar/2026:03:36:05 -0300] "GET /wp-admin/profile.php HTTP/1.1" 200 177662 "https://bandeirantesbombas.com.br/wp-login.php" "Mozilla/5.0 (Macintosh; Intel Mac OS X 10_15_7) AppleWebKit/605.1.15 (KHTML, like Gecko) Version/16.6 Safari/605.1.15"
129.146.135.227 - - [15/Mar/2026:03:36:05 -0300] "GET /wp-admin/edit.php HTTP/1.1" 200 177662 "https://bandeirantesbombas.com.br/wp-login.php" "Mozilla/5.0 (Macintosh; Intel Mac OS X 10_15_7) AppleWebKit/605.1.15 (KHTML, like Gecko) Version/16.6 Safari/605.1.15"
129.146.135.227 - - [15/Mar/2026:03:36:06 -0300] "GET /wp-admin/plugins.php HTTP/1.1" 200 177662 "https://bandeirantesbombas.com.br/wp-login.php" "Mozilla/5.0 (Macintosh; Intel Mac OS X 10_15_7) AppleWebKit/605.1.15 (KHTML, like Gecko) Version/16.6 Safari/605.1.15"
129.146.135.227 - - [15/Mar/2026:03:36:07 -0300] "POST /wp-login.php HTTP/1.1" 200 72780 "https://bandeirantesbombas.com.br/wp-login.php" "Mozilla/5.0 (Macintosh; Intel Mac OS X 10_15_7) AppleWebKit/605.1.15 (KHTML, like Gecko) Version/17.2 Safari/605.1.15"
129.146.135.227 - - [15/Mar/2026:03:36:08 -0300] "GET /wp-admin/index.php HTTP/1.1" 200 177662 "https://bandeirantesbombas.com.br/wp-login.php" "Mozilla/5.0 (Windows NT 10.0; Win64; x64) AppleWebKit/537.36 (KHTML, like Gecko) Chrome/119.0.0.0 Safari/537.36"
129.146.135.227 - - [15/Mar/2026:03:36:09 -0300] "GET /wp-admin/profile.php HTTP/1.1" 200 177662 "https://bandeirantesbombas.com.br/wp-login.php" "Mozilla/5.0 (Windows NT 10.0; Win64; x64) AppleWebKit/537.36 (KHTML, like Gecko) Chrome/119.0.0.0 Safari/537.36"
129.146.135.227 - - [15/Mar/2026:03:36:09 -0300] "GET /wp-admin/edit.php HTTP/1.1" 200 177662 "https://bandeirantesbombas.com.br/wp-login.php" "Mozilla/5.0 (Windows NT 10.0; Win64; x64) AppleWebKit/537.36 (KHTML, like Gecko) Chrome/119.0.0.0 Safari/537.36"
129.146.135.227 - - [15/Mar/2026:03:36:10 -0300] "GET /wp-admin/plugins.php HTTP/1.1" 200 177662 "https://bandeirantesbombas.com.br/wp-login.php" "Mozilla/5.0 (Windows NT 10.0; Win64; x64) AppleWebKit/537.36 (KHTML, like Gecko) Chrome/119.0.0.0 Safari/537.36"
129.146.135.227 - - [15/Mar/2026:03:36:12 -0300] "POST /wp-login.php HTTP/1.1" 200 72780 "https://bandeirantesbombas.com.br/wp-login.php" "Mozilla/5.0 (Macintosh; Intel Mac OS X 10_15_7; rv:119.0) Gecko/20100101 Firefox/119.0"
129.146.135.227 - - [15/Mar/2026:03:36:13 -0300] "GET /wp-admin/index.php HTTP/1.1" 200 177662 "https://bandeirantesbombas.com.br/wp-login.php" "Mozilla/5.0 (Macintosh; Intel Mac OS X 10_15_7) AppleWebKit/605.1.15 (KHTML, like Gecko) Version/16.6 Safari/605.1.15"
129.146.135.227 - - [15/Mar/2026:03:36:14 -0300] "GET /wp-admin/profile.php HTTP/1.1" 200 177662 "https://bandeirantesbombas.com.br/wp-login.php" "Mozilla/5.0 (Macintosh; Intel Mac OS X 10_15_7) AppleWebKit/605.1.15 (KHTML, like Gecko) Version/16.6 Safari/605.1.15"
129.146.135.227 - - [15/Mar/2026:03:36:14 -0300] "GET /wp-admin/edit.php HTTP/1.1" 200 177662 "https://bandeirantesbombas.com.br/wp-login.php" "Mozilla/5.0 (Macintosh; Intel Mac OS X 10_15_7) AppleWebKit/605.1.15 (KHTML, like Gecko) Version/16.6 Safari/605.1.15"
129.146.135.227 - - [15/Mar/2026:03:36:15 -0300] "GET /wp-admin/plugins.php HTTP/1.1" 200 177662 "https://bandeirantesbombas.com.br/wp-login.php" "Mozilla/5.0 (Macintosh; Intel Mac OS X 10_15_7) AppleWebKit/605.1.15 (KHTML, like Gecko) Version/16.6 Safari/605.1.15"
129.146.135.227 - - [15/Mar/2026:03:36:15 -0300] "POST /wp-login.php HTTP/1.1" 200 72780 "https://bandeirantesbombas.com.br/wp-login.php" "Mozilla/5.0 (Windows NT 10.0; Win64; x64) AppleWebKit/537.36 (KHTML, like Gecko) Chrome/118.0.0.0 Safari/537.36"
129.146.135.227 - - [15/Mar/2026:03:36:17 -0300] "GET /wp-admin/index.php HTTP/1.1" 200 177662 "https://bandeirantesbombas.com.br/wp-login.php" "Mozilla/5.0 (X11; Linux x86_64) AppleWebKit/537.36 (KHTML, like Gecko) Chrome/119.0.0.0 Safari/537.36"
129.146.135.227 - - [15/Mar/2026:03:36:18 -0300] "GET /wp-admin/profile.php HTTP/1.1" 200 177662 "https://bandeirantesbombas.com.br/wp-login.php" "Mozilla/5.0 (X11; Linux x86_64) AppleWebKit/537.36 (KHTML, like Gecko) Chrome/119.0.0.0 Safari/537.36"
